{"id":1088,"date":"2024-10-24T09:49:19","date_gmt":"2024-10-24T07:49:19","guid":{"rendered":"https:\/\/agora.xtec.cat\/escmusica-garrigues\/?page_id=1088"},"modified":"2025-10-24T12:42:33","modified_gmt":"2025-10-24T10:42:33","slug":"informacio-general","status":"publish","type":"page","link":"https:\/\/agora.xtec.cat\/escmusica-garrigues\/informacio-general\/","title":{"rendered":"Informaci\u00f3 General"},"content":{"rendered":"<p><strong>CALENDARI ESCOLAR. <\/strong><\/p>\n<p>El calendari escolar pel curs 2025-2026 queda establert pel Departament d&#8217;ensenyament de la Generalitat de Catalunya i \u00e9s el seg\u00fcent:<\/p>\n<p>Inici de les classes: dia 15 de setembre de 2025.<\/p>\n<p>Acabament de les Classes: dia 19 de juny de 2026.<\/p>\n<p>&nbsp;<\/p>\n<p><strong>VACANCES:<\/strong><\/p>\n<p><strong>Nadal<\/strong>: del 20 de desembre de 2025 fins al 7 de gener de 2026. (ambd\u00f3s inclosos)<\/p>\n<p><strong>Setmana Santa:<\/strong> del 28 de mar\u00e7 del 2026 al 6 d&#8217;abril de 2026.<\/p>\n<p><strong>Dies festius<\/strong>:<\/p>\n<p>12 d&#8217;octubre de 2025<\/p>\n<p>1 de novembre de 2025<\/p>\n<p>6 de desembre de 2025<\/p>\n<p>8 de desembre de 2025<\/p>\n<p>1 de maig de 2026<\/p>\n<p>&nbsp;<\/p>\n<p><strong>Dies de lliure disposici\u00f3<\/strong>:<\/p>\n<p>31 d&#8217;octubre de 2025<\/p>\n<p>13 de febrer de 2026<\/p>\n<p>16 de febrer de 2026<\/p>\n<p>4 maig de 2026<\/p>\n<p>&nbsp;<\/p>\n<p><strong>PERSONAL DOCENT: <\/strong><\/p>\n<p><strong>EQUIP DIRECTIU:<\/strong><\/p>\n<p>Directora: N\u00faria Bresol\u00ed Vall\u00e8s<\/p>\n<p>Cap d&#8217;estudis: S\u00f2nia Tost Casamitjana.<\/p>\n<p>Secretari Acad\u00e8mic: Gerard Nadal S\u00e1nchez.<\/p>\n<p>&nbsp;<\/p>\n<p><strong>PLANTILLA DE PROFESSORS DE L&#8217;ESCOLA: <\/strong><\/p>\n<p><b>DEPARTAMENT DE LLENGUATGE\u00a0 \u00a0 \u00a0 \u00a0 \u00a0 \u00a0 \u00a0 \u00a0 \u00a0 \u00a0 \u00a0 \u00a0 \u00a0 \u00a0 \u00a0 \u00a0 \u00a0 \u00a0 DEPARTAMENT DE GUITARRA<\/b><\/p>\n<p><span style=\"font-weight: 400;\">Gerard Nadal (Cap de dep.)\u00a0 \u00a0 \u00a0 \u00a0 \u00a0 \u00a0 \u00a0 \u00a0 \u00a0 \u00a0 \u00a0 \u00a0 \u00a0 \u00a0 \u00a0 \u00a0 \u00a0 \u00a0 \u00a0 \u00a0 \u00a0 \u00a0 \u00a0 \u00a0 \u00a0 \u00a0Rita Casanovas (Cap de dep)<\/span><\/p>\n<p><span style=\"font-weight: 400;\">N\u00faria Bresol\u00ed <\/span> <span style=\"font-weight: 400;\">\u00a0 \u00a0 \u00a0 \u00a0 \u00a0 \u00a0 \u00a0 \u00a0 \u00a0 \u00a0 \u00a0 \u00a0 \u00a0 \u00a0 \u00a0 \u00a0 \u00a0 \u00a0 \u00a0 \u00a0 \u00a0 \u00a0 \u00a0 \u00a0 \u00a0 \u00a0 \u00a0 \u00a0 \u00a0 \u00a0 \u00a0 \u00a0 \u00a0 \u00a0 \u00a0 \u00a0 \u00a0Javi Ruiz (Guitarra el\u00e8ctrica)\u00a0<\/span><\/p>\n<p><span style=\"font-weight: 400;\">Marcel Fabregat<\/span><\/p>\n<p><span style=\"font-weight: 400;\">Laura Juanco<\/span><\/p>\n<p><span style=\"font-weight: 400;\">Blanca Juli\u00e0<\/span><\/p>\n<p><span style=\"font-weight: 400;\">Maria Cristina Pascual<\/span> <span style=\"font-weight: 400;\">\u00a0 \u00a0 \u00a0 \u00a0 \u00a0 \u00a0 \u00a0 \u00a0 \u00a0 \u00a0 \u00a0 \u00a0 \u00a0 \u00a0 \u00a0 \u00a0 \u00a0 \u00a0 \u00a0 \u00a0 \u00a0 \u00a0 \u00a0 \u00a0 \u00a0 \u00a0 \u00a0 \u00a0 <\/span><b>DEPARTAMENT DE COR:\u00a0<\/b><\/p>\n<p><span style=\"font-weight: 400;\">Raquel Peremart\u00ed<\/span> <span style=\"font-weight: 400;\">\u00a0 \u00a0 \u00a0 \u00a0 \u00a0 \u00a0 \u00a0 \u00a0 \u00a0 \u00a0 \u00a0 \u00a0 \u00a0 \u00a0 \u00a0 \u00a0 \u00a0 \u00a0 \u00a0 \u00a0 \u00a0 \u00a0 \u00a0 \u00a0 \u00a0 \u00a0 \u00a0 \u00a0 \u00a0 \u00a0 \u00a0 \u00a0 Blanca Juli\u00e0 (Cap de dep. )\u00a0<\/span><\/p>\n<p><span style=\"font-weight: 400;\">Maite Pi\u00f1ol <\/span> <span style=\"font-weight: 400;\">\u00a0 \u00a0 \u00a0 \u00a0 \u00a0 \u00a0 \u00a0 \u00a0 \u00a0 \u00a0 \u00a0 \u00a0 \u00a0 \u00a0 \u00a0 \u00a0 \u00a0 \u00a0 \u00a0 \u00a0 \u00a0 \u00a0 \u00a0 \u00a0 \u00a0 \u00a0 \u00a0 \u00a0 \u00a0 \u00a0 \u00a0 \u00a0 \u00a0 \u00a0 \u00a0 \u00a0 \u00a0 \u00a0N\u00faria Bresol\u00ed<\/span><\/p>\n<p><span style=\"font-weight: 400;\">Jaume Sanchis <\/span> <span style=\"font-weight: 400;\">\u00a0 \u00a0 \u00a0 \u00a0 \u00a0 \u00a0 \u00a0 \u00a0 \u00a0 \u00a0 \u00a0 \u00a0 \u00a0 \u00a0 \u00a0 \u00a0 \u00a0 \u00a0 \u00a0 \u00a0 \u00a0 \u00a0 \u00a0 \u00a0 \u00a0 \u00a0 \u00a0 \u00a0 \u00a0 \u00a0 \u00a0 \u00a0 \u00a0 \u00a0 Raquel Peremart\u00ed<\/span><\/p>\n<p><span style=\"font-weight: 400;\">Marta Sol\u00e0<\/span><\/p>\n<p><span style=\"font-weight: 400;\">Meritxell Vidal<\/span><\/p>\n<p><span style=\"font-weight: 400;\">Jordi Vi\u00f1es<\/span><\/p>\n<p>&nbsp;<\/p>\n<p><b>DEPARTAMENT DE PIANO: <\/b> <b>\u00a0 \u00a0 \u00a0 \u00a0 \u00a0 \u00a0 \u00a0 \u00a0 \u00a0 \u00a0 \u00a0 \u00a0 \u00a0 \u00a0 \u00a0 \u00a0 \u00a0 \u00a0 \u00a0 \u00a0 \u00a0 \u00a0 \u00a0DEPARTAMENT DE VENT<\/b><\/p>\n<p><span style=\"font-weight: 400;\">Maria Cristina Pascual (cap de dep.)<\/span> <span style=\"font-weight: 400;\">\u00a0 \u00a0 \u00a0 \u00a0 \u00a0 \u00a0 \u00a0 \u00a0 \u00a0 \u00a0 \u00a0 \u00a0 \u00a0 \u00a0 \u00a0 \u00a0 \u00a0Jordi Vi\u00f1es (Cap de dep., i Clarinet)<\/span><\/p>\n<p><span style=\"font-weight: 400;\">Marcel Fabregat <\/span> <span style=\"font-weight: 400;\">\u00a0 \u00a0 \u00a0 \u00a0 \u00a0 \u00a0 \u00a0 \u00a0 \u00a0 \u00a0 \u00a0 \u00a0 \u00a0 \u00a0 \u00a0 \u00a0 \u00a0 \u00a0 \u00a0 \u00a0 \u00a0 \u00a0 \u00a0 \u00a0 \u00a0 \u00a0 \u00a0 \u00a0 \u00a0 \u00a0 \u00a0 \u00a0 \u00a0Gerard Nadal ( fl trav)\u00a0<\/span><\/p>\n<p><span style=\"font-weight: 400;\">Blanca Juli\u00e0 <\/span> <span style=\"font-weight: 400;\">\u00a0 \u00a0 \u00a0 \u00a0 \u00a0 \u00a0 \u00a0 \u00a0 \u00a0 \u00a0 \u00a0 \u00a0 \u00a0 \u00a0 \u00a0 \u00a0 \u00a0 \u00a0 \u00a0 \u00a0 \u00a0 \u00a0 \u00a0 \u00a0 \u00a0 \u00a0 \u00a0 \u00a0 \u00a0 \u00a0 \u00a0 \u00a0 \u00a0 \u00a0 \u00a0 \u00a0 Gabriel Prieto (Trompeta)\u00a0<\/span><\/p>\n<p><span style=\"font-weight: 400;\">Raquel Peremart\u00ed <\/span> <span style=\"font-weight: 400;\">\u00a0 \u00a0 \u00a0 \u00a0 \u00a0 \u00a0 \u00a0 \u00a0 \u00a0 \u00a0 \u00a0 \u00a0 \u00a0 \u00a0 \u00a0 \u00a0 \u00a0 \u00a0 \u00a0 \u00a0 \u00a0 \u00a0 \u00a0 \u00a0 \u00a0 \u00a0 \u00a0 \u00a0 \u00a0 \u00a0 \u00a0 \u00a0Jaume Sanchis (sax\u00f2fon)<\/span><\/p>\n<p><span style=\"font-weight: 400;\">Maite Pi\u00f1ol<\/span><\/p>\n<p><span style=\"font-weight: 400;\">Marta Sol\u00e0<\/span><\/p>\n<p><span style=\"font-weight: 400;\">Meritxell Vidal <\/span> <span style=\"font-weight: 400;\">\u00a0 \u00a0 \u00a0 \u00a0 \u00a0 \u00a0 \u00a0 \u00a0 \u00a0 \u00a0 \u00a0 \u00a0 \u00a0 \u00a0 \u00a0 \u00a0 \u00a0 \u00a0 \u00a0 \u00a0 \u00a0 \u00a0 \u00a0 \u00a0 \u00a0 \u00a0 \u00a0 \u00a0 \u00a0 \u00a0 \u00a0 \u00a0 \u00a0 \u00a0 \u00a0<\/span><b>DEPARTAMENT PERCUSSI\u00d3<\/b><span style=\"font-weight: 400;\">.<\/span><\/p>\n<p><span style=\"font-weight: 400;\">\u00a0 \u00a0 \u00a0 \u00a0 \u00a0 \u00a0 \u00a0 \u00a0 \u00a0 \u00a0 \u00a0 \u00a0 \u00a0 \u00a0 \u00a0 \u00a0 \u00a0 \u00a0 \u00a0 \u00a0 \u00a0 \u00a0 \u00a0 \u00a0 \u00a0 \u00a0 \u00a0 \u00a0 \u00a0 \u00a0 \u00a0 \u00a0 \u00a0 \u00a0 \u00a0 \u00a0 \u00a0 \u00a0 \u00a0 \u00a0 \u00a0 \u00a0 \u00a0 \u00a0 \u00a0 \u00a0 \u00a0David Verg\u00e9 (Cap de dep)<\/span><\/p>\n<p><b>DEPARTAMENT D&#8217;INICIACI\u00d3<\/b> <b>\u00a0 \u00a0 \u00a0 \u00a0 \u00a0 \u00a0 \u00a0 \u00a0 \u00a0 \u00a0 \u00a0 \u00a0 \u00a0 \u00a0 \u00a0 \u00a0 \u00a0 \u00a0 \u00a0 \u00a0 \u00a0 \u00a0<\/b><span style=\"font-weight: 400;\">Guifr\u00e9 Balasch<\/span><\/p>\n<p><span style=\"font-weight: 400;\">Meritxell Vidal (Cap de dep. )<\/span><\/p>\n<p><span style=\"font-weight: 400;\">N\u00faria Bresol\u00ed <\/span> <span style=\"font-weight: 400;\">\u00a0 \u00a0 \u00a0 \u00a0 \u00a0 \u00a0 \u00a0 \u00a0 \u00a0 \u00a0 \u00a0 \u00a0 \u00a0 \u00a0 \u00a0 \u00a0 \u00a0 \u00a0 \u00a0 \u00a0 \u00a0 \u00a0 \u00a0 \u00a0 \u00a0 \u00a0 \u00a0 \u00a0 \u00a0 \u00a0 \u00a0 \u00a0 \u00a0 \u00a0 \u00a0 \u00a0<\/span><b>DEPARTAMENT DE CORDA:<\/b><\/p>\n<p><span style=\"font-weight: 400;\">Blanca Juli\u00e0<\/span> <span style=\"font-weight: 400;\">\u00a0 \u00a0 \u00a0 \u00a0 \u00a0 \u00a0 \u00a0 \u00a0 \u00a0 \u00a0 \u00a0 \u00a0 \u00a0 \u00a0 \u00a0 \u00a0 \u00a0 \u00a0 \u00a0 \u00a0 \u00a0 \u00a0 \u00a0 \u00a0 \u00a0 \u00a0 \u00a0 \u00a0 \u00a0 \u00a0 \u00a0 \u00a0 \u00a0 \u00a0 \u00a0 \u00a0 \u00a0S\u00f2nia Tost (Cap de dep. viol\u00ed, viola.)<\/span><\/p>\n<p><span style=\"font-weight: 400;\">Raquel Peremart\u00ed.\u00a0 \u00a0 \u00a0 <\/span> <span style=\"font-weight: 400;\">\u00a0 \u00a0 \u00a0 \u00a0 \u00a0 \u00a0 \u00a0 \u00a0 \u00a0 \u00a0 \u00a0 \u00a0 \u00a0 \u00a0 \u00a0 \u00a0 \u00a0 \u00a0 \u00a0 \u00a0 \u00a0 \u00a0 \u00a0 \u00a0 \u00a0 \u00a0 \u00a0 \u00a0 \u00a0 Laura Juanco (violoncel)<\/span><\/p>\n<p><strong>AGRUPACIONS INSTRUMENTALS:<\/strong><\/p>\n<p>L&#8217;escola t\u00e9 diverses agrupacions instrumentals formades pels diferents<\/p>\n<p>instruments que s&#8217;imparteixen. S\u00f3n els seg\u00fcents:<\/p>\n<p><span style=\"font-weight: 400;\">Agrupaci\u00f3 instrumental, Banda Jr, Grup de guitarres,\u00a0 Grup de percussi\u00f3, Combo, Combo adults, Combo Jr.<\/span><\/p>\n<p>&nbsp;<\/p>\n<p><strong>AGRUPACIONS CORALS:<\/strong><\/p>\n<p>A cada aula de l&#8217;Escola de M\u00fasica (les Borges Blanques, Arbeca, Juneda) es treballa l&#8217;assignatura de Cant Coral distribu\u00efda en diferents cors depenent de l&#8217;edat.<\/p>\n<p><strong>Cor Iniciaci\u00f3\u00a0 <\/strong>\u00a0\u00a0\u00a0\u00a0\u00a0\u00a0(P3, P4, P5)<\/p>\n<p><strong>Cor de petit C<\/strong>\u00a0\u00a0\u00a0\u00a0\u00a0 (1r-2n Educaci\u00f3 prim\u00e0ria)<\/p>\n<p><strong>Cor de mitjans B<\/strong>\u00a0 (3r-4rt Educaci\u00f3 prim\u00e0ria)<\/p>\n<p><strong>Cor de grans A <\/strong>\u00a0\u00a0\u00a0\u00a0\u00a0(5\u00e8-6\u00e8 Educaci\u00f3\u00a0 prim\u00e0ria)<\/p>\n<p><strong>Cor de Joves <\/strong>\u00a0\u00a0\u00a0\u00a0\u00a0\u00a0\u00a0\u00a0\u00a0(a partir de 1r d&#8217;ESO)<\/p>\n<p><strong>\u00a0\u00a0\u00a0\u00a0\u00a0\u00a0\u00a0\u00a0\u00a0\u00a0\u00a0\u00a0\u00a0\u00a0\u00a0\u00a0\u00a0\u00a0\u00a0\u00a0\u00a0\u00a0<\/strong><\/p>\n<p><strong>AUDICIONS TRIMESTRALS. <\/strong><\/p>\n<p><span style=\"font-weight: 400;\">Setmana de l\u20191 al 5 de desembre del 2025.<\/span><\/p>\n<p><span style=\"font-weight: 400;\">Setmana del 23 al 27\u00a0 de 2026.<\/span><\/p>\n<p><span style=\"font-weight: 400;\">Audicions tercer trimestre a determinar<\/span><\/p>\n<p><span style=\"font-weight: 400;\">Classes obertes alumnes d&#8217;iniciaci\u00f3 de l\u20191 al 5 de desembre de 2026<\/span><\/p>\n<p><strong>\u00a0\u00a0\u00a0\u00a0\u00a0\u00a0\u00a0\u00a0\u00a0\u00a0\u00a0\u00a0\u00a0\u00a0\u00a0\u00a0\u00a0\u00a0\u00a0\u00a0\u00a0\u00a0\u00a0\u00a0\u00a0\u00a0\u00a0\u00a0\u00a0\u00a0\u00a0\u00a0\u00a0\u00a0\u00a0 <\/strong><\/p>\n<p><strong>CONCERTS: <\/strong><\/p>\n<p><span style=\"font-weight: 400;\">Concert de Nadal: 17 de desembre de 2025 (Pavell\u00f3 de Juneda)<\/span><\/p>\n<p><span style=\"font-weight: 400;\">Concerts de Fi de Curs: A determinar\u00a0 (Pavell\u00f3 de Borges)<\/span><\/p>\n<p><span style=\"font-weight: 400;\">Concert de menuts: a determinar<\/span><\/p>\n<p>&nbsp;<\/p>\n<p><strong>RELACI\u00d3 FAM\u00cdLIA-ESCOLA: <\/strong><\/p>\n<p>Correspond\u00e8ncia: El mitj\u00e0 de comunicaci\u00f3 utilitzat pel centre \u00e9s el correu\u00a0electr\u00f2nic <a href=\"mailto:musica@garrigues.cat\">musica@garrigues.cat<\/a>.<\/p>\n<p>L&#8217;intercanvi de material amb els alumnes es fa mitjan\u00e7ant la plataforma de GSuite.<\/p>\n<p>Si alg\u00fa desitja rebre la informaci\u00f3 per correu ordinari, ha de sol\u00b7licitar-ho a la\u00a0secretaria de l&#8217;Escola.<\/p>\n<p><strong>INFORMES:<\/strong><\/p>\n<p><span style=\"font-weight: 400;\">S\u2019entregaran de forma quadrimestral a trav\u00e9s de la plataforma Gwido. (del 26 al 30 de gener i del 21 al 26 de juny de 2026)<\/span><\/p>\n<p><strong>SECRETARIA<\/strong>: Est\u00e0 ubicada a l&#8217;Escola de m\u00fasica de les Borges Blanques.<\/p>\n<p>Horari: de dilluns a dijous de 15:30 a 19:30 i divendres de 16:30 a 19:30.<\/p>\n<p>Tel\u00e8fon: 973 143 434<\/p>\n","protected":false},"excerpt":{"rendered":"<p>CALENDARI ESCOLAR.<br \/>\nEl calendari escolar pel curs 2025-2026 queda establert pel Departament d&#8217;ensenyament de la Generalitat de Catalunya i \u00e9s el seg\u00fcent:<br \/>\nInici de les classes: dia 15 de setembre de 2025.<br \/>\nAcabament de les Classes: dia 19 de juny de 2026.<br \/>\n&nbsp;<br \/>\nVACANCES:<br \/>\nNadal: del 20 de desembre de&hellip;  <a href=\"https:\/\/agora.xtec.cat\/escmusica-garrigues\/informacio-general\/\" title=\"Read Informaci\u00f3 General\">Llegeix m\u00e9s\u00bb<\/a><\/p>\n","protected":false},"author":1,"featured_media":0,"parent":0,"menu_order":0,"comment_status":"closed","ping_status":"closed","template":"","meta":{"_bbp_topic_count":0,"_bbp_reply_count":0,"_bbp_total_topic_count":0,"_bbp_total_reply_count":0,"_bbp_voice_count":0,"_bbp_anonymous_reply_count":0,"_bbp_topic_count_hidden":0,"_bbp_reply_count_hidden":0,"_bbp_forum_subforum_count":0,"footnotes":""},"class_list":["post-1088","page","type-page","status-publish","hentry"],"post_mailing_queue_ids":[],"_links":{"self":[{"href":"https:\/\/agora.xtec.cat\/escmusica-garrigues\/wp-json\/wp\/v2\/pages\/1088","targetHints":{"allow":["GET"]}}],"collection":[{"href":"https:\/\/agora.xtec.cat\/escmusica-garrigues\/wp-json\/wp\/v2\/pages"}],"about":[{"href":"https:\/\/agora.xtec.cat\/escmusica-garrigues\/wp-json\/wp\/v2\/types\/page"}],"author":[{"embeddable":true,"href":"https:\/\/agora.xtec.cat\/escmusica-garrigues\/wp-json\/wp\/v2\/users\/1"}],"replies":[{"embeddable":true,"href":"https:\/\/agora.xtec.cat\/escmusica-garrigues\/wp-json\/wp\/v2\/comments?post=1088"}],"version-history":[{"count":6,"href":"https:\/\/agora.xtec.cat\/escmusica-garrigues\/wp-json\/wp\/v2\/pages\/1088\/revisions"}],"predecessor-version":[{"id":1147,"href":"https:\/\/agora.xtec.cat\/escmusica-garrigues\/wp-json\/wp\/v2\/pages\/1088\/revisions\/1147"}],"wp:attachment":[{"href":"https:\/\/agora.xtec.cat\/escmusica-garrigues\/wp-json\/wp\/v2\/media?parent=1088"}],"curies":[{"name":"wp","href":"https:\/\/api.w.org\/{rel}","templated":true}]}}