{"id":36,"date":"2014-09-18T12:33:11","date_gmt":"2014-09-18T12:33:11","guid":{"rendered":"http:\/\/agora.xtec.cat\/escmus-santpedor\/?page_id=36"},"modified":"2023-10-03T21:13:24","modified_gmt":"2023-10-03T19:13:24","slug":"material-escolar","status":"publish","type":"page","link":"https:\/\/agora.xtec.cat\/escmus-santpedor\/lescola\/material-escolar\/","title":{"rendered":"Material escolar"},"content":{"rendered":"<p><u>SENSIBILITZACI\u00d3 MUSICAL<\/u>\u00a0\u00a0 no han de dur material<\/p>\n<p><u>1r INICIACI\u00d3 MUSICAL:<\/u>\u00a0 hauran de dur un estoig amb llapis, goma, maquineta. Haureu de comprar: &#8220;LLENGUATGE MUSICAL INICIACI\u00d3 1&#8221; (Romina Ferrari i Eul\u00e0lia Rubinat) Publicacions de l&#8217;Abadia de Montserrat. <em>Ho trobareu a la Llibreria Timbaler (C\/del Vall,n\u00fam.26).<\/em><\/p>\n<p><u>2n INICIACI\u00d3 MUSICAL:<\/u>\u00a0 hauran de dur un estoig amb llapis, goma, maquineta i una llibreta petita que servir\u00e0 d&#8217;agenda tant per la classe de llenguatge com per la d&#8217;instrument (DIN A5). Haureu de comprar: &#8220;LLENGUATGE MUSICAL INICIACI\u00d3 2&#8221; (Santi Riera) Publicacions de l&#8217;Abadia de Montserrat. <em>Ho trobareu a la Llibreria Timbaler (C\/del Vall,n\u00fam.26).<\/em><\/p>\n<p><u>1r de NIVELL ELEMENTAL<\/u>:\u00a0 hauran de dur un estoig amb llapis, goma, maquineta i una llibreta petita que servir\u00e0 d&#8217;agenda (DIN A5). Haureu de comprar: &#8220;LLENGUATGE MUSICAL 3r Nivell&#8221; (Ireneu Segarra) Publicacions de l&#8217;Abadia de Montserrat. <em>Ho trobareu a la Llibreria L\u2019Horitz\u00f3 (Pla\u00e7a de l\u2019Esgl\u00e9sia, n\u00fam.8).<\/em><\/p>\n<p><u>2n de NIVELL ELEMENTAL<\/u>:\u00a0 hauran de dur un estoig amb llapis, goma, maquineta, una llibreta amb pentagrames i una llibreta petita que servir\u00e0 d&#8217;agenda (DIN A5). Haureu de comprar: &#8220;LLENGUATGE MUSICAL 4t Nivell&#8221; (Ireneu Segarra) Publicacions de l&#8217;Abadia de Montserrat. <em>Ho trobareu a la Llibreria L\u2019Horitz\u00f3 (Pla\u00e7a de l\u2019Esgl\u00e9sia, n\u00fam.8).<\/em><\/p>\n<p><u>3r de NIVELL ELEMENTAL<\/u>:\u00a0 hauran de dur un estoig amb llapis, goma, maquineta, una llibreta amb pentagrames, una llibreta petita que servir\u00e0 d&#8217;agenda i una carpeta de fundes amb espiral(per la classe de conjunt instrumental). Haureu de comprar\u00a0 un diapas\u00f3 i el llibre: &#8220;LLENGUATGE MUSICAL 5\u00e8 Nivell&#8221; (Sebasti\u00e0 Bardolet) Publicacions de l&#8217;Abadia de Montserrat. <em>Ho trobareu a la Llibreria L\u2019Horitz\u00f3 (Pla\u00e7a de l\u2019Esgl\u00e9sia, n\u00fam.8)<\/em>.<\/p>\n<p><u>4t de NIVELL ELEMENTAL<\/u>:\u00a0 hauran de dur un estoig amb llapis, goma, maquineta, diapas\u00f3, una llibreta amb pentagrames, una llibreta petita que servir\u00e0 d&#8217;agenda (DIN A5) i una carpeta de fundes amb espiral (per la classe de conjunt instrumental). Haureu de comprar: &#8220;LLENGUATGE MUSICAL 6\u00e8 Nivell&#8221; (Sebasti\u00e0 Bardolet) Publicacions de l&#8217;Abadia de Montserrat. <em>El trobareu a la Llibreria L\u2019Horitz\u00f3 (Pla\u00e7a de l\u2019Esgl\u00e9sia, n\u00fam.8).<\/em><\/p>\n<p><u>1r de NIVELL MITJ\u00c0<\/u>: hauran de dur un estoig amb llapis, bol\u00edgraf, goma, maquineta, diapas\u00f3, una llibreta amb pentagrames, una carpeta de fundes amb espiral(per la classe de conjunt instrumental), una llibreta petita que servir\u00e0 d&#8217;agenda (DIN A5).\u00a0 Haureu de comprar: LAZ V; <em>ho trobareu a la Llibreria Timbaler (C\/del Vall,n\u00fam.26).<\/em><\/p>\n<p><u>2n de NIVELL MITJ\u00c0<\/u>: hauran de dur un estoig amb llapis, bol\u00edgraf, goma, maquineta, diapas\u00f3, una llibreta amb pentagrames, una carpeta de fundes amb espiral (per la classe de conjunt instrumental), una llibreta petita que servir\u00e0 d&#8217;agenda (DIN A5) i el LAZ V del curs passat. Haureu de comprar: &#8220;Bach-Gevaert en clau de sol i clau de fa&#8221;; <em>ho trobareu a la Llibreria Timbaler (C\/del Vall,n\u00fam.26).<\/em><\/p>\n<p><u>LLENGUATGE ADULTS:<\/u> a principi de curs, el professor us indicar\u00e0 quin heu de comprar.<\/p>\n","protected":false},"excerpt":{"rendered":"<p>SENSIBILITZACI\u00d3 MUSICAL\u00a0\u00a0 no han de dur material<br \/>\n1r INICIACI\u00d3 MUSICAL:\u00a0 hauran de dur un estoig amb llapis, goma, maquineta. Haureu de comprar: &#8220;LLENGUATGE MUSICAL INICIACI\u00d3 1&#8221; (Romina Ferrari i Eul\u00e0lia Rubinat) Publicacions de l&#8217;Abadia de Montserrat. Ho trobareu a la Llibreria Timbaler (C\/del Vall,n\u00fam.26).<br \/>\n2n INICIACI\u00d3 MUSICAL:\u00a0&hellip;  <a href=\"https:\/\/agora.xtec.cat\/escmus-santpedor\/lescola\/material-escolar\/\" title=\"Read Material escolar\">Llegeix m\u00e9s\u00bb<\/a><\/p>\n","protected":false},"author":1,"featured_media":0,"parent":22,"menu_order":70,"comment_status":"closed","ping_status":"closed","template":"page-templates\/side-menu.php","meta":{"_bbp_topic_count":0,"_bbp_reply_count":0,"_bbp_total_topic_count":0,"_bbp_total_reply_count":0,"_bbp_voice_count":0,"_bbp_anonymous_reply_count":0,"_bbp_topic_count_hidden":0,"_bbp_reply_count_hidden":0,"_bbp_forum_subforum_count":0,"footnotes":""},"class_list":["post-36","page","type-page","status-publish","hentry"],"post_mailing_queue_ids":[],"_links":{"self":[{"href":"https:\/\/agora.xtec.cat\/escmus-santpedor\/wp-json\/wp\/v2\/pages\/36","targetHints":{"allow":["GET"]}}],"collection":[{"href":"https:\/\/agora.xtec.cat\/escmus-santpedor\/wp-json\/wp\/v2\/pages"}],"about":[{"href":"https:\/\/agora.xtec.cat\/escmus-santpedor\/wp-json\/wp\/v2\/types\/page"}],"author":[{"embeddable":true,"href":"https:\/\/agora.xtec.cat\/escmus-santpedor\/wp-json\/wp\/v2\/users\/1"}],"replies":[{"embeddable":true,"href":"https:\/\/agora.xtec.cat\/escmus-santpedor\/wp-json\/wp\/v2\/comments?post=36"}],"version-history":[{"count":4,"href":"https:\/\/agora.xtec.cat\/escmus-santpedor\/wp-json\/wp\/v2\/pages\/36\/revisions"}],"predecessor-version":[{"id":1799,"href":"https:\/\/agora.xtec.cat\/escmus-santpedor\/wp-json\/wp\/v2\/pages\/36\/revisions\/1799"}],"up":[{"embeddable":true,"href":"https:\/\/agora.xtec.cat\/escmus-santpedor\/wp-json\/wp\/v2\/pages\/22"}],"wp:attachment":[{"href":"https:\/\/agora.xtec.cat\/escmus-santpedor\/wp-json\/wp\/v2\/media?parent=36"}],"curies":[{"name":"wp","href":"https:\/\/api.w.org\/{rel}","templated":true}]}}

<p><u>SENSIBILITZACIÓ MUSICAL</u>   no han de dur material</p>
<p><u>1r INICIACIÓ MUSICAL:</u>  hauran de dur un estoig amb llapis, goma, maquineta. Haureu de comprar: &#8220;LLENGUATGE MUSICAL INICIACIÓ 1&#8221; (Romina Ferrari i Eulàlia Rubinat) Publicacions de l&#8217;Abadia de Montserrat. <em>Ho trobareu a la Llibreria Timbaler (C/del Vall,núm.26).</em></p>
<p><u>2n INICIACIÓ MUSICAL:</u>  hauran de dur un estoig amb llapis, goma, maquineta i una llibreta petita que servirà d&#8217;agenda tant per la classe de llenguatge com per la d&#8217;instrument (DIN A5). Haureu de comprar: &#8220;LLENGUATGE MUSICAL INICIACIÓ 2&#8221; (Santi Riera) Publicacions de l&#8217;Abadia de Montserrat. <em>Ho trobareu a la Llibreria Timbaler (C/del Vall,núm.26).</em></p>
<p><u>1r de NIVELL ELEMENTAL</u>:  hauran de dur un estoig amb llapis, goma, maquineta i una llibreta petita que servirà d&#8217;agenda (DIN A5). Haureu de comprar: &#8220;LLENGUATGE MUSICAL 3r Nivell&#8221; (Ireneu Segarra) Publicacions de l&#8217;Abadia de Montserrat. <em>Ho trobareu a la Llibreria L’Horitzó (Plaça de l’Església, núm.8).</em></p>
<p><u>2n de NIVELL ELEMENTAL</u>:  hauran de dur un estoig amb llapis, goma, maquineta, una llibreta amb pentagrames i una llibreta petita que servirà d&#8217;agenda (DIN A5). Haureu de comprar: &#8220;LLENGUATGE MUSICAL 4t Nivell&#8221; (Ireneu Segarra) Publicacions de l&#8217;Abadia de Montserrat. <em>Ho trobareu a la Llibreria L’Horitzó (Plaça de l’Església, núm.8).</em></p>
<p><u>3r de NIVELL ELEMENTAL</u>:  hauran de dur un estoig amb llapis, goma, maquineta, una llibreta amb pentagrames, una llibreta petita que servirà d&#8217;agenda i una carpeta de fundes amb espiral(per la classe de conjunt instrumental). Haureu de comprar  un diapasó i el llibre: &#8220;LLENGUATGE MUSICAL 5è Nivell&#8221; (Sebastià Bardolet) Publicacions de l&#8217;Abadia de Montserrat. <em>Ho trobareu a la Llibreria L’Horitzó (Plaça de l’Església, núm.8)</em>.</p>
<p><u>4t de NIVELL ELEMENTAL</u>:  hauran de dur un estoig amb llapis, goma, maquineta, diapasó, una llibreta amb pentagrames, una llibreta petita que servirà d&#8217;agenda (DIN A5) i una carpeta de fundes amb espiral (per la classe de conjunt instrumental). Haureu de comprar: &#8220;LLENGUATGE MUSICAL 6è Nivell&#8221; (Sebastià Bardolet) Publicacions de l&#8217;Abadia de Montserrat. <em>El trobareu a la Llibreria L’Horitzó (Plaça de l’Església, núm.8).</em></p>
<p><u>1r de NIVELL MITJÀ</u>: hauran de dur un estoig amb llapis, bolígraf, goma, maquineta, diapasó, una llibreta amb pentagrames, una carpeta de fundes amb espiral(per la classe de conjunt instrumental), una llibreta petita que servirà d&#8217;agenda (DIN A5).  Haureu de comprar: LAZ V; <em>ho trobareu a la Llibreria Timbaler (C/del Vall,núm.26).</em></p>
<p><u>2n de NIVELL MITJÀ</u>: hauran de dur un estoig amb llapis, bolígraf, goma, maquineta, diapasó, una llibreta amb pentagrames, una carpeta de fundes amb espiral (per la classe de conjunt instrumental), una llibreta petita que servirà d&#8217;agenda (DIN A5) i el LAZ V del curs passat. Haureu de comprar: &#8220;Bach-Gevaert en clau de sol i clau de fa&#8221;; <em>ho trobareu a la Llibreria Timbaler (C/del Vall,núm.26).</em></p>
<p><u>LLENGUATGE ADULTS:</u> a principi de curs, el professor us indicarà quin heu de comprar.</p>

<p>SENSIBILITZACIÓ MUSICAL   no han de dur material<br />
1r INICIACIÓ MUSICAL:  hauran de dur un estoig amb llapis, goma, maquineta. Haureu de comprar: &#8220;LLENGUATGE MUSICAL INICIACIÓ 1&#8221; (Romina Ferrari i Eulàlia Rubinat) Publicacions de l&#8217;Abadia de Montserrat. Ho trobareu a la Llibreria Timbaler (C/del Vall,núm.26).<br />
2n INICIACIÓ MUSICAL: &hellip;  <a href="https://agora.xtec.cat/escmus-santpedor/lescola/material-escolar/" title="Read Material escolar">Llegeix més»</a></p>
