{"id":26,"date":"2014-09-18T12:24:32","date_gmt":"2014-09-18T12:24:32","guid":{"rendered":"http:\/\/agora.xtec.cat\/escmus-santpedor\/?page_id=26"},"modified":"2023-10-30T20:13:59","modified_gmt":"2023-10-30T19:13:59","slug":"historia","status":"publish","type":"page","link":"https:\/\/agora.xtec.cat\/escmus-santpedor\/lescola\/historia\/","title":{"rendered":"Hist\u00f2ria"},"content":{"rendered":"<p>L\u2019Escola nasqu\u00e9 l\u2019any 1989 per iniciativa d\u2019un col\u00b7lectiu de pares i mares juntament amb el regidor d\u2019ensenyament Josep Maria Ponsa. Aquest col\u00b7lectiu estava format per les fam\u00edlies dels setze components de la Jove Big Band de Santpedor: Fam\u00edlia Blanque-Herrero, Fam\u00edlia Caparr\u00f3s-Tatj\u00e9, Fam\u00edlia Casanovas-Igl\u00e9sias, Fam\u00edlia Castellana-Sivila, Fam\u00edlia Comas-Guit\u00f3, Fam\u00edlia G\u00f3mez-Casado, Fam\u00edlia Hern\u00e1ndez-Batista, Fam\u00edlia L\u00f3pez-Caballol, Fam\u00edlia Prat-Serra, Fam\u00edlia Ramos-Fabr\u00e9s, Fam\u00edlia Reguant-Guitart, Fam\u00edlia Serra-Sweeting.<\/p>\n<p>Aquestes fam\u00edlies van crear els estatuts de l\u2019Associaci\u00f3 Escola de M\u00fasica de Santpedor el juliol de 1989. El mes de setembre d\u2019aquell any es va engegar el primer curs escolar amb 23 alumnes i 5 professors\/es, amb les seg\u00fcents assignatures: bateria, clarinet, trompeta, piano, teoria i solfeig. M\u00e9s endavant es van anar incorporant altres instruments com el saxofon, el contrabaix, la guitarra, el cant, la flauta travessera i el viol\u00ed.<\/p>\n<p>A mitjans del 1995 l\u2019escola va esdevenir de titularitat municipal\u00a0 coexistint amb l\u2019Associaci\u00f3 Escola de M\u00fasica de Santpedor fins l\u2019octubre de 2006, data en qu\u00e8 es va dissoldre definitivament l\u2019Associaci\u00f3.<\/p>\n<p>El curs 1996-1997 l\u2019escola tenia 60 alumnes, el curs 1999-2000\u00a0 n\u2019eren 104 i en l\u2019actualitat som al voltant dels 200 alumnes amb 11 professors i professores.<\/p>\n<p>El curs 1991-1992 es van convidar m\u00fasics de renom que van venir a tocar en el <em>Cicle de Concerts de Primavera<\/em>, els quals es van desenvolupar de forma continuada durant 21 anys, on hi vingueren int\u00e8rprets de m\u00fasica cl\u00e0ssica, jazz i m\u00fasica moderna.<\/p>\n<p>L\u2019Escola, amb l\u2019empenta de l\u2019Associaci\u00f3 Escola de M\u00fasica, va organitzar des del 1993 i fins el 2012 les tradicionals cantades de caramelles a Santpedor.<\/p>\n<p>Amb la participaci\u00f3 en el Festival de Joves M\u00fasics Europeus de l\u2019any 1998, es va establir una gran amistat amb la Musikschule Leiblachtal de H\u00f6rbranz (\u00c0ustria) amb la qual es van realitzar diferents intercanvis fins el 2011.<\/p>\n<p>El curs 2009-2010 es van celebrar els 20 anys de l\u2019Escola de M\u00fasica i per commemorar-ho es va enregistrar un CD on hi van participar tots els alumnes del moment.<\/p>\n<p>Les primeres col\u00f2nies musicals es varen fer el juny de 1998 i s\u2019han anat fent cada curs ininterrompudament, excepte el 2020 per la pand\u00e8mia del Covid-19.<\/p>\n<p>El curs 2014-2015 es van celebrar els 25 anys de l\u2019escola amb un seguit de concerts interpretats per alumnes i exalumnes, i amb un sopar popular que va reunir m\u00e9s de 200 persones a la Pla\u00e7a Gran.<\/p>\n<p>El curs 2019-2020 hav\u00edem de celebrar els 30 anys de l\u2019Escola de M\u00fasica\u00a0 per\u00f2\u00a0 la pand\u00e8mia de la Covid-19 no ens ho va permetre.<\/p>\n<p>Esperem el curs vinent poder celebrar els 35 anys de l\u2019Escola de M\u00fasica!<\/p>\n","protected":false},"excerpt":{"rendered":"<p>L\u2019Escola nasqu\u00e9 l\u2019any 1989 per iniciativa d\u2019un col\u00b7lectiu de pares i mares juntament amb el regidor d\u2019ensenyament Josep Maria Ponsa. Aquest col\u00b7lectiu estava format per les fam\u00edlies dels setze components de la Jove Big Band de Santpedor: Fam\u00edlia Blanque-Herrero, Fam\u00edlia Caparr\u00f3s-Tatj\u00e9, Fam\u00edlia Casanovas-Igl\u00e9sias, Fam\u00edlia Castellana-Sivila,&hellip;  <a href=\"https:\/\/agora.xtec.cat\/escmus-santpedor\/lescola\/historia\/\" title=\"Read Hist\u00f2ria\">Llegeix m\u00e9s\u00bb<\/a><\/p>\n","protected":false},"author":1,"featured_media":0,"parent":22,"menu_order":20,"comment_status":"closed","ping_status":"closed","template":"page-templates\/side-menu.php","meta":{"_bbp_topic_count":0,"_bbp_reply_count":0,"_bbp_total_topic_count":0,"_bbp_total_reply_count":0,"_bbp_voice_count":0,"_bbp_anonymous_reply_count":0,"_bbp_topic_count_hidden":0,"_bbp_reply_count_hidden":0,"_bbp_forum_subforum_count":0,"footnotes":""},"class_list":["post-26","page","type-page","status-publish","hentry"],"post_mailing_queue_ids":[],"_links":{"self":[{"href":"https:\/\/agora.xtec.cat\/escmus-santpedor\/wp-json\/wp\/v2\/pages\/26","targetHints":{"allow":["GET"]}}],"collection":[{"href":"https:\/\/agora.xtec.cat\/escmus-santpedor\/wp-json\/wp\/v2\/pages"}],"about":[{"href":"https:\/\/agora.xtec.cat\/escmus-santpedor\/wp-json\/wp\/v2\/types\/page"}],"author":[{"embeddable":true,"href":"https:\/\/agora.xtec.cat\/escmus-santpedor\/wp-json\/wp\/v2\/users\/1"}],"replies":[{"embeddable":true,"href":"https:\/\/agora.xtec.cat\/escmus-santpedor\/wp-json\/wp\/v2\/comments?post=26"}],"version-history":[{"count":5,"href":"https:\/\/agora.xtec.cat\/escmus-santpedor\/wp-json\/wp\/v2\/pages\/26\/revisions"}],"predecessor-version":[{"id":1833,"href":"https:\/\/agora.xtec.cat\/escmus-santpedor\/wp-json\/wp\/v2\/pages\/26\/revisions\/1833"}],"up":[{"embeddable":true,"href":"https:\/\/agora.xtec.cat\/escmus-santpedor\/wp-json\/wp\/v2\/pages\/22"}],"wp:attachment":[{"href":"https:\/\/agora.xtec.cat\/escmus-santpedor\/wp-json\/wp\/v2\/media?parent=26"}],"curies":[{"name":"wp","href":"https:\/\/api.w.org\/{rel}","templated":true}]}}

Història

<p>L’Escola nasqué l’any 1989 per iniciativa d’un col·lectiu de pares i mares juntament amb el regidor d’ensenyament Josep Maria Ponsa. Aquest col·lectiu estava format per les famílies dels setze components de la Jove Big Band de Santpedor: Família Blanque-Herrero, Família Caparrós-Tatjé, Família Casanovas-Iglésias, Família Castellana-Sivila, Família Comas-Guitó, Família Gómez-Casado, Família Hernández-Batista, Família López-Caballol, Família Prat-Serra, Família Ramos-Fabrés, Família Reguant-Guitart, Família Serra-Sweeting.</p>
<p>Aquestes famílies van crear els estatuts de l’Associació Escola de Música de Santpedor el juliol de 1989. El mes de setembre d’aquell any es va engegar el primer curs escolar amb 23 alumnes i 5 professors/es, amb les següents assignatures: bateria, clarinet, trompeta, piano, teoria i solfeig. Més endavant es van anar incorporant altres instruments com el saxofon, el contrabaix, la guitarra, el cant, la flauta travessera i el violí.</p>
<p>A mitjans del 1995 l’escola va esdevenir de titularitat municipal  coexistint amb l’Associació Escola de Música de Santpedor fins l’octubre de 2006, data en què es va dissoldre definitivament l’Associació.</p>
<p>El curs 1996-1997 l’escola tenia 60 alumnes, el curs 1999-2000  n’eren 104 i en l’actualitat som al voltant dels 200 alumnes amb 11 professors i professores.</p>
<p>El curs 1991-1992 es van convidar músics de renom que van venir a tocar en el <em>Cicle de Concerts de Primavera</em>, els quals es van desenvolupar de forma continuada durant 21 anys, on hi vingueren intèrprets de música clàssica, jazz i música moderna.</p>
<p>L’Escola, amb l’empenta de l’Associació Escola de Música, va organitzar des del 1993 i fins el 2012 les tradicionals cantades de caramelles a Santpedor.</p>
<p>Amb la participació en el Festival de Joves Músics Europeus de l’any 1998, es va establir una gran amistat amb la Musikschule Leiblachtal de Hörbranz (Àustria) amb la qual es van realitzar diferents intercanvis fins el 2011.</p>
<p>El curs 2009-2010 es van celebrar els 20 anys de l’Escola de Música i per commemorar-ho es va enregistrar un CD on hi van participar tots els alumnes del moment.</p>
<p>Les primeres colònies musicals es varen fer el juny de 1998 i s’han anat fent cada curs ininterrompudament, excepte el 2020 per la pandèmia del Covid-19.</p>
<p>El curs 2014-2015 es van celebrar els 25 anys de l’escola amb un seguit de concerts interpretats per alumnes i exalumnes, i amb un sopar popular que va reunir més de 200 persones a la Plaça Gran.</p>
<p>El curs 2019-2020 havíem de celebrar els 30 anys de l’Escola de Música  però  la pandèmia de la Covid-19 no ens ho va permetre.</p>
<p>Esperem el curs vinent poder celebrar els 35 anys de l’Escola de Música!</p>

<p>L’Escola nasqué l’any 1989 per iniciativa d’un col·lectiu de pares i mares juntament amb el regidor d’ensenyament Josep Maria Ponsa. Aquest col·lectiu estava format per les famílies dels setze components de la Jove Big Band de Santpedor: Família Blanque-Herrero, Família Caparrós-Tatjé, Família Casanovas-Iglésias, Família Castellana-Sivila,&hellip;  <a href="https://agora.xtec.cat/escmus-santpedor/lescola/historia/" title="Read Història">Llegeix més»</a></p>
