{"id":22,"date":"2014-09-18T12:19:57","date_gmt":"2014-09-18T12:19:57","guid":{"rendered":"http:\/\/agora.xtec.cat\/escmus-santpedor\/?page_id=22"},"modified":"2022-03-02T19:16:43","modified_gmt":"2022-03-02T18:16:43","slug":"lescola","status":"publish","type":"page","link":"https:\/\/agora.xtec.cat\/escmus-santpedor\/lescola\/","title":{"rendered":"L&#8217;Escola"},"content":{"rendered":"<p>L&#8217;Escola Municipal de M\u00fasica de Santpedor est\u00e0 ubicada al nucli antic del poble, a la pla\u00e7a Gran, davant de l&#8217;Ajuntament de la vila, a l&#8217;edifici m\u00e9s conegut com a Ca l&#8217;Arola. Acull alumnes de tot el municipi i d&#8217;altres poblacions.<\/p>\n<p><a href=\"http:\/\/blocs.xtec.cat\/emms\/files\/2011\/12\/DSC08542.jpg\"><img loading=\"lazy\" decoding=\"async\" class=\"alignright size-full wp-image-34\" src=\"http:\/\/blocs.xtec.cat\/emms\/files\/2011\/12\/DSC08542.jpg\" alt=\"\" width=\"200\" height=\"150\" \/><\/a>L&#8217;Escola de M\u00fasica educa el seu alumnat en la pr\u00e0ctica musical, donant els coneixements i materials adequats perqu\u00e8 aquesta sigui rigorosa i de qualitat.<\/p>\n<p>L&#8217;Escola est\u00e0 molt interessada a aconseguir que el seu alumnat aprengui i faci m\u00fasica.<\/p>\n<p>El catal\u00e0 com a llengua pr\u00f2pia de Catalunya \u00e9s la llengua vehicular i d&#8217;aprenentatge a l&#8217;Escola. El centre \u00e9s aconfessional i respecta totes les creences.<\/p>\n<p>L&#8217;Escola ofereix un marc conjunt de treball amb els centres educatius de r\u00e8gim general per tal d&#8217;assolir una educaci\u00f3 integral, plural i democr\u00e0tica de l&#8217;alumnat.<\/p>\n<p>L&#8217;Escola est\u00e0 oberta a tothom a partir d&#8217;1 any.<\/p>\n","protected":false},"excerpt":{"rendered":"<p>L&#8217;Escola Municipal de M\u00fasica de Santpedor est\u00e0 ubicada al nucli antic del poble, a la pla\u00e7a Gran, davant de l&#8217;Ajuntament de la vila, a l&#8217;edifici m\u00e9s conegut com a Ca l&#8217;Arola. Acull alumnes de tot el municipi i d&#8217;altres poblacions.<br \/>\n<a href=\"http:\/\/blocs.xtec.cat\/emms\/files\/2011\/12\/DSC08542.jpg\"><\/a>L&#8217;Escola de M\u00fasica educa el&hellip;  <a href=\"https:\/\/agora.xtec.cat\/escmus-santpedor\/lescola\/\" title=\"Read L&#8217;Escola\">Llegeix m\u00e9s\u00bb<\/a><\/p>\n","protected":false},"author":1,"featured_media":0,"parent":0,"menu_order":0,"comment_status":"closed","ping_status":"closed","template":"page-templates\/side-menu.php","meta":{"_bbp_topic_count":0,"_bbp_reply_count":0,"_bbp_total_topic_count":0,"_bbp_total_reply_count":0,"_bbp_voice_count":0,"_bbp_anonymous_reply_count":0,"_bbp_topic_count_hidden":0,"_bbp_reply_count_hidden":0,"_bbp_forum_subforum_count":0,"footnotes":""},"class_list":["post-22","page","type-page","status-publish","hentry"],"post_mailing_queue_ids":[],"_links":{"self":[{"href":"https:\/\/agora.xtec.cat\/escmus-santpedor\/wp-json\/wp\/v2\/pages\/22","targetHints":{"allow":["GET"]}}],"collection":[{"href":"https:\/\/agora.xtec.cat\/escmus-santpedor\/wp-json\/wp\/v2\/pages"}],"about":[{"href":"https:\/\/agora.xtec.cat\/escmus-santpedor\/wp-json\/wp\/v2\/types\/page"}],"author":[{"embeddable":true,"href":"https:\/\/agora.xtec.cat\/escmus-santpedor\/wp-json\/wp\/v2\/users\/1"}],"replies":[{"embeddable":true,"href":"https:\/\/agora.xtec.cat\/escmus-santpedor\/wp-json\/wp\/v2\/comments?post=22"}],"version-history":[{"count":3,"href":"https:\/\/agora.xtec.cat\/escmus-santpedor\/wp-json\/wp\/v2\/pages\/22\/revisions"}],"predecessor-version":[{"id":1415,"href":"https:\/\/agora.xtec.cat\/escmus-santpedor\/wp-json\/wp\/v2\/pages\/22\/revisions\/1415"}],"wp:attachment":[{"href":"https:\/\/agora.xtec.cat\/escmus-santpedor\/wp-json\/wp\/v2\/media?parent=22"}],"curies":[{"name":"wp","href":"https:\/\/api.w.org\/{rel}","templated":true}]}}

<p>L&#8217;Escola Municipal de Música de Santpedor està ubicada al nucli antic del poble, a la plaça Gran, davant de l&#8217;Ajuntament de la vila, a l&#8217;edifici més conegut com a Ca l&#8217;Arola. Acull alumnes de tot el municipi i d&#8217;altres poblacions.</p>
<p><a href="http://blocs.xtec.cat/emms/files/2011/12/DSC08542.jpg"><img loading="lazy" decoding="async" class="alignright size-full wp-image-34" src="http://blocs.xtec.cat/emms/files/2011/12/DSC08542.jpg" alt="" width="200" height="150" /></a>L&#8217;Escola de Música educa el seu alumnat en la pràctica musical, donant els coneixements i materials adequats perquè aquesta sigui rigorosa i de qualitat.</p>
<p>L&#8217;Escola està molt interessada a aconseguir que el seu alumnat aprengui i faci música.</p>
<p>El català com a llengua pròpia de Catalunya és la llengua vehicular i d&#8217;aprenentatge a l&#8217;Escola. El centre és aconfessional i respecta totes les creences.</p>
<p>L&#8217;Escola ofereix un marc conjunt de treball amb els centres educatius de règim general per tal d&#8217;assolir una educació integral, plural i democràtica de l&#8217;alumnat.</p>
<p>L&#8217;Escola està oberta a tothom a partir d&#8217;1 any.</p>

<p>L&#8217;Escola Municipal de Música de Santpedor està ubicada al nucli antic del poble, a la plaça Gran, davant de l&#8217;Ajuntament de la vila, a l&#8217;edifici més conegut com a Ca l&#8217;Arola. Acull alumnes de tot el municipi i d&#8217;altres poblacions.<br />
<a href="http://blocs.xtec.cat/emms/files/2011/12/DSC08542.jpg"></a>L&#8217;Escola de Música educa el&hellip;  <a href="https://agora.xtec.cat/escmus-santpedor/lescola/" title="Read L&#8217;Escola">Llegeix més»</a></p>
