{"id":197,"date":"2015-10-29T10:04:59","date_gmt":"2015-10-29T09:04:59","guid":{"rendered":"http:\/\/agora.xtec.cat\/escmus-santpedor\/?page_id=197"},"modified":"2023-10-26T19:56:26","modified_gmt":"2023-10-26T17:56:26","slug":"programes","status":"publish","type":"page","link":"https:\/\/agora.xtec.cat\/escmus-santpedor\/programes\/","title":{"rendered":"Programes"},"content":{"rendered":"<p><strong><span style=\"color: #008080;\">M\u00fasica per a nadons<\/span><\/strong><br \/>\n<a href=\"http:\/\/blocs.xtec.cat\/emms\/files\/2011\/12\/DSC00930.jpg\"><img loading=\"lazy\" decoding=\"async\" class=\"alignright size-full wp-image-56\" src=\"http:\/\/blocs.xtec.cat\/emms\/files\/2011\/12\/DSC00930.jpg\" alt=\"\" width=\"283\" height=\"213\" \/><\/a>\u00c9s un programa d&#8217;estimulaci\u00f3 musical on els nadons, acompanyats d&#8217;un familiar, desenvolupen la sensibilitat, la creativitat, les capacitats cognitives i emocionals a trav\u00e9s de la m\u00fasica. A trav\u00e9s de les can\u00e7ons, els jocs de falda, el moviment i els diferents elements auditius es desenvolupen aspectes com <em>l&#8217;escolta<\/em>, que els ajuda a aprendre els sons, el significat de les paraules i la memoria auditiva; el <em>cant <\/em>que els desenvolupa el llenguatge amb la introducci\u00f3 de paraules noves i la seva repetici\u00f3 i l&#8217;<em>expressi\u00f3 corporal<\/em> que els ajuda a desenvolupar habilitats r\u00edtmiques i motrius. Tots aquests elements fan que les fam\u00edlies crein un gran vincle a trav\u00e9s, de l&#8217;estimulaci\u00f3, la interacci\u00f3 i la comunicaci\u00f3 entre elles. Aquest programa va adre\u00e7at a infants de 0 a 2 anys i es realitza una sessi\u00f3 de 45 minuts a la setmana.<\/p>\n<p><strong><span style=\"color: #008080;\">Sensibilitzaci\u00f3 musical <\/span><\/strong><br \/>\nAquest programa va adre\u00e7at a infants de 3, 4 i de 5 anys. Els nens i les nenes s&#8217;agrupen per edats i realitzen una\u00a0 sessions de 45 minuts (els de 3 anys) i dues sessions de 45 minuts (els de 4 i 5 anys) cada setmana. Es treballen activitats psicomotrius amb la m\u00fasica, que permeten als infants desenvolupar sensorialment les seves habilitats musicals com l&#8217;o\u00efda, el ritme, la veu i el moviment del cos.<\/p>\n<p><strong><span style=\"color: #008080;\">Iniciaci\u00f3 musical<\/span><\/strong><br \/>\nAquest programa va adre\u00e7at a nens i nenes a partir de 6 anys. Consta de dos cursos on es treballa b\u00e0sicament, la interioritzaci\u00f3 de la pulsaci\u00f3, el ritme, la veu i l&#8217;o\u00efda. En\u00a0 el primer curs es poden provar tots els instruments que ofereix el centre (fent roda d&#8217;instruments), o b\u00e9 iniciar-se en l&#8217;estudi d&#8217;un instrument. La durada setmanal \u00e9s de 2 sessions de llenguatge musical de 60 minuts i 30 minuts d&#8217;instrument.<\/p>\n<p><strong><span style=\"color: #008080;\">Nivell elemental <\/span><\/strong><br \/>\nAquest programa requereix haver realitzat, com a m\u00ednim, un curs d&#8217;iniciaci\u00f3 musical. Est\u00e0 dividit en quatre cursos on es pret\u00e9n adquirir els elements b\u00e0sics del llenguatge musical, instrumental i la pr\u00e0ctica en grup. \u2028En finalitzar aquest programa s&#8217;ofereix la possibilitat de realitzar la prova d&#8217;acc\u00e9s al grau mitj\u00e0 de m\u00fasica en un conservatori o centre autoritzat.<\/p>\n<p><em>Dedicaci\u00f3:<\/em><\/p>\n<ul>\n<li>1r i 2n de NE &#8211; 2,5h de llenguatge musical repartits en dues sessions i 30 minuts d&#8217;instrument.<\/li>\n<li>3r de NE &#8211; 2,5h de llenguatge musical repartits en dues sessions, 45 minuts d&#8217;instrument i 60 minuts de conjunt instrumental.<\/li>\n<li>4t de NE &#8211; 2,5h de llenguatge musical repartits en dues sessions, 60 minuts d&#8217;instrument i 60 minuts de conjunt instrumental.<\/li>\n<\/ul>\n<p><strong><span style=\"color: #008080;\">Nivell mitj\u00e0 <\/span><\/strong><br \/>\nAquest programa requereix haver superat el nivell elemental. El nostre centre est\u00e0 autoritzat per impartir els dos primers cursos on es pret\u00e9n profunditzar i ampliar els coneixements musicals per enriquiment personal o per a professionalitzar-se si hom vol.<\/p>\n<p><em>Dedicaci\u00f3:<\/em><\/p>\n<ul>\n<li>1r i 2n de NM &#8211; 2 h de llenguatge musical, 1 h d&#8217;instrument, 1h i 15 minuts de conjunt instrumental. A m\u00e9s, es poden triar assignatures opcionals com: 1h de cor de cambra, 1\/2h de segon instrument.<\/li>\n<\/ul>\n<p><strong><span style=\"color: #008080;\">Aula de m\u00fasica<\/span><\/strong><br \/>\nAquest programa est\u00e0 adre\u00e7at a alumnes a partir de 12 anys amb o sense coneixements de m\u00fasica<\/p>\n<p><em>Dedicaci\u00f3:<\/em><\/p>\n<ul>\n<li>Poden cursar opcionalment: de 1\/2 a 3\/4h (segons determini el centre) d&#8217;instrument, de 1\/2 a 1h (segons el nombre d&#8217;alumnes) de llenguatge musical, 1h de conjunt instrumental (segons nivell d&#8217;instrument), 1\/2h de segon instrument.<\/li>\n<\/ul>\n","protected":false},"excerpt":{"rendered":"<p>M\u00fasica per a nadons<br \/>\n<a href=\"http:\/\/blocs.xtec.cat\/emms\/files\/2011\/12\/DSC00930.jpg\"><\/a>\u00c9s un programa d&#8217;estimulaci\u00f3 musical on els nadons, acompanyats d&#8217;un familiar, desenvolupen la sensibilitat, la creativitat, les capacitats cognitives i emocionals a trav\u00e9s de la m\u00fasica. A trav\u00e9s de les can\u00e7ons, els jocs de falda, el moviment i els diferents elements&hellip;  <a href=\"https:\/\/agora.xtec.cat\/escmus-santpedor\/programes\/\" title=\"Read Programes\">Llegeix m\u00e9s\u00bb<\/a><\/p>\n","protected":false},"author":1,"featured_media":0,"parent":0,"menu_order":0,"comment_status":"closed","ping_status":"closed","template":"","meta":{"_bbp_topic_count":0,"_bbp_reply_count":0,"_bbp_total_topic_count":0,"_bbp_total_reply_count":0,"_bbp_voice_count":0,"_bbp_anonymous_reply_count":0,"_bbp_topic_count_hidden":0,"_bbp_reply_count_hidden":0,"_bbp_forum_subforum_count":0,"footnotes":""},"class_list":["post-197","page","type-page","status-publish","hentry"],"post_mailing_queue_ids":[],"_links":{"self":[{"href":"https:\/\/agora.xtec.cat\/escmus-santpedor\/wp-json\/wp\/v2\/pages\/197","targetHints":{"allow":["GET"]}}],"collection":[{"href":"https:\/\/agora.xtec.cat\/escmus-santpedor\/wp-json\/wp\/v2\/pages"}],"about":[{"href":"https:\/\/agora.xtec.cat\/escmus-santpedor\/wp-json\/wp\/v2\/types\/page"}],"author":[{"embeddable":true,"href":"https:\/\/agora.xtec.cat\/escmus-santpedor\/wp-json\/wp\/v2\/users\/1"}],"replies":[{"embeddable":true,"href":"https:\/\/agora.xtec.cat\/escmus-santpedor\/wp-json\/wp\/v2\/comments?post=197"}],"version-history":[{"count":5,"href":"https:\/\/agora.xtec.cat\/escmus-santpedor\/wp-json\/wp\/v2\/pages\/197\/revisions"}],"predecessor-version":[{"id":1822,"href":"https:\/\/agora.xtec.cat\/escmus-santpedor\/wp-json\/wp\/v2\/pages\/197\/revisions\/1822"}],"wp:attachment":[{"href":"https:\/\/agora.xtec.cat\/escmus-santpedor\/wp-json\/wp\/v2\/media?parent=197"}],"curies":[{"name":"wp","href":"https:\/\/api.w.org\/{rel}","templated":true}]}}

<p><strong><span style="color: #008080;">Música per a nadons</span></strong><br />
<a href="http://blocs.xtec.cat/emms/files/2011/12/DSC00930.jpg"><img loading="lazy" decoding="async" class="alignright size-full wp-image-56" src="http://blocs.xtec.cat/emms/files/2011/12/DSC00930.jpg" alt="" width="283" height="213" /></a>És un programa d&#8217;estimulació musical on els nadons, acompanyats d&#8217;un familiar, desenvolupen la sensibilitat, la creativitat, les capacitats cognitives i emocionals a través de la música. A través de les cançons, els jocs de falda, el moviment i els diferents elements auditius es desenvolupen aspectes com <em>l&#8217;escolta</em>, que els ajuda a aprendre els sons, el significat de les paraules i la memoria auditiva; el <em>cant </em>que els desenvolupa el llenguatge amb la introducció de paraules noves i la seva repetició i l&#8217;<em>expressió corporal</em> que els ajuda a desenvolupar habilitats rítmiques i motrius. Tots aquests elements fan que les famílies crein un gran vincle a través, de l&#8217;estimulació, la interacció i la comunicació entre elles. Aquest programa va adreçat a infants de 0 a 2 anys i es realitza una sessió de 45 minuts a la setmana.</p>
<p><strong><span style="color: #008080;">Sensibilització musical </span></strong><br />
Aquest programa va adreçat a infants de 3, 4 i de 5 anys. Els nens i les nenes s&#8217;agrupen per edats i realitzen una  sessions de 45 minuts (els de 3 anys) i dues sessions de 45 minuts (els de 4 i 5 anys) cada setmana. Es treballen activitats psicomotrius amb la música, que permeten als infants desenvolupar sensorialment les seves habilitats musicals com l&#8217;oïda, el ritme, la veu i el moviment del cos.</p>
<p><strong><span style="color: #008080;">Iniciació musical</span></strong><br />
Aquest programa va adreçat a nens i nenes a partir de 6 anys. Consta de dos cursos on es treballa bàsicament, la interiorització de la pulsació, el ritme, la veu i l&#8217;oïda. En  el primer curs es poden provar tots els instruments que ofereix el centre (fent roda d&#8217;instruments), o bé iniciar-se en l&#8217;estudi d&#8217;un instrument. La durada setmanal és de 2 sessions de llenguatge musical de 60 minuts i 30 minuts d&#8217;instrument.</p>
<p><strong><span style="color: #008080;">Nivell elemental </span></strong><br />
Aquest programa requereix haver realitzat, com a mínim, un curs d&#8217;iniciació musical. Està dividit en quatre cursos on es pretén adquirir els elements bàsics del llenguatge musical, instrumental i la pràctica en grup.  En finalitzar aquest programa s&#8217;ofereix la possibilitat de realitzar la prova d&#8217;accés al grau mitjà de música en un conservatori o centre autoritzat.</p>
<p><em>Dedicació:</em></p>
<ul>
<li>1r i 2n de NE &#8211; 2,5h de llenguatge musical repartits en dues sessions i 30 minuts d&#8217;instrument.</li>
<li>3r de NE &#8211; 2,5h de llenguatge musical repartits en dues sessions, 45 minuts d&#8217;instrument i 60 minuts de conjunt instrumental.</li>
<li>4t de NE &#8211; 2,5h de llenguatge musical repartits en dues sessions, 60 minuts d&#8217;instrument i 60 minuts de conjunt instrumental.</li>
</ul>
<p><strong><span style="color: #008080;">Nivell mitjà </span></strong><br />
Aquest programa requereix haver superat el nivell elemental. El nostre centre està autoritzat per impartir els dos primers cursos on es pretén profunditzar i ampliar els coneixements musicals per enriquiment personal o per a professionalitzar-se si hom vol.</p>
<p><em>Dedicació:</em></p>
<ul>
<li>1r i 2n de NM &#8211; 2 h de llenguatge musical, 1 h d&#8217;instrument, 1h i 15 minuts de conjunt instrumental. A més, es poden triar assignatures opcionals com: 1h de cor de cambra, 1/2h de segon instrument.</li>
</ul>
<p><strong><span style="color: #008080;">Aula de música</span></strong><br />
Aquest programa està adreçat a alumnes a partir de 12 anys amb o sense coneixements de música</p>
<p><em>Dedicació:</em></p>
<ul>
<li>Poden cursar opcionalment: de 1/2 a 3/4h (segons determini el centre) d&#8217;instrument, de 1/2 a 1h (segons el nombre d&#8217;alumnes) de llenguatge musical, 1h de conjunt instrumental (segons nivell d&#8217;instrument), 1/2h de segon instrument.</li>
</ul>

<p>Música per a nadons<br />
<a href="http://blocs.xtec.cat/emms/files/2011/12/DSC00930.jpg"></a>És un programa d&#8217;estimulació musical on els nadons, acompanyats d&#8217;un familiar, desenvolupen la sensibilitat, la creativitat, les capacitats cognitives i emocionals a través de la música. A través de les cançons, els jocs de falda, el moviment i els diferents elements&hellip;  <a href="https://agora.xtec.cat/escmus-santpedor/programes/" title="Read Programes">Llegeix més»</a></p>
