{"id":1416,"date":"2022-03-02T19:17:09","date_gmt":"2022-03-02T18:17:09","guid":{"rendered":"https:\/\/agora.xtec.cat\/escmus-santpedor\/?page_id=1416"},"modified":"2026-04-15T19:33:41","modified_gmt":"2026-04-15T17:33:41","slug":"pagina-dinici","status":"publish","type":"page","link":"https:\/\/agora.xtec.cat\/escmus-santpedor\/","title":{"rendered":"PORTES OBERTES"},"content":{"rendered":"<h3 style=\"text-align: center;\"><span style=\"color: #000000;\">Dimarts 5 de maig a les 17.30 h.<\/span><\/h3>\n<h3 style=\"text-align: center;\"><span style=\"color: #000000;\">Dimecres 6 de maig a les 17.30 h.<\/span><\/h3>\n<h3 style=\"text-align: center;\"><span style=\"color: #000000;\">Dijous 7 de maig a les 19.00 h.<\/span><\/h3>\n<h3 style=\"text-align: center;\"><span style=\"color: #000000;\">Divendres 8 de maig a les 18.00 h.<\/span><\/h3>\n<h3 style=\"text-align: center;\"><span style=\"color: #800080;\">Punt de trobada: vest\u00edbul del 2n pis.<\/span><\/h3>\n<h2><\/h2>\n<h2><\/h2>\n<h2 style=\"text-align: center;\"><span style=\"color: #993366;\"><strong>CALENDARI DEL PROC\u00c9S DE PREINSCRIPCI\u00d3 I MATRICULACI\u00d3<\/strong><\/span><\/h2>\n<table style=\"width: 96.5166%; height: 210px;\">\n<tbody>\n<tr style=\"height: 33px;\">\n<td style=\"height: 33px; width: 554.469px; text-align: center;\"><strong>Preinscripcions de nous alumnes<\/strong><\/td>\n<\/tr>\n<tr style=\"height: 33px;\">\n<td style=\"height: 33px; width: 554.469px; text-align: center;\">Del 5 al 15 de maig \u2013 Inscripci\u00f3 ciutadana des d&#8217;enlla\u00e7 a la web o presencial<\/td>\n<\/tr>\n<tr style=\"height: 33px;\">\n<td style=\"height: 33px; width: 554.469px; text-align: center;\">25 de maig \u2013 Publicaci\u00f3 de les llistes amb barems<\/td>\n<\/tr>\n<tr style=\"height: 33px;\">\n<td style=\"height: 33px; width: 554.469px; text-align: center;\">Del 27 al 29 de maig \u2013 Per\u00edode de reclamaci\u00f3 de barems<\/td>\n<\/tr>\n<tr style=\"height: 33px;\">\n<td style=\"height: 33px; width: 554.469px; text-align: center;\">8 de juny \u2013 Publicaci\u00f3 de les llistes definitives<\/td>\n<\/tr>\n<\/tbody>\n<\/table>\n<p>&nbsp;<\/p>\n<table style=\"width: 96.5783%; height: 136px;\">\n<tbody>\n<tr>\n<td style=\"text-align: center;\" width=\"566\"><strong>Matr\u00edcules<\/strong><\/td>\n<\/tr>\n<tr>\n<td width=\"566\">\n<p style=\"text-align: center;\">Del 25 de juny al 6 de juliol de 19.00 a 21.00 h.<\/p>\n<p style=\"text-align: center;\">Amb cita pr\u00e8via<\/p>\n<\/td>\n<\/tr>\n<\/tbody>\n<\/table>\n<p>&nbsp;<\/p>\n<p>&nbsp;<\/p>\n<p>&nbsp;<\/p>\n","protected":false},"excerpt":{"rendered":"<p>Dimarts 5 de maig a les 17.30 h.<br \/>\nDimecres 6 de maig a les 17.30 h.<br \/>\nDijous 7 de maig a les 19.00 h.<br \/>\nDivendres 8 de maig a les 18.00 h.<br \/>\nPunt de trobada: vest\u00edbul del 2n pis.<\/p>\n<p>CALENDARI DEL PROC\u00c9S DE PREINSCRIPCI\u00d3 I MATRICULACI\u00d3<\/p>\n<p>Preinscripcions de nous alumnes<\/p>\n<p>Del 5&hellip;  <a href=\"https:\/\/agora.xtec.cat\/escmus-santpedor\/\" title=\"Read PORTES OBERTES\">Llegeix m\u00e9s\u00bb<\/a><\/p>\n","protected":false},"author":1,"featured_media":0,"parent":0,"menu_order":0,"comment_status":"closed","ping_status":"closed","template":"","meta":{"_bbp_topic_count":0,"_bbp_reply_count":0,"_bbp_total_topic_count":0,"_bbp_total_reply_count":0,"_bbp_voice_count":0,"_bbp_anonymous_reply_count":0,"_bbp_topic_count_hidden":0,"_bbp_reply_count_hidden":0,"_bbp_forum_subforum_count":0,"footnotes":""},"class_list":["post-1416","page","type-page","status-publish","hentry"],"post_mailing_queue_ids":[],"_links":{"self":[{"href":"https:\/\/agora.xtec.cat\/escmus-santpedor\/wp-json\/wp\/v2\/pages\/1416","targetHints":{"allow":["GET"]}}],"collection":[{"href":"https:\/\/agora.xtec.cat\/escmus-santpedor\/wp-json\/wp\/v2\/pages"}],"about":[{"href":"https:\/\/agora.xtec.cat\/escmus-santpedor\/wp-json\/wp\/v2\/types\/page"}],"author":[{"embeddable":true,"href":"https:\/\/agora.xtec.cat\/escmus-santpedor\/wp-json\/wp\/v2\/users\/1"}],"replies":[{"embeddable":true,"href":"https:\/\/agora.xtec.cat\/escmus-santpedor\/wp-json\/wp\/v2\/comments?post=1416"}],"version-history":[{"count":6,"href":"https:\/\/agora.xtec.cat\/escmus-santpedor\/wp-json\/wp\/v2\/pages\/1416\/revisions"}],"predecessor-version":[{"id":2431,"href":"https:\/\/agora.xtec.cat\/escmus-santpedor\/wp-json\/wp\/v2\/pages\/1416\/revisions\/2431"}],"wp:attachment":[{"href":"https:\/\/agora.xtec.cat\/escmus-santpedor\/wp-json\/wp\/v2\/media?parent=1416"}],"curies":[{"name":"wp","href":"https:\/\/api.w.org\/{rel}","templated":true}]}}

<h3 style="text-align: center;"><span style="color: #000000;">Dimarts 5 de maig a les 17.30 h.</span></h3>
<h3 style="text-align: center;"><span style="color: #000000;">Dimecres 6 de maig a les 17.30 h.</span></h3>
<h3 style="text-align: center;"><span style="color: #000000;">Dijous 7 de maig a les 19.00 h.</span></h3>
<h3 style="text-align: center;"><span style="color: #000000;">Divendres 8 de maig a les 18.00 h.</span></h3>
<h3 style="text-align: center;"><span style="color: #800080;">Punt de trobada: vestíbul del 2n pis.</span></h3>
<h2></h2>
<h2></h2>
<h2 style="text-align: center;"><span style="color: #993366;"><strong>CALENDARI DEL PROCÉS DE PREINSCRIPCIÓ I MATRICULACIÓ</strong></span></h2>
<table style="width: 96.5166%; height: 210px;">
<tbody>
<tr style="height: 33px;">
<td style="height: 33px; width: 554.469px; text-align: center;"><strong>Preinscripcions de nous alumnes</strong></td>
</tr>
<tr style="height: 33px;">
<td style="height: 33px; width: 554.469px; text-align: center;">Del 5 al 15 de maig – Inscripció ciutadana des d&#8217;enllaç a la web o presencial</td>
</tr>
<tr style="height: 33px;">
<td style="height: 33px; width: 554.469px; text-align: center;">25 de maig – Publicació de les llistes amb barems</td>
</tr>
<tr style="height: 33px;">
<td style="height: 33px; width: 554.469px; text-align: center;">Del 27 al 29 de maig – Període de reclamació de barems</td>
</tr>
<tr style="height: 33px;">
<td style="height: 33px; width: 554.469px; text-align: center;">8 de juny – Publicació de les llistes definitives</td>
</tr>
</tbody>
</table>
<p>&nbsp;</p>
<table style="width: 96.5783%; height: 136px;">
<tbody>
<tr>
<td style="text-align: center;" width="566"><strong>Matrícules</strong></td>
</tr>
<tr>
<td width="566">
<p style="text-align: center;">Del 25 de juny al 6 de juliol de 19.00 a 21.00 h.</p>
<p style="text-align: center;">Amb cita prèvia</p>
</td>
</tr>
</tbody>
</table>
<p>&nbsp;</p>
<p>&nbsp;</p>
<p>&nbsp;</p>

<p>Dimarts 5 de maig a les 17.30 h.<br />
Dimecres 6 de maig a les 17.30 h.<br />
Dijous 7 de maig a les 19.00 h.<br />
Divendres 8 de maig a les 18.00 h.<br />
Punt de trobada: vestíbul del 2n pis.</p>
<p>CALENDARI DEL PROCÉS DE PREINSCRIPCIÓ I MATRICULACIÓ</p>
<p>Preinscripcions de nous alumnes</p>
<p>Del 5&hellip;  <a href="https://agora.xtec.cat/escmus-santpedor/" title="Read PORTES OBERTES">Llegeix més»</a></p>
