{"id":618,"date":"2020-03-20T09:31:12","date_gmt":"2020-03-20T08:31:12","guid":{"rendered":"https:\/\/agora.xtec.cat\/escmontsant-labisbaldefalset\/?page_id=618"},"modified":"2020-03-31T16:02:36","modified_gmt":"2020-03-31T14:02:36","slug":"treballem-desde-casa-grans","status":"publish","type":"page","link":"https:\/\/agora.xtec.cat\/escmontsant-labisbaldefalset\/pagina-dinici-buida\/treballem-desde-casa-grans\/","title":{"rendered":"Treballem des de casa"},"content":{"rendered":"<p>Durant els dies que duri el tancament de les escoles, \u00e9s recomanable que els alumnes segueixin fent activitats. Ja portem portem uns dies de confinament i mentre duri us anirem fent noves propostes. En aquest apartat teniu propostes per als alumnes de totes les edats.<\/p>\n<ul>\n<li><b>D\u00f3na la nota!!<\/b>: Us proposem aprendre i practicar la can\u00e7\u00f3 <a href=\"https:\/\/www.youtube.com\/watch?v=z5csyfS5B_o&amp;feature=youtu.be\" target=\"_blank\" rel=\"noopener noreferrer\">&#8220;No ens desdibuixeu&#8221;<\/a> per tal que el proper dia 5 de juny, a les 11 del mat\u00ed, coincidint amb el dia mundial del Medi Ambient, cantem tots junts la can\u00e7\u00f3 als patis de les escoles de tot el territori de Catalunya. Amb <a href=\"https:\/\/projectes.xtec.cat\/encara-hi-som-a-temps\/\" target=\"_blank\" rel=\"noopener noreferrer\">aquesta iniciativa<\/a> es pret\u00e9n que nens i nenes, nois i noies dels centres educatius de Catalunya prenguin consci\u00e8ncia sobre el moment que vivim d\u2019emerg\u00e8ncia clim\u00e0tica i ambiental, i participin de forma activa en el seu entorn m\u00e9s proper.<\/li>\n<li><strong>Fer exercici:<\/strong> En aquest<span style=\"font-family: inherit; font-size: 1em;\">\u00a0<a href=\"https:\/\/docs.google.com\/document\/d\/1Pm-7W7ye25xVnbjh8IkMX7BhKz9dlZkMRMso72YSQBI\/edit?usp=sharing\" target=\"_blank\" rel=\"noopener noreferrer\">enlla\u00e7<\/a> trobareu diferents propostes d\u2019activitats per tal de poder exercir el moviment I l\u2019activitat f\u00edsica des de casa. <a href=\"https:\/\/drive.google.com\/file\/d\/1qKvVdh1YWr95gB0FUL_lOg3r5wvcA596\/view?usp=sharing\" target=\"_blank\" rel=\"noopener noreferrer\">Aqu\u00ed<\/a> tamb\u00e9 trobareu activitats que dee ben segur que us agradaran i activareu el vostre cos! \u00c9s molt important en aquests dies que no podem moure\u2019ns de casa i, sobretot podeu fer-les amb vostra fam\u00edlia! Endavant!<\/span><\/li>\n<li><strong>\u00a0<span style=\"font-family: inherit; font-size: 1em;\">Participa en el concurs de dibuix Les bestioles del jard\u00ed!:\u00a0<\/span><\/strong><span style=\"font-family: inherit; font-size: 1em;\">Animallibres ha organitzat un concurs de dibuix per celebrar els 10 anys de la col\u00b7lecci\u00f3, &#8220;Les bestioles del jard\u00ed&#8221;, de Gemma Armengol i \u00d2scar Julve.\u00a0<\/span><span style=\"font-family: inherit; font-size: 1em;\">Us agrada pintar? Envieu els dibuixos protagonitzats per la marieta Antonieta i els seus amics vivint alguna aventura! No hem llegit els <a href=\"https:\/\/animallibres.cat\/4371-les-bestioles-del-jardi?utm_campaign=but_concurs-bestioles_allarguem-termini&amp;utm_medium=email&amp;utm_source=acumbamail\" target=\"_blank\" rel=\"noopener noreferrer\">llibres<\/a>; per\u00f2 podeu dibuixar diferents insectes vivint una aventura. Podeu trobar les bases <a href=\"http:\/\/animallibres.cat\/pub\/premsa_Animallibres\/Bases_concurs_Bestioles_Jardi_Animallibres_fan_10_anys.pdf?utm_campaign=but_concurs-bestioles_allarguem-termini&amp;utm_medium=email&amp;utm_source=acumbamail\" target=\"_blank\" rel=\"noopener noreferrer\">aqu\u00ed.<\/a>\u00a0Per trobar inspiraci\u00f3 podeu visualitzar aquests v\u00eddeos del canal <a href=\"https:\/\/www.youtube.com\/results?search_query=happy+learning+insectos\" target=\"_blank\" rel=\"noopener noreferrer\">Happy learning de youtube<\/a>.<\/span><\/li>\n<\/ul>\n<p>Des d&#8217;aquests enlla\u00e7os podeu accedir a les propostes per a les diferents edats.<\/p>\n<ul>\n<li><a href=\"https:\/\/agora.xtec.cat\/escmontsant-labisbaldefalset\/pagina-dinici-buida\/treballem-desde-casa-grans\/treballem-desde-casa-petits\/\">TREBALLEM DES DE CASA (PETITS)<\/a><\/li>\n<li><a href=\"https:\/\/agora.xtec.cat\/escmontsant-labisbaldefalset\/pagina-dinici-buida\/treballem-desde-casa-grans\/treballem-des-de-casa-grans\/\">TREBALLEM DES DE CASA (GRANS<\/a>)<\/li>\n<\/ul>\n<p>El Departament d&#8217;Educacio ha publicat unes orientacions per a les diferents etapes:<\/p>\n<ul>\n<li><a href=\"https:\/\/agora.xtec.cat\/escjoanardevol\/wp-content\/uploads\/usu550\/2020\/03\/Orientacions-Ed-Infantil-rev.pdf\" target=\"_blank\" rel=\"noopener noreferrer\">ORIENTACIONS DE TREBALL PER A EDUCACI\u00d3 INFANTIL<\/a> (Departament d\u2019Educaci\u00f3)<\/li>\n<li><a href=\"https:\/\/agora.xtec.cat\/escjoanardevol\/wp-content\/uploads\/usu550\/2020\/03\/Orientacions-Ed-Primaria.pdf\" target=\"_blank\" rel=\"noopener noreferrer\">ORIENTACIONS DE TREBALL PER A EDUCACI\u00d3 PRIM\u00c0RIA<\/a> (Departament d\u2019Educaci\u00f3)<\/li>\n<\/ul>\n<p>&nbsp;<\/p>\n","protected":false},"excerpt":{"rendered":"<p>Durant els dies que duri el tancament de les escoles, \u00e9s recomanable que els alumnes segueixin fent activitats. Ja portem portem uns dies de confinament i mentre duri us anirem fent noves propostes. En aquest apartat teniu propostes per als alumnes de totes les edats.<\/p>\n<ul>\n<li>D\u00f3na&hellip;  <a href=\"https:\/\/agora.xtec.cat\/escmontsant-labisbaldefalset\/pagina-dinici-buida\/treballem-desde-casa-grans\/\" title=\"Read Treballem des de casa\">Llegeix m\u00e9s\u00bb<\/a><br \/>\n","protected":false},"author":1,"featured_media":0,"parent":9,"menu_order":50,"comment_status":"closed","ping_status":"closed","template":"","meta":{"_bbp_topic_count":0,"_bbp_reply_count":0,"_bbp_total_topic_count":0,"_bbp_total_reply_count":0,"_bbp_voice_count":0,"_bbp_anonymous_reply_count":0,"_bbp_topic_count_hidden":0,"_bbp_reply_count_hidden":0,"_bbp_forum_subforum_count":0,"footnotes":""},"class_list":["post-618","page","type-page","status-publish","hentry"],"post_mailing_queue_ids":[],"_links":{"self":[{"href":"https:\/\/agora.xtec.cat\/escmontsant-labisbaldefalset\/wp-json\/wp\/v2\/pages\/618","targetHints":{"allow":["GET"]}}],"collection":[{"href":"https:\/\/agora.xtec.cat\/escmontsant-labisbaldefalset\/wp-json\/wp\/v2\/pages"}],"about":[{"href":"https:\/\/agora.xtec.cat\/escmontsant-labisbaldefalset\/wp-json\/wp\/v2\/types\/page"}],"author":[{"embeddable":true,"href":"https:\/\/agora.xtec.cat\/escmontsant-labisbaldefalset\/wp-json\/wp\/v2\/users\/1"}],"replies":[{"embeddable":true,"href":"https:\/\/agora.xtec.cat\/escmontsant-labisbaldefalset\/wp-json\/wp\/v2\/comments?post=618"}],"version-history":[{"count":4,"href":"https:\/\/agora.xtec.cat\/escmontsant-labisbaldefalset\/wp-json\/wp\/v2\/pages\/618\/revisions"}],"predecessor-version":[{"id":795,"href":"https:\/\/agora.xtec.cat\/escmontsant-labisbaldefalset\/wp-json\/wp\/v2\/pages\/618\/revisions\/795"}],"up":[{"embeddable":true,"href":"https:\/\/agora.xtec.cat\/escmontsant-labisbaldefalset\/wp-json\/wp\/v2\/pages\/9"}],"wp:attachment":[{"href":"https:\/\/agora.xtec.cat\/escmontsant-labisbaldefalset\/wp-json\/wp\/v2\/media?parent=618"}],"curies":[{"name":"wp","href":"https:\/\/api.w.org\/{rel}","templated":true}]}}