{"id":28,"date":"2014-09-18T12:29:35","date_gmt":"2014-09-18T11:29:35","guid":{"rendered":"http:\/\/agora.xtec.cat\/escmm-viladecavalls\/?page_id=28"},"modified":"2022-04-08T10:29:39","modified_gmt":"2022-04-08T08:29:39","slug":"consell-escolar","status":"publish","type":"page","link":"https:\/\/agora.xtec.cat\/escmm-viladecavalls\/lescola\/consell-escolar\/","title":{"rendered":"Consell escolar"},"content":{"rendered":"<div class=\"page\" title=\"Page 1\">\n<div class=\"layoutArea\">\n<div class=\"column\">\n<p>El consell escolar del centre est\u00e0 constitu\u00eft pels nous representants sorgits del proc\u00e9s electoral realitzat el 2018, els membres s\u00f3n els seg\u00fcents:<\/p>\n<ul>\n<li>Director\/a: <strong>Jordi Oll\u00e9<\/strong><\/li>\n<li>Cap d&#8217;estudis i secret\u00e0ria: <strong>Blanca Montoliu<\/strong><\/li>\n<li>Representant de l&#8217;Ajuntament: <strong>Marc Gonzalez\u00a0<\/strong><\/li>\n<li>Representant de l&#8217;alumnat: <strong>Alba Pasqual <\/strong>i <strong>Carla Matarin<\/strong><\/li>\n<li>Representant de l&#8217;AMPA: <strong>Emili Mu\u00f1oz<\/strong><\/li>\n<li>Representant de pares i mares: <strong>Javier Guti\u00e9rrez<\/strong><\/li>\n<li>Representant del PAS: <strong>Magdalena N\u00fa\u00f1ez<\/strong><\/li>\n<li>Representant del professorat: <strong>Elisenda Dur\u00e0<\/strong>, <strong>H\u00e9ctor Can\u00f3s,<\/strong>\u00a0<strong>Raimon Torio<\/strong>.i <strong>F\u00e0tima Mir\u00f3<\/strong><\/li>\n<\/ul>\n<p>&nbsp;<\/p>\n<p>&nbsp;<\/p>\n<\/div>\n<\/div>\n<\/div>\n","protected":false},"excerpt":{"rendered":"<p>El consell escolar del centre est\u00e0 constitu\u00eft pels nous representants sorgits del proc\u00e9s electoral realitzat el 2018, els membres s\u00f3n els seg\u00fcents:<\/p>\n<ul>\n<li>Director\/a: Jordi Oll\u00e9<\/li>\n<li>Cap d&#8217;estudis i secret\u00e0ria: Blanca Montoliu<\/li>\n<li>Representant de l&#8217;Ajuntament: Marc Gonzalez\u00a0<\/li>\n<li>Representant de l&#8217;alumnat: Alba Pasqual i Carla Matarin<\/li>\n<li>Representant de l&#8217;AMPA: Emili Mu\u00f1oz<\/li>\n<li>Representant de&hellip;  <a href=\"https:\/\/agora.xtec.cat\/escmm-viladecavalls\/lescola\/consell-escolar\/\" title=\"Read Consell escolar\">Llegeix m\u00e9s\u00bb<\/a><br \/>\n","protected":false},"author":1,"featured_media":0,"parent":22,"menu_order":30,"comment_status":"closed","ping_status":"closed","template":"page-templates\/side-menu.php","meta":{"_bbp_topic_count":0,"_bbp_reply_count":0,"_bbp_total_topic_count":0,"_bbp_total_reply_count":0,"_bbp_voice_count":0,"_bbp_anonymous_reply_count":0,"_bbp_topic_count_hidden":0,"_bbp_reply_count_hidden":0,"_bbp_forum_subforum_count":0,"footnotes":""},"class_list":["post-28","page","type-page","status-publish","hentry"],"post_mailing_queue_ids":[],"_links":{"self":[{"href":"https:\/\/agora.xtec.cat\/escmm-viladecavalls\/wp-json\/wp\/v2\/pages\/28","targetHints":{"allow":["GET"]}}],"collection":[{"href":"https:\/\/agora.xtec.cat\/escmm-viladecavalls\/wp-json\/wp\/v2\/pages"}],"about":[{"href":"https:\/\/agora.xtec.cat\/escmm-viladecavalls\/wp-json\/wp\/v2\/types\/page"}],"author":[{"embeddable":true,"href":"https:\/\/agora.xtec.cat\/escmm-viladecavalls\/wp-json\/wp\/v2\/users\/1"}],"replies":[{"embeddable":true,"href":"https:\/\/agora.xtec.cat\/escmm-viladecavalls\/wp-json\/wp\/v2\/comments?post=28"}],"version-history":[{"count":4,"href":"https:\/\/agora.xtec.cat\/escmm-viladecavalls\/wp-json\/wp\/v2\/pages\/28\/revisions"}],"predecessor-version":[{"id":1354,"href":"https:\/\/agora.xtec.cat\/escmm-viladecavalls\/wp-json\/wp\/v2\/pages\/28\/revisions\/1354"}],"up":[{"embeddable":true,"href":"https:\/\/agora.xtec.cat\/escmm-viladecavalls\/wp-json\/wp\/v2\/pages\/22"}],"wp:attachment":[{"href":"https:\/\/agora.xtec.cat\/escmm-viladecavalls\/wp-json\/wp\/v2\/media?parent=28"}],"curies":[{"name":"wp","href":"https:\/\/api.w.org\/{rel}","templated":true}]}}