{"id":1734,"date":"2025-05-05T11:20:04","date_gmt":"2025-05-05T09:20:04","guid":{"rendered":"https:\/\/agora.xtec.cat\/escmm-viladecavalls\/?page_id=1734"},"modified":"2025-06-21T18:26:16","modified_gmt":"2025-06-21T16:26:16","slug":"preinscripcions-25-26","status":"publish","type":"page","link":"https:\/\/agora.xtec.cat\/escmm-viladecavalls\/preinscripcions-25-26\/","title":{"rendered":"PREINSCRIPCIONS 25-26"},"content":{"rendered":"<p>TOTES LES DATES<\/p>\n<p>1.- Publicaci\u00f3 places ofertades 12 de maig de 2025 &#8211; <a href=\"https:\/\/agora.xtec.cat\/escmm-viladecavalls\/wp-content\/uploads\/usu1965\/2021\/06\/kisspng-pdf-computer-icons-theme-clip-art-cool-business-card-background-5ad9c5229be025.6179710115242212186385.png\"><img loading=\"lazy\" decoding=\"async\" class=\"alignnone wp-image-1207\" src=\"https:\/\/agora.xtec.cat\/escmm-viladecavalls\/wp-content\/uploads\/usu1965\/2021\/06\/kisspng-pdf-computer-icons-theme-clip-art-cool-business-card-background-5ad9c5229be025.6179710115242212186385.png\" alt=\"\" width=\"16\" height=\"16\" srcset=\"https:\/\/agora.xtec.cat\/escmm-viladecavalls\/wp-content\/uploads\/usu1965\/2021\/06\/kisspng-pdf-computer-icons-theme-clip-art-cool-business-card-background-5ad9c5229be025.6179710115242212186385.png 507w, https:\/\/agora.xtec.cat\/escmm-viladecavalls\/wp-content\/uploads\/usu1965\/2021\/06\/kisspng-pdf-computer-icons-theme-clip-art-cool-business-card-background-5ad9c5229be025.6179710115242212186385-150x150.png 150w, https:\/\/agora.xtec.cat\/escmm-viladecavalls\/wp-content\/uploads\/usu1965\/2021\/06\/kisspng-pdf-computer-icons-theme-clip-art-cool-business-card-background-5ad9c5229be025.6179710115242212186385-297x300.png 297w\" sizes=\"auto, (max-width: 16px) 100vw, 16px\" \/><\/a><a href=\"https:\/\/agora.xtec.cat\/escmm-viladecavalls\/wp-content\/uploads\/usu1965\/2025\/05\/OFERTA-PLACES-25-26.pdf\">OFERTA PLACES 25-26<\/a><\/p>\n<p>2.- Calendari de preinscripci\u00f3 a places vacants<\/p>\n<p>&#8211; Per\u00edode de preinscripci\u00f3, telem\u00e0ticament Del 12 al 31 de maig de 2025<\/p>\n<p style=\"padding-left: 40px;\"><strong><span style=\"color: #0000ff;\"><a style=\"color: #0000ff;\" href=\"https:\/\/forms.office.com\/e\/sACXqLDjR2\">ALUMNAT DE CONTITU\u00cfTAT &#8211; ACC\u00c9S AL TR\u00c0MIT<\/a><\/span><\/strong><\/p>\n<p style=\"padding-left: 40px;\"><a href=\"https:\/\/forms.office.com\/e\/rAAXsMZP9U\"><strong><span style=\"color: #ff0000;\">NOU INGR\u00c9S &#8211; ACC\u00c9S AL TR\u00c0MIT<\/span><\/strong><\/a><\/p>\n<p>&#8211; Per\u00edode de preinscripci\u00f3, amb suport presencial al centre Del 12 al 31 de maig de 2025<\/p>\n<p>&#8211; Publicaci\u00f3 del llistat d\u2019inscrits, nom\u00e9s consultable a trav\u00e9s de la p\u00e0gina web 3 de juny de 2025<\/p>\n<p>&#8211; Publicaci\u00f3 relaci\u00f3 baremada de sol\u00b7licituds, a la p\u00e0gina web de l\u2019escola. 4 de juny de 2025 <strong><span style=\"color: #ff0000;\"><a style=\"color: #ff0000;\" href=\"https:\/\/agora.xtec.cat\/escmm-viladecavalls\/wp-content\/uploads\/usu1965\/2025\/06\/Resultat-sorteig-25-26-nou-alumnat-1.pdf\">CONSULTA<\/a><\/span><\/strong><\/p>\n<p>&#8211; Termini de reclamaci\u00f3 a les relacions baremades, presencial, amb cita pr\u00e8via. Del 4 al 9 de juny de 2025<\/p>\n<p>&#8211; Sorteig ordre d\u2019inscrits (p\u00fablic) 10 de juny de 2025 <strong><span style=\"color: #ff0000;\"><a style=\"color: #ff0000;\" href=\"https:\/\/agora.xtec.cat\/escmm-viladecavalls\/wp-content\/uploads\/usu1965\/2025\/06\/Resultat-sorteig-25-26-nou-alumnat-1.pdf\">CONSULTA<\/a><\/span><\/strong><\/p>\n<p>&#8211; Publicaci\u00f3 relaci\u00f3 d\u2019alumnat adm\u00e8s Consulta online. Presencial, nom\u00e9s amb cita pr\u00e8via. 11 de juny de 2025<\/p>\n<p>&#8211; Exercici musical a partir dels 8 anys De l\u201911 al 13 de juny de 2025<\/p>\n<p>3.- Calendari de matr\u00edcula d\u2019alumnat de continu\u00eftat Del 2 al 13 de juny de 2025<\/p>\n<p>4.- Calendari de matr\u00edcula dels nous admesos Del 16 al 30 de juny de 2025<\/p>\n","protected":false},"excerpt":{"rendered":"<p>TOTES LES DATES<br \/>\n1.- Publicaci\u00f3 places ofertades 12 de maig de 2025 &#8211; <a href=\"https:\/\/agora.xtec.cat\/escmm-viladecavalls\/wp-content\/uploads\/usu1965\/2021\/06\/kisspng-pdf-computer-icons-theme-clip-art-cool-business-card-background-5ad9c5229be025.6179710115242212186385.png\"><\/a><a href=\"https:\/\/agora.xtec.cat\/escmm-viladecavalls\/wp-content\/uploads\/usu1965\/2025\/05\/OFERTA-PLACES-25-26.pdf\">OFERTA PLACES 25-26<\/a><br \/>\n2.- Calendari de preinscripci\u00f3 a places vacants<br \/>\n&#8211; Per\u00edode de preinscripci\u00f3, telem\u00e0ticament Del 12 al 31 de maig de 2025<br \/>\n<a style=\"color: #0000ff;\" href=\"https:\/\/forms.office.com\/e\/sACXqLDjR2\">ALUMNAT DE CONTITU\u00cfTAT &#8211; ACC\u00c9S AL TR\u00c0MIT<\/a><br \/>\n<a href=\"https:\/\/forms.office.com\/e\/rAAXsMZP9U\">NOU&hellip;  <a href=\"https:\/\/agora.xtec.cat\/escmm-viladecavalls\/preinscripcions-25-26\/\" title=\"Read PREINSCRIPCIONS 25-26\">Llegeix m\u00e9s\u00bb<\/a><\/p>\n","protected":false},"author":1,"featured_media":0,"parent":0,"menu_order":0,"comment_status":"closed","ping_status":"closed","template":"","meta":{"_bbp_topic_count":0,"_bbp_reply_count":0,"_bbp_total_topic_count":0,"_bbp_total_reply_count":0,"_bbp_voice_count":0,"_bbp_anonymous_reply_count":0,"_bbp_topic_count_hidden":0,"_bbp_reply_count_hidden":0,"_bbp_forum_subforum_count":0,"footnotes":""},"class_list":["post-1734","page","type-page","status-publish","hentry"],"post_mailing_queue_ids":[],"_links":{"self":[{"href":"https:\/\/agora.xtec.cat\/escmm-viladecavalls\/wp-json\/wp\/v2\/pages\/1734","targetHints":{"allow":["GET"]}}],"collection":[{"href":"https:\/\/agora.xtec.cat\/escmm-viladecavalls\/wp-json\/wp\/v2\/pages"}],"about":[{"href":"https:\/\/agora.xtec.cat\/escmm-viladecavalls\/wp-json\/wp\/v2\/types\/page"}],"author":[{"embeddable":true,"href":"https:\/\/agora.xtec.cat\/escmm-viladecavalls\/wp-json\/wp\/v2\/users\/1"}],"replies":[{"embeddable":true,"href":"https:\/\/agora.xtec.cat\/escmm-viladecavalls\/wp-json\/wp\/v2\/comments?post=1734"}],"version-history":[{"count":5,"href":"https:\/\/agora.xtec.cat\/escmm-viladecavalls\/wp-json\/wp\/v2\/pages\/1734\/revisions"}],"predecessor-version":[{"id":1876,"href":"https:\/\/agora.xtec.cat\/escmm-viladecavalls\/wp-json\/wp\/v2\/pages\/1734\/revisions\/1876"}],"wp:attachment":[{"href":"https:\/\/agora.xtec.cat\/escmm-viladecavalls\/wp-json\/wp\/v2\/media?parent=1734"}],"curies":[{"name":"wp","href":"https:\/\/api.w.org\/{rel}","templated":true}]}}