{"id":12051,"date":"2022-11-15T18:22:09","date_gmt":"2022-11-15T17:22:09","guid":{"rendered":"https:\/\/agora.xtec.cat\/escminyonsdurgell\/?page_id=12051"},"modified":"2023-03-23T15:12:27","modified_gmt":"2023-03-23T14:12:27","slug":"podcasts","status":"publish","type":"page","link":"https:\/\/agora.xtec.cat\/escminyonsdurgell\/radio-minyons\/podcasts\/","title":{"rendered":"P\u00f2dcasts de Fondarella"},"content":{"rendered":"<p>En aquest espai anirem publicant els p\u00f2dcasts creats i gravats per l&#8217;alumnat de l&#8217;escola.<\/p>\n<p>FONDARELLA DES DE LES ONES &#8211; &#8220;El nostre municipi&#8221;<\/p>\n<!--[if lt IE 9]><script>document.createElement('audio');<\/script><![endif]-->\n<audio class=\"wp-audio-shortcode\" id=\"audio-12051-1\" preload=\"none\" style=\"width: 100%;\" controls=\"controls\"><source type=\"audio\/mpeg\" src=\"https:\/\/agora.xtec.cat\/escminyonsdurgell\/wp-content\/uploads\/usu1036\/2022\/11\/FONDARELLA-DES-DE-LES-ONES-El-Nostre-Municipi.mp3?_=1\" \/><a href=\"https:\/\/agora.xtec.cat\/escminyonsdurgell\/wp-content\/uploads\/usu1036\/2022\/11\/FONDARELLA-DES-DE-LES-ONES-El-Nostre-Municipi.mp3\">https:\/\/agora.xtec.cat\/escminyonsdurgell\/wp-content\/uploads\/usu1036\/2022\/11\/FONDARELLA-DES-DE-LES-ONES-El-Nostre-Municipi.mp3<\/a><\/audio>\n<p>&nbsp;<\/p>\n<p>FONDARELLA DES DE LES ONES &#8211; &#8220;Les associacions de Fondarella&#8221;<\/p>\n<p>Entrevista a l&#8217;Associaci\u00f3 de Fam\u00edlies CEIP Minyons d&#8217;Urgell<\/p>\n<audio class=\"wp-audio-shortcode\" id=\"audio-12051-2\" preload=\"none\" style=\"width: 100%;\" controls=\"controls\"><source type=\"audio\/mpeg\" src=\"https:\/\/agora.xtec.cat\/escminyonsdurgell\/wp-content\/uploads\/usu1036\/2023\/03\/ENTREVISTA-AFA.mp3?_=2\" \/><a href=\"https:\/\/agora.xtec.cat\/escminyonsdurgell\/wp-content\/uploads\/usu1036\/2023\/03\/ENTREVISTA-AFA.mp3\">https:\/\/agora.xtec.cat\/escminyonsdurgell\/wp-content\/uploads\/usu1036\/2023\/03\/ENTREVISTA-AFA.mp3<\/a><\/audio>\n<p>&nbsp;<\/p>\n<p>Entrevista a l&#8217;Associaci\u00f3 Gegantera<\/p>\n<audio class=\"wp-audio-shortcode\" id=\"audio-12051-3\" preload=\"none\" style=\"width: 100%;\" controls=\"controls\"><source type=\"audio\/mpeg\" src=\"https:\/\/agora.xtec.cat\/escminyonsdurgell\/wp-content\/uploads\/usu1036\/2023\/03\/ENTREVISTA-COLLA-GEGANTERA.mp3?_=3\" \/><a href=\"https:\/\/agora.xtec.cat\/escminyonsdurgell\/wp-content\/uploads\/usu1036\/2023\/03\/ENTREVISTA-COLLA-GEGANTERA.mp3\">https:\/\/agora.xtec.cat\/escminyonsdurgell\/wp-content\/uploads\/usu1036\/2023\/03\/ENTREVISTA-COLLA-GEGANTERA.mp3<\/a><\/audio>\n<p>&nbsp;<\/p>\n<p>Entrevista a l&#8217;Associaci\u00f3 de Gent Gran Sant Sebasti\u00e0<\/p>\n<audio class=\"wp-audio-shortcode\" id=\"audio-12051-4\" preload=\"none\" style=\"width: 100%;\" controls=\"controls\"><source type=\"audio\/mpeg\" src=\"https:\/\/agora.xtec.cat\/escminyonsdurgell\/wp-content\/uploads\/usu1036\/2023\/03\/ENTREVISTA-ASSOCIACIO-GENT-GRAN.mp3?_=4\" \/><a href=\"https:\/\/agora.xtec.cat\/escminyonsdurgell\/wp-content\/uploads\/usu1036\/2023\/03\/ENTREVISTA-ASSOCIACIO-GENT-GRAN.mp3\">https:\/\/agora.xtec.cat\/escminyonsdurgell\/wp-content\/uploads\/usu1036\/2023\/03\/ENTREVISTA-ASSOCIACIO-GENT-GRAN.mp3<\/a><\/audio>\n<p>&nbsp;<\/p>\n<p>Entrevista a l&#8217;Associaci\u00f3 de Dones<\/p>\n<audio class=\"wp-audio-shortcode\" id=\"audio-12051-5\" preload=\"none\" style=\"width: 100%;\" controls=\"controls\"><source type=\"audio\/mpeg\" src=\"https:\/\/agora.xtec.cat\/escminyonsdurgell\/wp-content\/uploads\/usu1036\/2023\/03\/ENTREVISTA-ASSOCIACIO-DONES.mp3?_=5\" \/><a href=\"https:\/\/agora.xtec.cat\/escminyonsdurgell\/wp-content\/uploads\/usu1036\/2023\/03\/ENTREVISTA-ASSOCIACIO-DONES.mp3\">https:\/\/agora.xtec.cat\/escminyonsdurgell\/wp-content\/uploads\/usu1036\/2023\/03\/ENTREVISTA-ASSOCIACIO-DONES.mp3<\/a><\/audio>\n<p>&nbsp;<\/p>\n<p>Entrevista al Grup de Teatre<\/p>\n<audio class=\"wp-audio-shortcode\" id=\"audio-12051-6\" preload=\"none\" style=\"width: 100%;\" controls=\"controls\"><source type=\"audio\/mpeg\" src=\"https:\/\/agora.xtec.cat\/escminyonsdurgell\/wp-content\/uploads\/usu1036\/2023\/03\/ENTREVISTA-GRUP-TEATRE.mp3?_=6\" \/><a href=\"https:\/\/agora.xtec.cat\/escminyonsdurgell\/wp-content\/uploads\/usu1036\/2023\/03\/ENTREVISTA-GRUP-TEATRE.mp3\">https:\/\/agora.xtec.cat\/escminyonsdurgell\/wp-content\/uploads\/usu1036\/2023\/03\/ENTREVISTA-GRUP-TEATRE.mp3<\/a><\/audio>\n<p>&nbsp;<\/p>\n<p>PRON\u00d2STIC METEOROL\u00d2GIC DE FONDARELLA PER DIMARTS 10-01-23<\/p>\n<audio class=\"wp-audio-shortcode\" id=\"audio-12051-7\" preload=\"none\" style=\"width: 100%;\" controls=\"controls\"><source type=\"audio\/mpeg\" src=\"https:\/\/agora.xtec.cat\/escminyonsdurgell\/wp-content\/uploads\/usu1036\/2023\/01\/PRONOSTIC-DIMARTS.mp3?_=7\" \/><a href=\"https:\/\/agora.xtec.cat\/escminyonsdurgell\/wp-content\/uploads\/usu1036\/2023\/01\/PRONOSTIC-DIMARTS.mp3\">https:\/\/agora.xtec.cat\/escminyonsdurgell\/wp-content\/uploads\/usu1036\/2023\/01\/PRONOSTIC-DIMARTS.mp3<\/a><\/audio>\n<p>PRON\u00d2STIC METEOROL\u00d2GIC DE FONDARELLA PER DIMECRES 11-01-23<\/p>\n<audio class=\"wp-audio-shortcode\" id=\"audio-12051-8\" preload=\"none\" style=\"width: 100%;\" controls=\"controls\"><source type=\"audio\/mpeg\" src=\"https:\/\/agora.xtec.cat\/escminyonsdurgell\/wp-content\/uploads\/usu1036\/2023\/01\/PRONOSTIC-DIMECRES.mp3?_=8\" \/><a href=\"https:\/\/agora.xtec.cat\/escminyonsdurgell\/wp-content\/uploads\/usu1036\/2023\/01\/PRONOSTIC-DIMECRES.mp3\">https:\/\/agora.xtec.cat\/escminyonsdurgell\/wp-content\/uploads\/usu1036\/2023\/01\/PRONOSTIC-DIMECRES.mp3<\/a><\/audio>\n<p>PRON\u00d2STIC METEOROL\u00d2GIC DE FONDARELLA PER DIJOUS 12-01-23<\/p>\n<audio class=\"wp-audio-shortcode\" id=\"audio-12051-9\" preload=\"none\" style=\"width: 100%;\" controls=\"controls\"><source type=\"audio\/mpeg\" src=\"https:\/\/agora.xtec.cat\/escminyonsdurgell\/wp-content\/uploads\/usu1036\/2023\/01\/PRONOSTIC-DIJOUS.mp3?_=9\" \/><a href=\"https:\/\/agora.xtec.cat\/escminyonsdurgell\/wp-content\/uploads\/usu1036\/2023\/01\/PRONOSTIC-DIJOUS.mp3\">https:\/\/agora.xtec.cat\/escminyonsdurgell\/wp-content\/uploads\/usu1036\/2023\/01\/PRONOSTIC-DIJOUS.mp3<\/a><\/audio>\n","protected":false},"excerpt":{"rendered":"<p>En aquest espai anirem publicant els p\u00f2dcasts creats i gravats per l&#8217;alumnat de l&#8217;escola. FONDARELLA DES DE LES ONES &#8211; &#8220;El nostre municipi&#8221; &nbsp; FONDARELLA DES DE LES ONES &#8211; &#8220;Les associacions de Fondarella&#8221; Entrevista a l&#8217;Associaci\u00f3 de Fam\u00edlies CEIP Minyons d&#8217;Urgell &nbsp; Entrevista a l&#8217;Associaci\u00f3 Gegantera &nbsp; Entrevista a l&#8217;Associaci\u00f3 de Gent Gran Sant [&hellip;]<\/p>\n","protected":false},"author":1,"featured_media":0,"parent":12011,"menu_order":0,"comment_status":"closed","ping_status":"closed","template":"","meta":{"_bbp_topic_count":0,"_bbp_reply_count":0,"_bbp_total_topic_count":0,"_bbp_total_reply_count":0,"_bbp_voice_count":0,"_bbp_anonymous_reply_count":0,"_bbp_topic_count_hidden":0,"_bbp_reply_count_hidden":0,"_bbp_forum_subforum_count":0,"site-sidebar-layout":"default","site-content-layout":"","ast-site-content-layout":"","site-content-style":"default","site-sidebar-style":"default","ast-global-header-display":"","ast-banner-title-visibility":"","ast-main-header-display":"","ast-hfb-above-header-display":"","ast-hfb-below-header-display":"","ast-hfb-mobile-header-display":"","site-post-title":"","ast-breadcrumbs-content":"","ast-featured-img":"","footer-sml-layout":"","theme-transparent-header-meta":"","adv-header-id-meta":"","stick-header-meta":"","header-above-stick-meta":"","header-main-stick-meta":"","header-below-stick-meta":"","astra-migrate-meta-layouts":"default","ast-page-background-enabled":"default","ast-page-background-meta":{"desktop":{"background-color":"var(--ast-global-color-4)","background-image":"","background-repeat":"repeat","background-position":"center center","background-size":"auto","background-attachment":"scroll","background-type":"","background-media":"","overlay-type":"","overlay-color":"","overlay-opacity":"","overlay-gradient":""},"tablet":{"background-color":"","background-image":"","background-repeat":"repeat","background-position":"center center","background-size":"auto","background-attachment":"scroll","background-type":"","background-media":"","overlay-type":"","overlay-color":"","overlay-opacity":"","overlay-gradient":""},"mobile":{"background-color":"","background-image":"","background-repeat":"repeat","background-position":"center center","background-size":"auto","background-attachment":"scroll","background-type":"","background-media":"","overlay-type":"","overlay-color":"","overlay-opacity":"","overlay-gradient":""}},"ast-content-background-meta":{"desktop":{"background-color":"var(--ast-global-color-5)","background-image":"","background-repeat":"repeat","background-position":"center center","background-size":"auto","background-attachment":"scroll","background-type":"","background-media":"","overlay-type":"","overlay-color":"","overlay-opacity":"","overlay-gradient":""},"tablet":{"background-color":"var(--ast-global-color-5)","background-image":"","background-repeat":"repeat","background-position":"center center","background-size":"auto","background-attachment":"scroll","background-type":"","background-media":"","overlay-type":"","overlay-color":"","overlay-opacity":"","overlay-gradient":""},"mobile":{"background-color":"var(--ast-global-color-5)","background-image":"","background-repeat":"repeat","background-position":"center center","background-size":"auto","background-attachment":"scroll","background-type":"","background-media":"","overlay-type":"","overlay-color":"","overlay-opacity":"","overlay-gradient":""}},"footnotes":""},"class_list":["post-12051","page","type-page","status-publish","hentry"],"post_mailing_queue_ids":[],"_links":{"self":[{"href":"https:\/\/agora.xtec.cat\/escminyonsdurgell\/wp-json\/wp\/v2\/pages\/12051","targetHints":{"allow":["GET"]}}],"collection":[{"href":"https:\/\/agora.xtec.cat\/escminyonsdurgell\/wp-json\/wp\/v2\/pages"}],"about":[{"href":"https:\/\/agora.xtec.cat\/escminyonsdurgell\/wp-json\/wp\/v2\/types\/page"}],"author":[{"embeddable":true,"href":"https:\/\/agora.xtec.cat\/escminyonsdurgell\/wp-json\/wp\/v2\/users\/1"}],"replies":[{"embeddable":true,"href":"https:\/\/agora.xtec.cat\/escminyonsdurgell\/wp-json\/wp\/v2\/comments?post=12051"}],"version-history":[{"count":3,"href":"https:\/\/agora.xtec.cat\/escminyonsdurgell\/wp-json\/wp\/v2\/pages\/12051\/revisions"}],"predecessor-version":[{"id":12809,"href":"https:\/\/agora.xtec.cat\/escminyonsdurgell\/wp-json\/wp\/v2\/pages\/12051\/revisions\/12809"}],"up":[{"embeddable":true,"href":"https:\/\/agora.xtec.cat\/escminyonsdurgell\/wp-json\/wp\/v2\/pages\/12011"}],"wp:attachment":[{"href":"https:\/\/agora.xtec.cat\/escminyonsdurgell\/wp-json\/wp\/v2\/media?parent=12051"}],"curies":[{"name":"wp","href":"https:\/\/api.w.org\/{rel}","templated":true}]}}