{"id":965,"date":"2016-10-11T18:50:33","date_gmt":"2016-10-11T17:50:33","guid":{"rendered":"http:\/\/agora.xtec.cat\/escmilaifontanals\/?page_id=965"},"modified":"2020-02-28T22:51:12","modified_gmt":"2020-02-28T21:51:12","slug":"coral","status":"publish","type":"page","link":"https:\/\/agora.xtec.cat\/escmilaifontanals\/projecte-educatiu\/projectes-artistics\/coral\/","title":{"rendered":"Coral"},"content":{"rendered":"<p><a href=\"http:\/\/agora.xtec.cat\/escmilaifontanals\/wp-content\/uploads\/usu806\/2016\/10\/corsciutatvella.jpg\"><img loading=\"lazy\" decoding=\"async\" class=\"alignleft size-full wp-image-981\" src=\"http:\/\/agora.xtec.cat\/escmilaifontanals\/wp-content\/uploads\/usu806\/2016\/10\/corsciutatvella.jpg\" alt=\"corsciutatvella\" width=\"712\" height=\"400\" srcset=\"https:\/\/agora.xtec.cat\/escmilaifontanals\/wp-content\/uploads\/usu806\/2016\/10\/corsciutatvella.jpg 712w, https:\/\/agora.xtec.cat\/escmilaifontanals\/wp-content\/uploads\/usu806\/2016\/10\/corsciutatvella-300x169.jpg 300w\" sizes=\"auto, (max-width: 712px) 100vw, 712px\" \/><\/a><span style=\"font-family: Bitstream Charter,serif;\"><span style=\"font-size: x-large;\"><b>El projecte dels Cors de Ciutat Vella, sorgit del Pla Educatiu d&#8217;Entorn del Raval, s&#8217;ha est\u00e8s com un projecte social, educatiu i cultural a les escoles i entitats del Districte. M\u00e9s d&#8217;una trentena de cors integrats per infants i joves del Districte de Ciutat Vella i del barri del Bes\u00f2s, participen en el concert final al Palau de la M\u00fasica, que tanca un any de treball en el qual mitjan\u00e7ant el cant coral han apr\u00e8s a conviure i relacionar-se m\u00e9s entre ells.<\/b><\/span><\/span><\/p>\n<p>&nbsp;<\/p>\n<p>&nbsp;<\/p>\n<p>&nbsp;<\/p>\n<p>&nbsp;<\/p>\n<p>&nbsp;<\/p>\n<p>&nbsp;<\/p>\n<p>&nbsp;<\/p>\n<p>&nbsp;<\/p>\n<p>&nbsp;<\/p>\n<p><span style=\"font-family: Bitstream Charter,serif;\"><span style=\"font-size: x-large;\">\u00a0<\/span><\/span><\/p>\n","protected":false},"excerpt":{"rendered":"<p><a href=\"http:\/\/agora.xtec.cat\/escmilaifontanals\/wp-content\/uploads\/usu806\/2016\/10\/corsciutatvella.jpg\"><\/a>El projecte dels Cors de Ciutat Vella, sorgit del Pla Educatiu d&#8217;Entorn del Raval, s&#8217;ha est\u00e8s com un projecte social, educatiu i cultural a les escoles i entitats del Districte. M\u00e9s d&#8217;una trentena de cors integrats per infants i joves del Districte de Ciutat&hellip;  <a href=\"https:\/\/agora.xtec.cat\/escmilaifontanals\/projecte-educatiu\/projectes-artistics\/coral\/\" title=\"Read Coral\">Llegeix m\u00e9s\u00bb<\/a><\/p>\n","protected":false},"author":3,"featured_media":0,"parent":3045,"menu_order":0,"comment_status":"closed","ping_status":"closed","template":"page-templates\/side-menu.php","meta":{"_bbp_topic_count":0,"_bbp_reply_count":0,"_bbp_total_topic_count":0,"_bbp_total_reply_count":0,"_bbp_voice_count":0,"_bbp_anonymous_reply_count":0,"_bbp_topic_count_hidden":0,"_bbp_reply_count_hidden":0,"_bbp_forum_subforum_count":0,"footnotes":""},"class_list":["post-965","page","type-page","status-publish","hentry"],"post_mailing_queue_ids":[],"_links":{"self":[{"href":"https:\/\/agora.xtec.cat\/escmilaifontanals\/wp-json\/wp\/v2\/pages\/965","targetHints":{"allow":["GET"]}}],"collection":[{"href":"https:\/\/agora.xtec.cat\/escmilaifontanals\/wp-json\/wp\/v2\/pages"}],"about":[{"href":"https:\/\/agora.xtec.cat\/escmilaifontanals\/wp-json\/wp\/v2\/types\/page"}],"author":[{"embeddable":true,"href":"https:\/\/agora.xtec.cat\/escmilaifontanals\/wp-json\/wp\/v2\/users\/3"}],"replies":[{"embeddable":true,"href":"https:\/\/agora.xtec.cat\/escmilaifontanals\/wp-json\/wp\/v2\/comments?post=965"}],"version-history":[{"count":3,"href":"https:\/\/agora.xtec.cat\/escmilaifontanals\/wp-json\/wp\/v2\/pages\/965\/revisions"}],"predecessor-version":[{"id":984,"href":"https:\/\/agora.xtec.cat\/escmilaifontanals\/wp-json\/wp\/v2\/pages\/965\/revisions\/984"}],"up":[{"embeddable":true,"href":"https:\/\/agora.xtec.cat\/escmilaifontanals\/wp-json\/wp\/v2\/pages\/3045"}],"wp:attachment":[{"href":"https:\/\/agora.xtec.cat\/escmilaifontanals\/wp-json\/wp\/v2\/media?parent=965"}],"curies":[{"name":"wp","href":"https:\/\/api.w.org\/{rel}","templated":true}]}}