{"id":64,"date":"2014-09-18T12:39:08","date_gmt":"2014-09-18T11:39:08","guid":{"rendered":"http:\/\/agora.xtec.cat\/escmilaifontanals\/?page_id=64"},"modified":"2020-02-28T23:35:11","modified_gmt":"2020-02-28T22:35:11","slug":"projecte-educatiu","status":"publish","type":"page","link":"https:\/\/agora.xtec.cat\/escmilaifontanals\/projecte-educatiu\/","title":{"rendered":"Projectes d&#8217;escola"},"content":{"rendered":"<p><strong style=\"font-family: inherit; font-size: 1em;\"><span class=\"ng-scope\">PROJECTES I ACTIVITATS DESTACADES DEL CENTRE:<\/span><\/strong><\/p>\n<ul>\n<li>Projecte europeu d\u2019educaci\u00f3 art\u00edstica \u201c<strong><b>MUS-E<\/b><\/strong>\u201d: dansa, circ i audiovisuals.<\/li>\n<li><strong><b>Coral\u00a0<\/b><\/strong>amb col\u00b7laboraci\u00f3 de\u00a0<strong><b>l\u2019Escola de M\u00fasics JPC.<\/b><\/strong><\/li>\n<li><strong><b>Dansa\u00a0<\/b><\/strong>popular catalana amb col\u00b7laboraci\u00f3 de \u201c<strong><b>Pa\u00eds a l\u2019escola<\/b><\/strong>\u201d<\/li>\n<li><strong><b>Teatre musical<\/b><\/strong>\u00a0a c\u00e0rrec de l<strong><b>\u2019Escola de M\u00fasics JPC.<\/b><\/strong><\/li>\n<li>Projecte\u00a0<strong><b>Escoles+Sostenibles.<\/b><\/strong><\/li>\n<li>Projecte d&#8217;innovaci\u00f3<b>\u00a0ILEC.<\/b><\/li>\n<li><strong><b>Nataci\u00f3\u00a0<\/b><\/strong>a 1r i 6\u00e8 de prim\u00e0ria.<\/li>\n<li><strong><b>Sortides pedag\u00f2giques<\/b><\/strong>\u00a0per ampliar i completar el treball escolar.<\/li>\n<li><strong><b>Tallers d\u2019educaci\u00f3 vi\u00e0ria i digital<\/b><\/strong>\u00a0amb la col\u00b7laboraci\u00f3 de la gu\u00e0rdia urbana i els mossos d\u2019esquadra.<\/li>\n<li><b>Apadrinaments<\/b>\u00a0entre etapes i intercicles.<\/li>\n<li><b>Projecte 1, 2, 3 emoci\u00f3!!!<\/b><\/li>\n<li>Projecte<b>\u00a0Creixem SANS.<\/b><\/li>\n<li>Integraci\u00f3 de\u00a0<strong><b>recursos digitals i inform\u00e0tics\u00a0<\/b><\/strong>en els processos d\u2019ensenyament-aprenentatge.<\/li>\n<li><strong><b>Pla de Consum de fruites i hortalisses\u00a0<\/b><\/strong>a les escoles.<\/li>\n<li><strong>Els Escacs fan per tu!\u00a0<\/strong><\/li>\n<li><strong>Ja nedo<\/strong><\/li>\n<li><strong><span style=\"color: #444444;\">R<\/span><\/strong><b><b>eutilitzaci\u00f3 dels llibres de text<\/b><\/b><span style=\"color: #444444;\">.<\/span><\/li>\n<li><strong>BIBLIOLAB<\/strong> &#8220;Biblioteca: Educaci\u00f3, Comunitat i Tecnologia&#8221; (tallers de rob\u00f2tica i programaci\u00f3).<\/li>\n<li>Projecte interdisciplinari:<strong> &#8220;Contes d&#8217;arreu del m\u00f3n&#8221;<\/strong><\/li>\n<li>Revista escolar <strong>ENDAVANT!<\/strong><\/li>\n<\/ul>\n<p><strong>\u00c0MBITS DE PARTICIPACI\u00d3 I COL\u00b7LABORACI\u00d3:<\/strong><\/p>\n<ul>\n<li>Participaci\u00f3 en projectes de districte i de ciutat (<strong><b>Dansa Ara, La F\u00e0brica de colors,\u00a0 El meu cos, Mar de jocs, El joc perdut, Jocs Florals<\/b><\/strong>\u2026).<\/li>\n<li dir=\"ltr\">Coordinaci\u00f3 amb<strong>\u00a0Instituts i escoles Bressol<\/strong>\u00a0de la zona.<\/li>\n<li dir=\"ltr\">Col\u00b7laboraci\u00f3 amb l&#8217;Institut Miquel Tarradell amb personal de<strong>\u00a0pr\u00e0ctiques TEI i TIS.<\/strong><\/li>\n<li dir=\"ltr\">Col\u00b7laboraci\u00f3 amb l&#8217;Institut Mil\u00e0 i Fontanals en projectes de<b>\u00a0diversificaci\u00f3 curricular.<\/b><\/li>\n<li dir=\"ltr\">Coordinaci\u00f3 amb la\u00a0<strong>Biblioteca Sant Pau-Santa Creu<\/strong>\u00a0pel foment de la lectura. Projecte Biblioteca-Escola.<\/li>\n<li dir=\"ltr\">Coordinaci\u00f3 amb\u00a0<strong>entitats i organitzacions del barri\u00a0<\/strong>que atenen l&#8217;alumnat fora de l&#8217;horari escolar i en per\u00edodes de vacances escolars.<\/li>\n<li dir=\"ltr\">Tallers de suport escolar:\u00a0<strong>Club de Lectura, Programa \u00c8XIT i projecte L\u00c8CXIT.<\/strong><\/li>\n<li dir=\"ltr\">\n<div>Taller d&#8217;escacs a 6\u00e8 amb col\u00b7laboraci\u00f3 de l&#8217;escola\u00a0<b>d&#8217;Escacs\u00a0<\/b>de Barcelona dins el\u00a0<b>Pla Catal\u00e0 de l&#8217;Esport.<\/b><\/div>\n<\/li>\n<li dir=\"ltr\">\n<div>Projecte\u00a0<strong>&#8220;Mamas que leen&#8221;.<\/strong><\/div>\n<\/li>\n<li dir=\"ltr\">\n<div><b>Projecte Afluents<\/b>\u00a0per l&#8217;acompanyament a les fam\u00edlies nouvingudes.<\/div>\n<\/li>\n<li dir=\"ltr\">Projecte de col\u00b7laboraci\u00f3 Escola-<b>Fundaci\u00f3 Quatre Vents.<\/b><\/li>\n<li dir=\"ltr\"><b><\/b><b>Festes interculturals i projectes interdisciplinars\u00a0<\/b>amb col\u00b7laboraci\u00f3 de les fam\u00edlies.<\/li>\n<li><strong><b>Activitats extraescolars\u00a0<\/b><\/strong>futbol i b\u00e0squet amb l&#8217;Associaci\u00f3 esportiva Ciutat Vella.<\/li>\n<li dir=\"ltr\">Col\u00b7laboraci\u00f3 amb el projecte<strong>: El canvi clim\u00e0tic.<\/strong>.<\/li>\n<\/ul>\n","protected":false},"excerpt":{"rendered":"<p>PROJECTES I ACTIVITATS DESTACADES DEL CENTRE:<\/p>\n<ul>\n<li>Projecte europeu d\u2019educaci\u00f3 art\u00edstica \u201cMUS-E\u201d: dansa, circ i audiovisuals.<\/li>\n<li>Coral\u00a0amb col\u00b7laboraci\u00f3 de\u00a0l\u2019Escola de M\u00fasics JPC.<\/li>\n<li>Dansa\u00a0popular catalana amb col\u00b7laboraci\u00f3 de \u201cPa\u00eds a l\u2019escola\u201d<\/li>\n<li>Teatre musical\u00a0a c\u00e0rrec de l\u2019Escola de M\u00fasics JPC.<\/li>\n<li>Projecte\u00a0Escoles+Sostenibles.<\/li>\n<li>Projecte d&#8217;innovaci\u00f3\u00a0ILEC.<\/li>\n<li>Nataci\u00f3\u00a0a 1r i 6\u00e8 de prim\u00e0ria.<\/li>\n<li>Sortides pedag\u00f2giques\u00a0per ampliar i completar el treball&hellip;  <a href=\"https:\/\/agora.xtec.cat\/escmilaifontanals\/projecte-educatiu\/\" title=\"Read Projectes d&#8217;escola\">Llegeix m\u00e9s\u00bb<\/a><br \/>\n","protected":false},"author":1,"featured_media":0,"parent":0,"menu_order":0,"comment_status":"closed","ping_status":"closed","template":"page-templates\/side-menu.php","meta":{"_bbp_topic_count":0,"_bbp_reply_count":0,"_bbp_total_topic_count":0,"_bbp_total_reply_count":0,"_bbp_voice_count":0,"_bbp_anonymous_reply_count":0,"_bbp_topic_count_hidden":0,"_bbp_reply_count_hidden":0,"_bbp_forum_subforum_count":0,"footnotes":""},"class_list":["post-64","page","type-page","status-publish","hentry"],"post_mailing_queue_ids":[],"_links":{"self":[{"href":"https:\/\/agora.xtec.cat\/escmilaifontanals\/wp-json\/wp\/v2\/pages\/64","targetHints":{"allow":["GET"]}}],"collection":[{"href":"https:\/\/agora.xtec.cat\/escmilaifontanals\/wp-json\/wp\/v2\/pages"}],"about":[{"href":"https:\/\/agora.xtec.cat\/escmilaifontanals\/wp-json\/wp\/v2\/types\/page"}],"author":[{"embeddable":true,"href":"https:\/\/agora.xtec.cat\/escmilaifontanals\/wp-json\/wp\/v2\/users\/1"}],"replies":[{"embeddable":true,"href":"https:\/\/agora.xtec.cat\/escmilaifontanals\/wp-json\/wp\/v2\/comments?post=64"}],"version-history":[{"count":4,"href":"https:\/\/agora.xtec.cat\/escmilaifontanals\/wp-json\/wp\/v2\/pages\/64\/revisions"}],"predecessor-version":[{"id":3071,"href":"https:\/\/agora.xtec.cat\/escmilaifontanals\/wp-json\/wp\/v2\/pages\/64\/revisions\/3071"}],"wp:attachment":[{"href":"https:\/\/agora.xtec.cat\/escmilaifontanals\/wp-json\/wp\/v2\/media?parent=64"}],"curies":[{"name":"wp","href":"https:\/\/api.w.org\/{rel}","templated":true}]}}