{"id":5119,"date":"2021-03-22T12:48:10","date_gmt":"2021-03-22T11:48:10","guid":{"rendered":"http:\/\/agora.xtec.cat\/escmilaifontanals\/?page_id=5119"},"modified":"2021-03-22T22:39:47","modified_gmt":"2021-03-22T21:39:47","slug":"emocionari-a-primaria","status":"publish","type":"page","link":"https:\/\/agora.xtec.cat\/escmilaifontanals\/projecte-educatiu\/projectes-de-lambit-de-la-salut-cos-i-moviment\/emocionari-a-primaria\/","title":{"rendered":"Emocionari a prim\u00e0ria"},"content":{"rendered":"<p>Infants de tota l&#8217;escola i docents, treballem diferents din\u00e0miques art\u00edstiques mitjan\u00e7ant les emocions.<\/p>\n<p>La concentraci\u00f3, l&#8217;observaci\u00f3 i la connexi\u00f3 amb nosaltres mateixos\u00a0 i amb els altres ens d\u00f3na l&#8217;oportunitat de con\u00e9ixer-nos a trav\u00e9s d&#8217;uns ulls diferents.<\/p>\n<p><iframe loading=\"lazy\" src=\"https:\/\/www.youtube.com\/embed\/vYW7HRupx9c\" width=\"840\" height=\"460\" frameborder=\"0\"><\/iframe><\/p>\n","protected":false},"excerpt":{"rendered":"<p>Infants de tota l&#8217;escola i docents, treballem diferents din\u00e0miques art\u00edstiques mitjan\u00e7ant les emocions.<br \/>\nLa concentraci\u00f3, l&#8217;observaci\u00f3 i la connexi\u00f3 amb nosaltres mateixos\u00a0 i amb els altres ens d\u00f3na l&#8217;oportunitat de con\u00e9ixer-nos a trav\u00e9s d&#8217;uns ulls diferents.<\/p>\n","protected":false},"author":1,"featured_media":0,"parent":3125,"menu_order":0,"comment_status":"closed","ping_status":"closed","template":"page-templates\/side-menu.php","meta":{"_bbp_topic_count":0,"_bbp_reply_count":0,"_bbp_total_topic_count":0,"_bbp_total_reply_count":0,"_bbp_voice_count":0,"_bbp_anonymous_reply_count":0,"_bbp_topic_count_hidden":0,"_bbp_reply_count_hidden":0,"_bbp_forum_subforum_count":0,"footnotes":""},"class_list":["post-5119","page","type-page","status-publish","hentry"],"post_mailing_queue_ids":[],"_links":{"self":[{"href":"https:\/\/agora.xtec.cat\/escmilaifontanals\/wp-json\/wp\/v2\/pages\/5119","targetHints":{"allow":["GET"]}}],"collection":[{"href":"https:\/\/agora.xtec.cat\/escmilaifontanals\/wp-json\/wp\/v2\/pages"}],"about":[{"href":"https:\/\/agora.xtec.cat\/escmilaifontanals\/wp-json\/wp\/v2\/types\/page"}],"author":[{"embeddable":true,"href":"https:\/\/agora.xtec.cat\/escmilaifontanals\/wp-json\/wp\/v2\/users\/1"}],"replies":[{"embeddable":true,"href":"https:\/\/agora.xtec.cat\/escmilaifontanals\/wp-json\/wp\/v2\/comments?post=5119"}],"version-history":[{"count":3,"href":"https:\/\/agora.xtec.cat\/escmilaifontanals\/wp-json\/wp\/v2\/pages\/5119\/revisions"}],"predecessor-version":[{"id":5127,"href":"https:\/\/agora.xtec.cat\/escmilaifontanals\/wp-json\/wp\/v2\/pages\/5119\/revisions\/5127"}],"up":[{"embeddable":true,"href":"https:\/\/agora.xtec.cat\/escmilaifontanals\/wp-json\/wp\/v2\/pages\/3125"}],"wp:attachment":[{"href":"https:\/\/agora.xtec.cat\/escmilaifontanals\/wp-json\/wp\/v2\/media?parent=5119"}],"curies":[{"name":"wp","href":"https:\/\/api.w.org\/{rel}","templated":true}]}}

Emocionari a primària

<p>Infants de tota l&#8217;escola i docents, treballem diferents dinàmiques artístiques mitjançant les emocions.</p>
<p>La concentració, l&#8217;observació i la connexió amb nosaltres mateixos  i amb els altres ens dóna l&#8217;oportunitat de conéixer-nos a través d&#8217;uns ulls diferents.</p>
<p><iframe loading="lazy" src="https://www.youtube.com/embed/vYW7HRupx9c" width="840" height="460" frameborder="0"></iframe></p>

<p>Infants de tota l&#8217;escola i docents, treballem diferents dinàmiques artístiques mitjançant les emocions.<br />
La concentració, l&#8217;observació i la connexió amb nosaltres mateixos  i amb els altres ens dóna l&#8217;oportunitat de conéixer-nos a través d&#8217;uns ulls diferents.</p>
