{"id":4976,"date":"2021-02-22T22:01:28","date_gmt":"2021-02-22T21:01:28","guid":{"rendered":"http:\/\/agora.xtec.cat\/escmilaifontanals\/?page_id=4976"},"modified":"2024-10-14T11:53:18","modified_gmt":"2024-10-14T09:53:18","slug":"robotica-i-programacio","status":"publish","type":"page","link":"https:\/\/agora.xtec.cat\/escmilaifontanals\/projecte-educatiu\/ambit-de-la-recerca-ciencia-i-tecnologia\/robotica-i-programacio\/","title":{"rendered":"Rob\u00f2tica i programaci\u00f3"},"content":{"rendered":"<p>Des de l&#8217;escola s&#8217;impulsa el desenvolupament del pensament computacional en totes les \u00e0rees i, al mateix temps, es treballa la rob\u00f2tica educativa a partir de tallers tecnol\u00f2gics que es duen a terme en tots els nivells d&#8217;educaci\u00f3 infantil i prim\u00e0ria.<\/p>\n<p><iframe loading=\"lazy\" src=\"\/\/www.youtube.com\/embed\/fLn_91yhetI?si=j1PpFs5kTJrWioCU\" width=\"560\" height=\"314\" allowfullscreen=\"allowfullscreen\"><\/iframe><\/p>\n","protected":false},"excerpt":{"rendered":"<p>Des de l&#8217;escola s&#8217;impulsa el desenvolupament del pensament computacional en totes les \u00e0rees i, al mateix temps, es treballa la rob\u00f2tica educativa a partir de tallers tecnol\u00f2gics que es duen a terme en tots els nivells d&#8217;educaci\u00f3 infantil i prim\u00e0ria.<\/p>\n","protected":false},"author":1,"featured_media":0,"parent":3132,"menu_order":0,"comment_status":"closed","ping_status":"closed","template":"page-templates\/side-menu.php","meta":{"_bbp_topic_count":0,"_bbp_reply_count":0,"_bbp_total_topic_count":0,"_bbp_total_reply_count":0,"_bbp_voice_count":0,"_bbp_anonymous_reply_count":0,"_bbp_topic_count_hidden":0,"_bbp_reply_count_hidden":0,"_bbp_forum_subforum_count":0,"footnotes":""},"class_list":["post-4976","page","type-page","status-publish","hentry"],"post_mailing_queue_ids":[],"_links":{"self":[{"href":"https:\/\/agora.xtec.cat\/escmilaifontanals\/wp-json\/wp\/v2\/pages\/4976","targetHints":{"allow":["GET"]}}],"collection":[{"href":"https:\/\/agora.xtec.cat\/escmilaifontanals\/wp-json\/wp\/v2\/pages"}],"about":[{"href":"https:\/\/agora.xtec.cat\/escmilaifontanals\/wp-json\/wp\/v2\/types\/page"}],"author":[{"embeddable":true,"href":"https:\/\/agora.xtec.cat\/escmilaifontanals\/wp-json\/wp\/v2\/users\/1"}],"replies":[{"embeddable":true,"href":"https:\/\/agora.xtec.cat\/escmilaifontanals\/wp-json\/wp\/v2\/comments?post=4976"}],"version-history":[{"count":4,"href":"https:\/\/agora.xtec.cat\/escmilaifontanals\/wp-json\/wp\/v2\/pages\/4976\/revisions"}],"predecessor-version":[{"id":7959,"href":"https:\/\/agora.xtec.cat\/escmilaifontanals\/wp-json\/wp\/v2\/pages\/4976\/revisions\/7959"}],"up":[{"embeddable":true,"href":"https:\/\/agora.xtec.cat\/escmilaifontanals\/wp-json\/wp\/v2\/pages\/3132"}],"wp:attachment":[{"href":"https:\/\/agora.xtec.cat\/escmilaifontanals\/wp-json\/wp\/v2\/media?parent=4976"}],"curies":[{"name":"wp","href":"https:\/\/api.w.org\/{rel}","templated":true}]}}

Robòtica i programació

<p>Des de l&#8217;escola s&#8217;impulsa el desenvolupament del pensament computacional en totes les àrees i, al mateix temps, es treballa la robòtica educativa a partir de tallers tecnològics que es duen a terme en tots els nivells d&#8217;educació infantil i primària.</p>
<p><iframe loading="lazy" src="//www.youtube.com/embed/fLn_91yhetI?si=j1PpFs5kTJrWioCU" width="560" height="314" allowfullscreen="allowfullscreen"></iframe></p>

<p>Des de l&#8217;escola s&#8217;impulsa el desenvolupament del pensament computacional en totes les àrees i, al mateix temps, es treballa la robòtica educativa a partir de tallers tecnològics que es duen a terme en tots els nivells d&#8217;educació infantil i primària.</p>
