{"id":185,"date":"2015-11-05T17:24:15","date_gmt":"2015-11-05T16:24:15","guid":{"rendered":"http:\/\/agora.xtec.cat\/escmilaifontanals\/intraweb\/programa-mus-e\/"},"modified":"2024-10-10T15:46:03","modified_gmt":"2024-10-10T13:46:03","slug":"programa-mus-e","status":"publish","type":"page","link":"https:\/\/agora.xtec.cat\/escmilaifontanals\/projecte-educatiu\/projectes-artistics\/programa-mus-e\/","title":{"rendered":"Programa MUS-E"},"content":{"rendered":"<p><a href=\"http:\/\/agora.xtec.cat\/escmilaifontanals\/wp-content\/uploads\/usu806\/2015\/11\/yehudimenuhin.jpg\"><img loading=\"lazy\" decoding=\"async\" class=\"alignleft size-large wp-image-1000\" src=\"http:\/\/agora.xtec.cat\/escmilaifontanals\/wp-content\/uploads\/usu806\/2015\/11\/yehudimenuhin-1024x458.jpg\" alt=\"yehudimenuhin\" width=\"1024\" height=\"458\" srcset=\"https:\/\/agora.xtec.cat\/escmilaifontanals\/wp-content\/uploads\/usu806\/2015\/11\/yehudimenuhin-1024x458.jpg 1024w, https:\/\/agora.xtec.cat\/escmilaifontanals\/wp-content\/uploads\/usu806\/2015\/11\/yehudimenuhin-300x134.jpg 300w, https:\/\/agora.xtec.cat\/escmilaifontanals\/wp-content\/uploads\/usu806\/2015\/11\/yehudimenuhin-768x343.jpg 768w, https:\/\/agora.xtec.cat\/escmilaifontanals\/wp-content\/uploads\/usu806\/2015\/11\/yehudimenuhin.jpg 1486w\" sizes=\"auto, (max-width: 1024px) 100vw, 1024px\" \/><\/a><\/p>\n<p><span style=\"color: #5a5cff; font-family: verdana, arial, helvetica, sans-serif;\"><strong>&#8221; Un projecte innovador per a la integraci\u00f3 social, cultural i educativa a trav\u00e9s de l&#8217;art&#8221;<\/strong><\/span><\/p>\n<h1><\/h1>\n<p><em><span style=\"font-family: verdana, arial, helvetica, sans-serif;\">\u00a0&#8221; La m\u00fasica y las artes invitan a la participaci\u00f3n y constituyen un ant\u00eddoto contra los obst\u00e1culos a la armon\u00eda entre\u00a0 los hombres. Hacer m\u00fasica no es solamente tocar o cantar, es tambi\u00e9n escuchar. Al aprender desde su m\u00e1s tierna infancia a escuchar al otro, los ni\u00f1os descubren lo que es la convivencia&#8221; <\/span><\/em><\/p>\n<p align=\"center\"><a href=\"https:\/\/ca.wikipedia.org\/wiki\/Yehudi_Menuhin\" target=\"_blank\" rel=\"noopener noreferrer\"><em><span style=\"font-family: verdana, arial, helvetica, sans-serif;\"> Yehudi Menuhin<\/span><\/em><\/a><\/p>\n<h1><\/h1>\n<p><span style=\"font-family: verdana, arial, helvetica, sans-serif;\">El <a href=\"https:\/\/fundacionyehudimenuhin.org\/programas\/mus-e\/\">programa MUS-E<\/a> va ser ideat pel ideat pel propi Yehudi Menuhin<\/span> <span style=\"font-family: verdana, arial, helvetica, sans-serif;\">, en col\u00b7laboraci\u00f3 amb Werner Schmitt, director de l&#8217;Escola del Conservatori de Berna. Es van basar en la idea de Zolt\u00e1n Kod\u00e1ly ( 1882 &#8211; 1967 ) que considerava que la m\u00fasica havia de formar part de la vida quotidiana i ser accessible a tothom. Menuhin va ampliar aquest concepte dins del marc de la realitat multicultural, i va incorporar totes les disciplines art\u00edstiques.<\/span><\/p>\n<p><span style=\"font-family: verdana, arial, helvetica, sans-serif;\">Els comen\u00e7aments del MUS-E van ser a Su\u00efssa el 1994<\/span>. <span style=\"font-family: verdana, arial, helvetica, sans-serif;\">Des d&#8217;aleshores ha anat creixent i actualment est\u00e0 present a 443 escoles de 15 pa\u00edsos d&#8217;Europa.<\/span><\/p>\n<p><span style=\"font-family: verdana, arial, helvetica, sans-serif;\">En el programa col\u00b7laboren actualment 892 artistes i hi participen a nivell europeu m\u00e9s de 45.000 nens\/es.<\/span><\/p>\n<p><span style=\"font-family: verdana, arial, helvetica, sans-serif;\">La finalitat del programa MUS-E \u00e9s fomentar les arts, especialment la m\u00fasica, el cant, el teatre, la dansa i les arts pl\u00e0stiques dins l&#8217;\u00e0mbit escolar, per afavorir la integraci\u00f3 social educativa i cultural dels nens i nenes, prev\u00e9 la viol\u00e8ncia, el racisme i fomenta la toler\u00e0ncia i la uni\u00f3 entre diferents cultures, des del respecte a la diversitat.<\/span><\/p>\n<p><span style=\"font-family: verdana, arial, helvetica, sans-serif;\">El MUS-E fa \u00e8mfasi en la import\u00e0ncia del di\u00e0leg i la interacci\u00f3 entre les diferents cultures, aix\u00ed com en el desenvolupament de la creativitat i la imaginaci\u00f3 en la pr\u00e0ctica de les disciplines srt\u00edstiques com a base de l&#8217;educaci\u00f3.<\/span><\/p>\n<p><span style=\"font-family: verdana, arial, helvetica, sans-serif;\">Artistes en actiu amb una important formaci\u00f3 i experi\u00e8ncia pedag\u00f3gica duen a terme aquesta feina, en forma de tallers ( teatre, dansa, m\u00fasica, arts pl\u00e0stiques,&#8230;) als centres dins de l&#8217;horari lectiu. En aquests tallers s&#8217;intenta que els alumnes que hi participen canalitzin la creativitat, reforcin l&#8217;autoestima i disposin de recursos necessaris per aincorporar-se a la vida social i escolar amb ple dret, essent persones amb tot el cos, tot el coneixement i tot l&#8217;afecte.<\/span><\/p>\n<h1><\/h1>\n<p style=\"color: #5a5cff;\"><span style=\"font-family: verdana, arial, helvetica, sans-serif;\">El Programa MUS-E a Espanya\u00a0<\/span><\/p>\n<h1><\/h1>\n<h1><\/h1>\n<h1><\/h1>\n<p><span style=\"font-family: verdana, arial, helvetica, sans-serif;\">Al febrer de 1996 mitjan\u00e7ant el Conveni entre el <strong>Ministerio de Educaci\u00f3n y Ciencia<\/strong> i la <a href=\"http:\/\/www.menuhin-foundation.com\/\"><strong>Fundaci\u00f3n Internacional Yehudi Menuhin<\/strong><\/a> s&#8217;inicia la col\u00b7laboraci\u00f3 dins el territori de l&#8217;estat espanyol per a l&#8217;aprenentatge i la pr\u00e0ctica art\u00edsitica com a font d&#8217;equilibri i toler\u00e0ncia.<\/span><\/p>\n<p><span style=\"font-family: verdana, arial, helvetica, sans-serif;\">Al 1999 es va constituir a Espanya la <a href=\"http:\/\/www.fundacionmenuhin.org\/home.html\">Fundaci\u00f3n Yehudi Menuhin Espa\u00f1a<\/a> ( FYME )<\/span> . <span style=\"font-family: verdana, arial, helvetica, sans-serif;\">Des d&#8217;aqu\u00ed s&#8217;obre una nova etapa per a l\u00a1aplicaci\u00f3 i el desenvolupament del programa MUS-E a Espanya. La FYME signa convenis de col\u00b7laboraci\u00f3 amb les diferents Conselleries d&#8217;Educaci\u00f3 de les CCAA i es posen en marxa els primers centres MUS-E a l&#8217;estat espanyol.<\/span><\/p>\n<p><span style=\"font-family: verdana, arial, helvetica, sans-serif;\">La nostra escola va entrar al programa MUS-E el curs 1999\/2000 amb les disciplines de dansa, teatre, i uns anys m\u00e9s tard, en el cicle superior es va incorporar la disciplina de circ.<\/span><\/p>\n<p><span style=\"font-family: verdana, arial, helvetica, sans-serif;\">Actualment continuem amb aquestes tres disciplines<\/span> <span style=\"font-family: verdana, arial, helvetica, sans-serif;\">en els tres cicles de la prim\u00e0ria<\/span>.<\/p>\n<p>&nbsp;<\/p>\n<p>&nbsp;<\/p>\n","protected":false},"excerpt":{"rendered":"<p><a href=\"http:\/\/agora.xtec.cat\/escmilaifontanals\/wp-content\/uploads\/usu806\/2015\/11\/yehudimenuhin.jpg\"><\/a><br \/>\n&#8221; Un projecte innovador per a la integraci\u00f3 social, cultural i educativa a trav\u00e9s de l&#8217;art&#8221;<\/p>\n<p>\u00a0&#8221; La m\u00fasica y las artes invitan a la participaci\u00f3n y constituyen un ant\u00eddoto contra los obst\u00e1culos a la armon\u00eda entre\u00a0 los hombres. Hacer m\u00fasica no es solamente tocar&hellip;  <a href=\"https:\/\/agora.xtec.cat\/escmilaifontanals\/projecte-educatiu\/projectes-artistics\/programa-mus-e\/\" title=\"Read Programa MUS-E\">Llegeix m\u00e9s\u00bb<\/a><\/p>\n","protected":false},"author":1,"featured_media":0,"parent":3045,"menu_order":0,"comment_status":"closed","ping_status":"open","template":"page-templates\/side-menu.php","meta":{"_bbp_topic_count":0,"_bbp_reply_count":0,"_bbp_total_topic_count":0,"_bbp_total_reply_count":0,"_bbp_voice_count":0,"_bbp_anonymous_reply_count":0,"_bbp_topic_count_hidden":0,"_bbp_reply_count_hidden":0,"_bbp_forum_subforum_count":0,"footnotes":""},"class_list":["post-185","page","type-page","status-publish","hentry"],"post_mailing_queue_ids":[],"_links":{"self":[{"href":"https:\/\/agora.xtec.cat\/escmilaifontanals\/wp-json\/wp\/v2\/pages\/185","targetHints":{"allow":["GET"]}}],"collection":[{"href":"https:\/\/agora.xtec.cat\/escmilaifontanals\/wp-json\/wp\/v2\/pages"}],"about":[{"href":"https:\/\/agora.xtec.cat\/escmilaifontanals\/wp-json\/wp\/v2\/types\/page"}],"author":[{"embeddable":true,"href":"https:\/\/agora.xtec.cat\/escmilaifontanals\/wp-json\/wp\/v2\/users\/1"}],"replies":[{"embeddable":true,"href":"https:\/\/agora.xtec.cat\/escmilaifontanals\/wp-json\/wp\/v2\/comments?post=185"}],"version-history":[{"count":5,"href":"https:\/\/agora.xtec.cat\/escmilaifontanals\/wp-json\/wp\/v2\/pages\/185\/revisions"}],"predecessor-version":[{"id":7953,"href":"https:\/\/agora.xtec.cat\/escmilaifontanals\/wp-json\/wp\/v2\/pages\/185\/revisions\/7953"}],"up":[{"embeddable":true,"href":"https:\/\/agora.xtec.cat\/escmilaifontanals\/wp-json\/wp\/v2\/pages\/3045"}],"wp:attachment":[{"href":"https:\/\/agora.xtec.cat\/escmilaifontanals\/wp-json\/wp\/v2\/media?parent=185"}],"curies":[{"name":"wp","href":"https:\/\/api.w.org\/{rel}","templated":true}]}}