{"id":77,"date":"2014-09-18T14:05:08","date_gmt":"2014-09-18T13:05:08","guid":{"rendered":"http:\/\/agora.xtec.cat\/escmestresmunguet-cortes\/?page_id=77"},"modified":"2023-09-20T22:56:54","modified_gmt":"2023-09-20T20:56:54","slug":"acollida","status":"publish","type":"page","link":"https:\/\/agora.xtec.cat\/escmestresmunguet-cortes\/ampa1\/acollida\/","title":{"rendered":"Acollida"},"content":{"rendered":"<p>El servei d&#8217;acollida t\u00e9 dues maneres de funcionar, segons si es tracta del servei matinal o el de tardes.<\/p>\n<h3><strong>Servei matinal:<\/strong><\/h3>\n<p>Es considera un servei essencial per a la conciliaci\u00f3 familiar i est\u00e0 obert a tothom que ho necessiti tots els dies d&#8217;obertura del centre des de les 7:45 a les 9h. No cal avisar pr\u00e8viament. Hi ha dues tipologies:<\/p>\n<p>1-Es pot fer servir de <strong>manera espor\u00e0dica<\/strong>, adquirint i validant tiquets a trav\u00e9s de TPVescola. Es troba a l&#8217;apartat Serveis de l&#8217;aplicaci\u00f3 i cal seleccionar la franja hor\u00e0ria que es necessiti el servei i comprar els necessaris per cada mes ja que no s\u00f3n transferibles. Cal validar fins a 1 minut abans de l&#8217;hora d&#8217;acc\u00e9s.<\/p>\n<p><a href=\"https:\/\/agora.xtec.cat\/escmestresmunguet-cortes\/wp-content\/uploads\/usu1976\/2023\/09\/acollida1.jpg\"><img loading=\"lazy\" decoding=\"async\" class=\"alignnone wp-image-9181 size-medium\" src=\"https:\/\/agora.xtec.cat\/escmestresmunguet-cortes\/wp-content\/uploads\/usu1976\/2023\/09\/acollida1-300x219.jpg\" alt=\"\" width=\"300\" height=\"219\" srcset=\"https:\/\/agora.xtec.cat\/escmestresmunguet-cortes\/wp-content\/uploads\/usu1976\/2023\/09\/acollida1-300x219.jpg 300w, https:\/\/agora.xtec.cat\/escmestresmunguet-cortes\/wp-content\/uploads\/usu1976\/2023\/09\/acollida1.jpg 719w\" sizes=\"auto, (max-width: 300px) 100vw, 300px\" \/><\/a><a href=\"https:\/\/agora.xtec.cat\/escmestresmunguet-cortes\/wp-content\/uploads\/usu1976\/2023\/09\/acollida2.jpg\"><img loading=\"lazy\" decoding=\"async\" class=\"alignnone wp-image-9182 size-medium\" src=\"https:\/\/agora.xtec.cat\/escmestresmunguet-cortes\/wp-content\/uploads\/usu1976\/2023\/09\/acollida2-e1695237366348-300x115.jpg\" alt=\"\" width=\"300\" height=\"115\" srcset=\"https:\/\/agora.xtec.cat\/escmestresmunguet-cortes\/wp-content\/uploads\/usu1976\/2023\/09\/acollida2-e1695237366348-300x115.jpg 300w, https:\/\/agora.xtec.cat\/escmestresmunguet-cortes\/wp-content\/uploads\/usu1976\/2023\/09\/acollida2-e1695237366348.jpg 719w\" sizes=\"auto, (max-width: 300px) 100vw, 300px\" \/><\/a><\/p>\n<p><a href=\"https:\/\/drive.google.com\/file\/d\/1wJKyFo5oHKT7WiScUuReTZgwnlq8Oxqo\/view?usp=sharing\">Aqu\u00ed<\/a> teniu el v\u00eddeo explicatiu realitzat per TPVescola.<\/p>\n<p>2-Es pot fer servir de <strong>manera fixa<\/strong> realitzant la inscripci\u00f3 tamb\u00e9 a TPVescola, entrant a l&#8217;apartat Serveis i clicant sobre Inscripcions, un cop dins cal assegurar-se que hagueu seleccionat el curs corresponent per tal que ompliu el formulari correcte i no el de cursos anteriors.<\/p>\n<p><a href=\"https:\/\/agora.xtec.cat\/escmestresmunguet-cortes\/wp-content\/uploads\/usu1976\/2023\/09\/acollida2-1.jpg\"><img loading=\"lazy\" decoding=\"async\" class=\"alignnone wp-image-9183 size-medium\" src=\"https:\/\/agora.xtec.cat\/escmestresmunguet-cortes\/wp-content\/uploads\/usu1976\/2023\/09\/acollida2-1-e1695237707716-300x90.jpg\" alt=\"\" width=\"300\" height=\"90\" srcset=\"https:\/\/agora.xtec.cat\/escmestresmunguet-cortes\/wp-content\/uploads\/usu1976\/2023\/09\/acollida2-1-e1695237707716-300x90.jpg 300w, https:\/\/agora.xtec.cat\/escmestresmunguet-cortes\/wp-content\/uploads\/usu1976\/2023\/09\/acollida2-1-e1695237707716.jpg 719w\" sizes=\"auto, (max-width: 300px) 100vw, 300px\" \/><\/a><a href=\"https:\/\/agora.xtec.cat\/escmestresmunguet-cortes\/wp-content\/uploads\/usu1976\/2023\/09\/acollida3.jpg\"><img loading=\"lazy\" decoding=\"async\" class=\"alignnone size-medium wp-image-9184\" src=\"https:\/\/agora.xtec.cat\/escmestresmunguet-cortes\/wp-content\/uploads\/usu1976\/2023\/09\/acollida3-300x132.jpg\" alt=\"\" width=\"300\" height=\"132\" srcset=\"https:\/\/agora.xtec.cat\/escmestresmunguet-cortes\/wp-content\/uploads\/usu1976\/2023\/09\/acollida3-300x132.jpg 300w, https:\/\/agora.xtec.cat\/escmestresmunguet-cortes\/wp-content\/uploads\/usu1976\/2023\/09\/acollida3.jpg 720w\" sizes=\"auto, (max-width: 300px) 100vw, 300px\" \/><\/a><\/p>\n<p>Aquesta modalitat \u00e9s per tots els alumnes que facin servir l&#8217;acollida matinal 16 o m\u00e9s dies al mes. Es passar\u00e0 el pagament a final de mes a trav\u00e9s de la mateixa aplicaci\u00f3. Cal avisar si es vol donar de baixa o si per alg\u00fan motiu justificat s&#8217;utilitz\u00e9s el servei menys de 16 dies, en cas contrari es girar\u00e0 el rebut sencer.<\/p>\n<h3><strong>Servei de tarda:<\/strong><\/h3>\n<p>La gesti\u00f3 es realitza a trav\u00e9s de la mateixa empresa de les extraescolars, Artgest, oferint-se com un servei amb un m\u00ednim d&#8217;usuaris per poder disposar d&#8217;una persona fixa per atendre als infants per\u00f2, d&#8217;igual manera que l&#8217;acollida matinal, es garantir\u00e0 que qualsevol infant que per una situaci\u00f3 d&#8217;emerg\u00e8ncia s&#8217;hagi d&#8217;esperar a l&#8217;escola, en pugui fer \u00fas de manera puntual.<\/p>\n<p>En aquest cas la inscripci\u00f3 s&#8217;ha de realitzar a trav\u00e9s del formulari d&#8217;Artgest que trobeu <a href=\"https:\/\/artgest.simun.es\/crm\/altaonline\/altap.asp?id=541&amp;cid=BF7B36F2-0D8F-4571-938C-C681E7DB84B7\">aqu\u00ed<\/a>.<\/p>\n","protected":false},"excerpt":{"rendered":"<p>El servei d&#8217;acollida t\u00e9 dues maneres de funcionar, segons si es tracta del servei matinal o el de tardes. Servei matinal: Es considera un servei essencial per a la conciliaci\u00f3 familiar i est\u00e0 obert a tothom que ho necessiti tots els dies d&#8217;obertura del centre des de les 7:45 a les 9h. No cal avisar [&hellip;]<\/p>\n","protected":false},"author":1,"featured_media":0,"parent":2053,"menu_order":20,"comment_status":"closed","ping_status":"closed","template":"page-templates\/side-menu.php","meta":{"_bbp_topic_count":0,"_bbp_reply_count":0,"_bbp_total_topic_count":0,"_bbp_total_reply_count":0,"_bbp_voice_count":0,"_bbp_anonymous_reply_count":0,"_bbp_topic_count_hidden":0,"_bbp_reply_count_hidden":0,"_bbp_forum_subforum_count":0,"site-sidebar-layout":"default","site-content-layout":"","ast-site-content-layout":"","site-content-style":"default","site-sidebar-style":"default","ast-global-header-display":"","ast-banner-title-visibility":"","ast-main-header-display":"","ast-hfb-above-header-display":"","ast-hfb-below-header-display":"","ast-hfb-mobile-header-display":"","site-post-title":"","ast-breadcrumbs-content":"","ast-featured-img":"","footer-sml-layout":"","theme-transparent-header-meta":"","adv-header-id-meta":"","stick-header-meta":"","header-above-stick-meta":"","header-main-stick-meta":"","header-below-stick-meta":"","astra-migrate-meta-layouts":"default","ast-page-background-enabled":"default","ast-page-background-meta":{"desktop":{"background-color":"var(--ast-global-color-4)","background-image":"","background-repeat":"repeat","background-position":"center center","background-size":"auto","background-attachment":"scroll","background-type":"","background-media":"","overlay-type":"","overlay-color":"","overlay-opacity":"","overlay-gradient":""},"tablet":{"background-color":"","background-image":"","background-repeat":"repeat","background-position":"center center","background-size":"auto","background-attachment":"scroll","background-type":"","background-media":"","overlay-type":"","overlay-color":"","overlay-opacity":"","overlay-gradient":""},"mobile":{"background-color":"","background-image":"","background-repeat":"repeat","background-position":"center center","background-size":"auto","background-attachment":"scroll","background-type":"","background-media":"","overlay-type":"","overlay-color":"","overlay-opacity":"","overlay-gradient":""}},"ast-content-background-meta":{"desktop":{"background-color":"var(--ast-global-color-5)","background-image":"","background-repeat":"repeat","background-position":"center center","background-size":"auto","background-attachment":"scroll","background-type":"","background-media":"","overlay-type":"","overlay-color":"","overlay-opacity":"","overlay-gradient":""},"tablet":{"background-color":"var(--ast-global-color-5)","background-image":"","background-repeat":"repeat","background-position":"center center","background-size":"auto","background-attachment":"scroll","background-type":"","background-media":"","overlay-type":"","overlay-color":"","overlay-opacity":"","overlay-gradient":""},"mobile":{"background-color":"var(--ast-global-color-5)","background-image":"","background-repeat":"repeat","background-position":"center center","background-size":"auto","background-attachment":"scroll","background-type":"","background-media":"","overlay-type":"","overlay-color":"","overlay-opacity":"","overlay-gradient":""}},"footnotes":""},"class_list":["post-77","page","type-page","status-publish","hentry"],"post_mailing_queue_ids":[],"_links":{"self":[{"href":"https:\/\/agora.xtec.cat\/escmestresmunguet-cortes\/wp-json\/wp\/v2\/pages\/77","targetHints":{"allow":["GET"]}}],"collection":[{"href":"https:\/\/agora.xtec.cat\/escmestresmunguet-cortes\/wp-json\/wp\/v2\/pages"}],"about":[{"href":"https:\/\/agora.xtec.cat\/escmestresmunguet-cortes\/wp-json\/wp\/v2\/types\/page"}],"author":[{"embeddable":true,"href":"https:\/\/agora.xtec.cat\/escmestresmunguet-cortes\/wp-json\/wp\/v2\/users\/1"}],"replies":[{"embeddable":true,"href":"https:\/\/agora.xtec.cat\/escmestresmunguet-cortes\/wp-json\/wp\/v2\/comments?post=77"}],"version-history":[{"count":3,"href":"https:\/\/agora.xtec.cat\/escmestresmunguet-cortes\/wp-json\/wp\/v2\/pages\/77\/revisions"}],"predecessor-version":[{"id":9202,"href":"https:\/\/agora.xtec.cat\/escmestresmunguet-cortes\/wp-json\/wp\/v2\/pages\/77\/revisions\/9202"}],"up":[{"embeddable":true,"href":"https:\/\/agora.xtec.cat\/escmestresmunguet-cortes\/wp-json\/wp\/v2\/pages\/2053"}],"wp:attachment":[{"href":"https:\/\/agora.xtec.cat\/escmestresmunguet-cortes\/wp-json\/wp\/v2\/media?parent=77"}],"curies":[{"name":"wp","href":"https:\/\/api.w.org\/{rel}","templated":true}]}}