{"id":2020,"date":"2019-02-09T16:34:57","date_gmt":"2019-02-09T15:34:57","guid":{"rendered":"https:\/\/agora.xtec.cat\/escmestresmunguet-cortes\/?page_id=2020"},"modified":"2024-02-20T22:54:14","modified_gmt":"2024-02-20T21:54:14","slug":"venda-de-roba","status":"publish","type":"page","link":"https:\/\/agora.xtec.cat\/escmestresmunguet-cortes\/ampa1\/venda-de-roba\/","title":{"rendered":"Venda de roba"},"content":{"rendered":"<div id=\"comp-ixch3tyt\" class=\"wp2\" title=\"\" data-exact-height=\"370\" data-content-padding-horizontal=\"0\" data-content-padding-vertical=\"0\">\n<div id=\"comp-ixch3tytlink\" class=\"wp2link\">\n<h3><strong>Compra<\/strong><\/h3>\n<p>La venda de bates i xandall de l&#8217;escola es realitza a trav\u00e9s de TPVescola. A l&#8217;apartat Compres -&gt; Articles -&gt; Equipament<\/p>\n<p><a href=\"https:\/\/agora.xtec.cat\/escmestresmunguet-cortes\/wp-content\/uploads\/usu1976\/2023\/09\/compres1.jpg\"><img loading=\"lazy\" decoding=\"async\" class=\"alignnone size-medium wp-image-9187\" src=\"https:\/\/agora.xtec.cat\/escmestresmunguet-cortes\/wp-content\/uploads\/usu1976\/2023\/09\/compres1-300x196.jpg\" alt=\"\" width=\"300\" height=\"196\" srcset=\"https:\/\/agora.xtec.cat\/escmestresmunguet-cortes\/wp-content\/uploads\/usu1976\/2023\/09\/compres1-300x196.jpg 300w, https:\/\/agora.xtec.cat\/escmestresmunguet-cortes\/wp-content\/uploads\/usu1976\/2023\/09\/compres1.jpg 720w\" sizes=\"auto, (max-width: 300px) 100vw, 300px\" \/><\/a> <a href=\"https:\/\/agora.xtec.cat\/escmestresmunguet-cortes\/wp-content\/uploads\/usu1976\/2023\/09\/compres2.jpg\"><img loading=\"lazy\" decoding=\"async\" class=\"alignnone wp-image-9188 size-medium\" src=\"https:\/\/agora.xtec.cat\/escmestresmunguet-cortes\/wp-content\/uploads\/usu1976\/2023\/09\/compres2-e1695239009878-300x156.jpg\" alt=\"\" width=\"300\" height=\"156\" srcset=\"https:\/\/agora.xtec.cat\/escmestresmunguet-cortes\/wp-content\/uploads\/usu1976\/2023\/09\/compres2-e1695239009878-300x156.jpg 300w, https:\/\/agora.xtec.cat\/escmestresmunguet-cortes\/wp-content\/uploads\/usu1976\/2023\/09\/compres2-e1695239009878.jpg 476w\" sizes=\"auto, (max-width: 300px) 100vw, 300px\" \/><\/a> <a href=\"https:\/\/agora.xtec.cat\/escmestresmunguet-cortes\/wp-content\/uploads\/usu1976\/2023\/09\/compres3.jpg\"><img loading=\"lazy\" decoding=\"async\" class=\"alignnone size-medium wp-image-9189\" src=\"https:\/\/agora.xtec.cat\/escmestresmunguet-cortes\/wp-content\/uploads\/usu1976\/2023\/09\/compres3-300x110.jpg\" alt=\"\" width=\"300\" height=\"110\" srcset=\"https:\/\/agora.xtec.cat\/escmestresmunguet-cortes\/wp-content\/uploads\/usu1976\/2023\/09\/compres3-300x110.jpg 300w, https:\/\/agora.xtec.cat\/escmestresmunguet-cortes\/wp-content\/uploads\/usu1976\/2023\/09\/compres3.jpg 718w\" sizes=\"auto, (max-width: 300px) 100vw, 300px\" \/><\/a> <a href=\"https:\/\/agora.xtec.cat\/escmestresmunguet-cortes\/wp-content\/uploads\/usu1976\/2023\/09\/compres4.jpg\"><img loading=\"lazy\" decoding=\"async\" class=\"alignnone size-medium wp-image-9190\" src=\"https:\/\/agora.xtec.cat\/escmestresmunguet-cortes\/wp-content\/uploads\/usu1976\/2023\/09\/compres4-168x300.jpg\" alt=\"\" width=\"168\" height=\"300\" srcset=\"https:\/\/agora.xtec.cat\/escmestresmunguet-cortes\/wp-content\/uploads\/usu1976\/2023\/09\/compres4-168x300.jpg 168w, https:\/\/agora.xtec.cat\/escmestresmunguet-cortes\/wp-content\/uploads\/usu1976\/2023\/09\/compres4-575x1024.jpg 575w, https:\/\/agora.xtec.cat\/escmestresmunguet-cortes\/wp-content\/uploads\/usu1976\/2023\/09\/compres4.jpg 718w\" sizes=\"auto, (max-width: 168px) 100vw, 168px\" \/><\/a><\/p>\n<p>Un cop veiem el llistat de productes, anem afegint un per un seleccionant les unitats i la talla de cada article que vulguem comprar. Quan hem seleccionat tot el necessari, finalitzem la compra mitjan\u00e7ant targeta banc\u00e0ria, ja sigui la que tinguem vinculada a l&#8217;aplicaci\u00f3 o altre.<\/p>\n<p>Si d&#8217;un article no surt una talla determinada vol dir que no hi ha stock disponible, en aquest cas preguem ens envieu un mail quan ho detecteu per tal d&#8217;estar al cas i poder fer la comanda necess\u00e0ria al prove\u00efdor, Colex.<\/p>\n<h3><strong>Recollida de la comanda<\/strong><\/h3>\n<p>Els membres de la Junta de l&#8217;AFA encarregats del t\u00e8xtil revisen les compres cada setmana i, quan hi ha comandes a preparar, es convoca un dia per fer les entregues al nostre despatx (entrada per la porta de La Roca). Es comunica pels grups de whatsapp de les classes i\/o per mail.<\/p>\n<p>Si el dia convocat no podeu assistir a recollir la comanda i no hi ha cap persona de la vostra confian\u00e7a a qui li podeu demanar, cal que ens envieu un mail per trobar un altre dia per fer-vos l&#8217;entrega.<\/p>\n<p>Si necessiteu fer un canvi de talla o devoluci\u00f3, caldr\u00e0 que ens contacteu per mail per tramitar-ho.<\/p>\n<h3><strong>Liquidaci\u00f3 model antic<\/strong><\/h3>\n<p>Degut al canvi en el model de xandall i bata que es va fer el curs 2021-2022, encara disposem d&#8217;un stock limitat de bates de m\u00e0niga llarga. No queda res de xandalls ni bates sense m\u00e0niga.<\/p>\n<p>Es poden comprar tamb\u00e9 al TPVescola a 3\u20ac la unitat. No s&#8217;acceptaran canvis ni devolucions de cap article de liquidaci\u00f3.<\/p>\n<\/div>\n<p>&nbsp;<\/p>\n<\/div>\n","protected":false},"excerpt":{"rendered":"<p>Compra La venda de bates i xandall de l&#8217;escola es realitza a trav\u00e9s de TPVescola. A l&#8217;apartat Compres -&gt; Articles -&gt; Equipament Un cop veiem el llistat de productes, anem afegint un per un seleccionant les unitats i la talla de cada article que vulguem comprar. Quan hem seleccionat tot el necessari, finalitzem la compra [&hellip;]<\/p>\n","protected":false},"author":3,"featured_media":0,"parent":2053,"menu_order":0,"comment_status":"closed","ping_status":"closed","template":"page-templates\/side-menu.php","meta":{"_bbp_topic_count":0,"_bbp_reply_count":0,"_bbp_total_topic_count":0,"_bbp_total_reply_count":0,"_bbp_voice_count":0,"_bbp_anonymous_reply_count":0,"_bbp_topic_count_hidden":0,"_bbp_reply_count_hidden":0,"_bbp_forum_subforum_count":0,"site-sidebar-layout":"default","site-content-layout":"","ast-site-content-layout":"","site-content-style":"default","site-sidebar-style":"default","ast-global-header-display":"","ast-banner-title-visibility":"","ast-main-header-display":"","ast-hfb-above-header-display":"","ast-hfb-below-header-display":"","ast-hfb-mobile-header-display":"","site-post-title":"","ast-breadcrumbs-content":"","ast-featured-img":"","footer-sml-layout":"","theme-transparent-header-meta":"","adv-header-id-meta":"","stick-header-meta":"","header-above-stick-meta":"","header-main-stick-meta":"","header-below-stick-meta":"","astra-migrate-meta-layouts":"default","ast-page-background-enabled":"default","ast-page-background-meta":{"desktop":{"background-color":"var(--ast-global-color-4)","background-image":"","background-repeat":"repeat","background-position":"center center","background-size":"auto","background-attachment":"scroll","background-type":"","background-media":"","overlay-type":"","overlay-color":"","overlay-opacity":"","overlay-gradient":""},"tablet":{"background-color":"","background-image":"","background-repeat":"repeat","background-position":"center center","background-size":"auto","background-attachment":"scroll","background-type":"","background-media":"","overlay-type":"","overlay-color":"","overlay-opacity":"","overlay-gradient":""},"mobile":{"background-color":"","background-image":"","background-repeat":"repeat","background-position":"center center","background-size":"auto","background-attachment":"scroll","background-type":"","background-media":"","overlay-type":"","overlay-color":"","overlay-opacity":"","overlay-gradient":""}},"ast-content-background-meta":{"desktop":{"background-color":"var(--ast-global-color-5)","background-image":"","background-repeat":"repeat","background-position":"center center","background-size":"auto","background-attachment":"scroll","background-type":"","background-media":"","overlay-type":"","overlay-color":"","overlay-opacity":"","overlay-gradient":""},"tablet":{"background-color":"var(--ast-global-color-5)","background-image":"","background-repeat":"repeat","background-position":"center center","background-size":"auto","background-attachment":"scroll","background-type":"","background-media":"","overlay-type":"","overlay-color":"","overlay-opacity":"","overlay-gradient":""},"mobile":{"background-color":"var(--ast-global-color-5)","background-image":"","background-repeat":"repeat","background-position":"center center","background-size":"auto","background-attachment":"scroll","background-type":"","background-media":"","overlay-type":"","overlay-color":"","overlay-opacity":"","overlay-gradient":""}},"footnotes":""},"class_list":["post-2020","page","type-page","status-publish","hentry"],"post_mailing_queue_ids":[],"_links":{"self":[{"href":"https:\/\/agora.xtec.cat\/escmestresmunguet-cortes\/wp-json\/wp\/v2\/pages\/2020","targetHints":{"allow":["GET"]}}],"collection":[{"href":"https:\/\/agora.xtec.cat\/escmestresmunguet-cortes\/wp-json\/wp\/v2\/pages"}],"about":[{"href":"https:\/\/agora.xtec.cat\/escmestresmunguet-cortes\/wp-json\/wp\/v2\/types\/page"}],"author":[{"embeddable":true,"href":"https:\/\/agora.xtec.cat\/escmestresmunguet-cortes\/wp-json\/wp\/v2\/users\/3"}],"replies":[{"embeddable":true,"href":"https:\/\/agora.xtec.cat\/escmestresmunguet-cortes\/wp-json\/wp\/v2\/comments?post=2020"}],"version-history":[{"count":5,"href":"https:\/\/agora.xtec.cat\/escmestresmunguet-cortes\/wp-json\/wp\/v2\/pages\/2020\/revisions"}],"predecessor-version":[{"id":9718,"href":"https:\/\/agora.xtec.cat\/escmestresmunguet-cortes\/wp-json\/wp\/v2\/pages\/2020\/revisions\/9718"}],"up":[{"embeddable":true,"href":"https:\/\/agora.xtec.cat\/escmestresmunguet-cortes\/wp-json\/wp\/v2\/pages\/2053"}],"wp:attachment":[{"href":"https:\/\/agora.xtec.cat\/escmestresmunguet-cortes\/wp-json\/wp\/v2\/media?parent=2020"}],"curies":[{"name":"wp","href":"https:\/\/api.w.org\/{rel}","templated":true}]}}