{"id":3911,"date":"2024-03-05T12:17:41","date_gmt":"2024-03-05T11:17:41","guid":{"rendered":"https:\/\/agora.xtec.cat\/escmestresm\/?page_id=3911"},"modified":"2026-04-15T09:57:10","modified_gmt":"2026-04-15T07:57:10","slug":"preinscripcio-2","status":"publish","type":"page","link":"https:\/\/agora.xtec.cat\/escmestresm\/preinscripcio-2\/","title":{"rendered":"Preinscripci\u00f3 escolar 2026-2027"},"content":{"rendered":"<p>&nbsp;<\/p>\n<table style=\"border-collapse: collapse; width: 81.9434%; height: 648px;\">\n<tbody>\n<tr style=\"height: 32px;\">\n<td style=\"width: 33.3333%; background-color: #183df5; height: 32px;\"><span style=\"color: #ffffff;\"><strong>CALENDARI<\/strong><\/span><\/td>\n<td style=\"width: 20.2078%; background-color: #183df5; height: 32px;\"><span style=\"color: #ffffff;\"><strong>DATES<\/strong><\/span><\/td>\n<td style=\"width: 28.4022%; background-color: #183df5; height: 32px;\"><strong><span style=\"color: #ffffff;\">PUBLICACI\u00d3<\/span><\/strong><\/td>\n<\/tr>\n<tr style=\"height: 32px;\">\n<td style=\"width: 33.3333%; height: 32px;\"><strong>Publicaci\u00f3 oferta inicial de places escolars<\/strong><\/td>\n<td style=\"width: 20.2078%; height: 32px;\"><strong>3 de mar\u00e7<\/strong><\/td>\n<td style=\"width: 28.4022%; height: 32px;\"><a href=\"https:\/\/drive.google.com\/file\/d\/1zYRLZtV28W5Dquaz0g0tihkgNeauZqhk\/view?usp=sharing\">OFERTA INICIAL PLACES<\/a><\/td>\n<\/tr>\n<tr style=\"height: 32px;\">\n<td style=\"width: 33.3333%; height: 32px;\"><strong>Presentaci\u00f3 i\/o modificaci\u00f3 de sol\u00b7licituds (telem\u00e0tica)<\/strong><\/td>\n<td style=\"width: 20.2078%; height: 32px;\"><strong>Del 4 al 18 de mar\u00e7<\/strong><\/td>\n<td style=\"width: 28.4022%; height: 32px;\"><\/td>\n<\/tr>\n<tr style=\"height: 32px;\">\n<td style=\"width: 33.3333%; height: 32px;\"><strong>Presentaci\u00f3 de documentaci\u00f3<\/strong><\/td>\n<td style=\"width: 20.2078%; height: 32px;\"><strong>Fins al 19 de mar\u00e7<\/strong><\/td>\n<td style=\"width: 28.4022%; height: 32px;\"><\/td>\n<\/tr>\n<tr style=\"height: 48px;\">\n<td style=\"width: 33.3333%; height: 48px;\"><strong>Publicaci\u00f3 de la llista de sol\u00b7licituds amb la puntuaci\u00f3 provisional<\/strong><\/td>\n<td style=\"width: 20.2078%; height: 48px;\"><strong>15 d&#8217;abril<\/strong><\/td>\n<td style=\"width: 28.4022%; height: 48px;\"><a href=\"https:\/\/drive.google.com\/file\/d\/1rT4q1WBkQgxFMlsByEqfb2w2Zu0shCOm\/view?usp=sharing\"><strong>Publicaci\u00f3 de la llista de sol\u00b7licituds amb la puntuaci\u00f3 provisional<\/strong><\/a><\/td>\n<\/tr>\n<tr style=\"height: 48px;\">\n<td style=\"width: 33.3333%; height: 48px;\"><strong>Presentaci\u00f3 de reclamacions a la llista amb la puntuaci\u00f3 provisional.<\/strong><\/td>\n<td style=\"width: 20.2078%; height: 48px;\"><strong>Del 15 al 20 d&#8217;abril<\/strong><\/td>\n<td style=\"width: 28.4022%; height: 48px;\"><\/td>\n<\/tr>\n<tr style=\"height: 48px;\">\n<td style=\"width: 33.3333%; height: 48px;\"><strong>Publicaci\u00f3 de la llista amb la puntuaci\u00f3, un cop resoltes les reclamacions\u00a0<\/strong><\/td>\n<td style=\"width: 20.2078%; height: 48px;\"><strong>23 d&#8217;abril<\/strong><\/td>\n<td style=\"width: 28.4022%; height: 48px;\"><strong>Publicaci\u00f3 de la llista amb la puntuaci\u00f3, un cop resoltes les reclamacions<\/strong><\/td>\n<\/tr>\n<tr style=\"height: 32px;\">\n<td style=\"width: 33.3333%; height: 32px;\"><strong>Sorteig\u00a0<\/strong><\/td>\n<td style=\"width: 20.2078%; height: 32px;\"><strong>28 d&#8217;abril<\/strong><\/td>\n<td style=\"width: 28.4022%; height: 32px;\"><\/td>\n<\/tr>\n<tr style=\"height: 32px;\">\n<td style=\"width: 33.3333%; height: 32px;\"><strong>Publicaci\u00f3 de la llista ordenada<\/strong><\/td>\n<td style=\"width: 20.2078%; height: 32px;\"><strong>29 d&#8217;abril<\/strong><\/td>\n<td style=\"width: 28.4022%; height: 32px;\"><strong>Llista ordenada<\/strong><\/td>\n<\/tr>\n<tr style=\"height: 48px;\">\n<td style=\"width: 33.3333%; height: 48px;\"><strong>Ampliaci\u00f3 de peticions per aquells alumnes NEEB que necessiten assignaci\u00f3 d&#8217;ofici i no s&#8217;han assignat per petici\u00f3 original.<\/strong><\/td>\n<td style=\"width: 20.2078%; height: 48px;\"><strong>Del 13 al 14 de maig<\/strong><\/td>\n<td style=\"width: 28.4022%; height: 48px;\"><strong>\u00a0<\/strong><\/td>\n<\/tr>\n<tr style=\"height: 64px;\">\n<td style=\"width: 33.3333%; height: 64px;\"><strong>Ampliaci\u00f3 de peticions per aquells alumnes ordinaris que necessiten assignaci\u00f3 d&#8217;ofici i no s&#8217;han assigant per petici\u00f3 original.\u00a0<\/strong><\/td>\n<td style=\"width: 20.2078%; height: 64px;\"><strong>Del 1 al 3 de juny<\/strong><\/td>\n<td style=\"width: 28.4022%; height: 64px;\"><strong>\u00a0<\/strong><\/td>\n<\/tr>\n<tr style=\"height: 32px;\">\n<td style=\"width: 33.3333%; height: 32px;\"><strong>Publicaci\u00f3 oferta final<\/strong><\/td>\n<td style=\"width: 20.2078%; height: 32px;\"><strong>10 de juny<\/strong><\/td>\n<td style=\"width: 28.4022%; height: 32px;\"><\/td>\n<\/tr>\n<tr style=\"height: 136px;\">\n<td style=\"width: 33.3333%; height: 136px;\"><span style=\"color: #0000ff;\"><strong>Publicaci\u00f3 de la llista d&#8217;admesos i la llista d&#8217;espera<\/strong><\/span><\/td>\n<td style=\"width: 20.2078%; height: 136px;\"><strong>10 de juny<\/strong><\/td>\n<td style=\"width: 28.4022%; height: 136px;\"><strong>Llista ADMESOS<\/strong><\/p>\n<p><strong>Llista ESPERA<\/strong><\/p>\n<p><strong>Llista ALUMNES PREINSCRITS<\/strong><\/td>\n<\/tr>\n<tr>\n<td style=\"width: 33.3333%;\"><span style=\"color: #0000ff;\"><strong>Per\u00edode per interposar reclamacions a les llistes d&#8217;alumnes amb pla\u00e7a assignada davant la comissi\u00f3 de garanties d&#8217;admissi\u00f3 (CGA)<\/strong><\/span><\/td>\n<td style=\"width: 20.2078%;\"><strong>Del 10 al 12 de juny<\/strong><\/td>\n<td style=\"width: 28.4022%;\"><strong>\u00a0<\/strong><\/td>\n<\/tr>\n<tr style=\"height: 32px;\">\n<td style=\"width: 33.3333%; height: 32px;\"><span style=\"color: #0000ff;\"><strong>Per\u00edode de matriculaci\u00f3<\/strong><\/span><\/td>\n<td style=\"width: 20.2078%; height: 32px;\"><strong>Del 22 al 30\u00a0 de juny\u00a0<\/strong><\/td>\n<td style=\"width: 28.4022%; height: 32px;\"><strong>CAL DEMANAR HORA<\/strong><\/td>\n<\/tr>\n<\/tbody>\n<\/table>\n","protected":false},"excerpt":{"rendered":"<p>&nbsp;<\/p>\n<p>CALENDARI<br \/>\nDATES<br \/>\nPUBLICACI\u00d3<\/p>\n<p>Publicaci\u00f3 oferta inicial de places escolars<br \/>\n3 de mar\u00e7<br \/>\n<a href=\"https:\/\/drive.google.com\/file\/d\/1zYRLZtV28W5Dquaz0g0tihkgNeauZqhk\/view?usp=sharing\">OFERTA INICIAL PLACES<\/a><\/p>\n<p>Presentaci\u00f3 i\/o modificaci\u00f3 de sol\u00b7licituds (telem\u00e0tica)<br \/>\nDel 4 al 18 de mar\u00e7<\/p>\n<p>Presentaci\u00f3 de documentaci\u00f3<br \/>\nFins al 19 de mar\u00e7<\/p>\n<p>Publicaci\u00f3 de la llista de sol\u00b7licituds amb la puntuaci\u00f3 provisional<br \/>\n15 d&#8217;abril<br \/>\n<a href=\"https:\/\/drive.google.com\/file\/d\/1rT4q1WBkQgxFMlsByEqfb2w2Zu0shCOm\/view?usp=sharing\">Publicaci\u00f3 de la llista de sol\u00b7licituds amb la&hellip;  <a href=\"https:\/\/agora.xtec.cat\/escmestresm\/preinscripcio-2\/\" title=\"Read Preinscripci\u00f3 escolar 2026-2027\">Llegeix m\u00e9s\u00bb<\/a><\/p>\n","protected":false},"author":3,"featured_media":0,"parent":0,"menu_order":0,"comment_status":"closed","ping_status":"closed","template":"","meta":{"_bbp_topic_count":0,"_bbp_reply_count":0,"_bbp_total_topic_count":0,"_bbp_total_reply_count":0,"_bbp_voice_count":0,"_bbp_anonymous_reply_count":0,"_bbp_topic_count_hidden":0,"_bbp_reply_count_hidden":0,"_bbp_forum_subforum_count":0,"footnotes":""},"class_list":["post-3911","page","type-page","status-publish","hentry"],"post_mailing_queue_ids":[],"_links":{"self":[{"href":"https:\/\/agora.xtec.cat\/escmestresm\/wp-json\/wp\/v2\/pages\/3911","targetHints":{"allow":["GET"]}}],"collection":[{"href":"https:\/\/agora.xtec.cat\/escmestresm\/wp-json\/wp\/v2\/pages"}],"about":[{"href":"https:\/\/agora.xtec.cat\/escmestresm\/wp-json\/wp\/v2\/types\/page"}],"author":[{"embeddable":true,"href":"https:\/\/agora.xtec.cat\/escmestresm\/wp-json\/wp\/v2\/users\/3"}],"replies":[{"embeddable":true,"href":"https:\/\/agora.xtec.cat\/escmestresm\/wp-json\/wp\/v2\/comments?post=3911"}],"version-history":[{"count":7,"href":"https:\/\/agora.xtec.cat\/escmestresm\/wp-json\/wp\/v2\/pages\/3911\/revisions"}],"predecessor-version":[{"id":6178,"href":"https:\/\/agora.xtec.cat\/escmestresm\/wp-json\/wp\/v2\/pages\/3911\/revisions\/6178"}],"wp:attachment":[{"href":"https:\/\/agora.xtec.cat\/escmestresm\/wp-json\/wp\/v2\/media?parent=3911"}],"curies":[{"name":"wp","href":"https:\/\/api.w.org\/{rel}","templated":true}]}}