{"id":77,"date":"2014-09-18T14:05:08","date_gmt":"2014-09-18T13:05:08","guid":{"rendered":"http:\/\/agora.xtec.cat\/escmarquesdelapobla\/?page_id=77"},"modified":"2024-10-08T12:45:30","modified_gmt":"2024-10-08T10:45:30","slug":"acollida","status":"publish","type":"page","link":"https:\/\/agora.xtec.cat\/escmarquesdelapobla\/serveis\/acollida\/","title":{"rendered":"Acollida Matinal"},"content":{"rendered":"<p style=\"text-align: justify;\">El servei d\u2019acollida matinal \u00e9s prestat per l&#8217;AFA de l&#8217;Escola.<\/p>\n<p style=\"text-align: justify;\">Est\u00e0 pensat per a donar resposta a la necessitat de totes aquelles fam\u00edlies que han de portar els seus fills a l\u2019escola abans de l\u2019horari lectiu per raons laborals, o necessitats puntuals.<br \/>\nL&#8217; horari \u00e9s de 8:00h a 9:00h i coincideix amb els dies d\u2019escola.<\/p>\n<p style=\"text-align: justify;\">No cal fer una inscripci\u00f3 pr\u00e8via, amb entrada flexible segons necessitat de les fam\u00edlies.<\/p>\n<p style=\"text-align: justify;\">En aquesta hora els nens i nenes que aix\u00ed ho desitgin poden esmorzar o realitzar activitats relaxades, dibuix, jocs de taula o manualitats senzilles.<br \/>\nA les 9:00h el monitor\/a acompanya als nens a l&#8217;Escola.<\/p>\n<p style=\"text-align: justify;\">Per a m\u00e9s informaci\u00f3 visiteu la web de <a href=\"http:\/\/www.afamarquesdelapobla.org\/wp\/acollida-matinal\/\" target=\"_blank\" rel=\"noopener noreferrer\">l&#8217;AFA.<\/a><\/p>\n","protected":false},"excerpt":{"rendered":"<p>El servei d\u2019acollida matinal \u00e9s prestat per l&#8217;AFA de l&#8217;Escola. Est\u00e0 pensat per a donar resposta a la necessitat de totes aquelles fam\u00edlies que han de portar els seus fills a l\u2019escola abans de l\u2019horari lectiu per raons laborals, o necessitats puntuals. L&#8217; horari \u00e9s de 8:00h a 9:00h i coincideix amb els dies d\u2019escola. [&hellip;]<\/p>\n","protected":false},"author":1,"featured_media":0,"parent":66,"menu_order":20,"comment_status":"closed","ping_status":"closed","template":"page-templates\/side-menu.php","meta":{"_bbp_topic_count":0,"_bbp_reply_count":0,"_bbp_total_topic_count":0,"_bbp_total_reply_count":0,"_bbp_voice_count":0,"_bbp_anonymous_reply_count":0,"_bbp_topic_count_hidden":0,"_bbp_reply_count_hidden":0,"_bbp_forum_subforum_count":0,"site-sidebar-layout":"default","site-content-layout":"","ast-site-content-layout":"","site-content-style":"default","site-sidebar-style":"default","ast-global-header-display":"","ast-banner-title-visibility":"","ast-main-header-display":"","ast-hfb-above-header-display":"","ast-hfb-below-header-display":"","ast-hfb-mobile-header-display":"","site-post-title":"","ast-breadcrumbs-content":"","ast-featured-img":"","footer-sml-layout":"","theme-transparent-header-meta":"","adv-header-id-meta":"","stick-header-meta":"","header-above-stick-meta":"","header-main-stick-meta":"","header-below-stick-meta":"","astra-migrate-meta-layouts":"default","ast-page-background-enabled":"default","ast-page-background-meta":{"desktop":{"background-color":"var(--ast-global-color-5)","background-image":"","background-repeat":"repeat","background-position":"center center","background-size":"auto","background-attachment":"scroll","background-type":"","background-media":"","overlay-type":"","overlay-color":"","overlay-opacity":"","overlay-gradient":""},"tablet":{"background-color":"","background-image":"","background-repeat":"repeat","background-position":"center center","background-size":"auto","background-attachment":"scroll","background-type":"","background-media":"","overlay-type":"","overlay-color":"","overlay-opacity":"","overlay-gradient":""},"mobile":{"background-color":"","background-image":"","background-repeat":"repeat","background-position":"center center","background-size":"auto","background-attachment":"scroll","background-type":"","background-media":"","overlay-type":"","overlay-color":"","overlay-opacity":"","overlay-gradient":""}},"ast-content-background-meta":{"desktop":{"background-color":"var(--ast-global-color-4)","background-image":"","background-repeat":"repeat","background-position":"center center","background-size":"auto","background-attachment":"scroll","background-type":"","background-media":"","overlay-type":"","overlay-color":"","overlay-opacity":"","overlay-gradient":""},"tablet":{"background-color":"var(--ast-global-color-4)","background-image":"","background-repeat":"repeat","background-position":"center center","background-size":"auto","background-attachment":"scroll","background-type":"","background-media":"","overlay-type":"","overlay-color":"","overlay-opacity":"","overlay-gradient":""},"mobile":{"background-color":"var(--ast-global-color-4)","background-image":"","background-repeat":"repeat","background-position":"center center","background-size":"auto","background-attachment":"scroll","background-type":"","background-media":"","overlay-type":"","overlay-color":"","overlay-opacity":"","overlay-gradient":""}},"footnotes":""},"class_list":["post-77","page","type-page","status-publish","hentry"],"post_mailing_queue_ids":[],"_links":{"self":[{"href":"https:\/\/agora.xtec.cat\/escmarquesdelapobla\/wp-json\/wp\/v2\/pages\/77","targetHints":{"allow":["GET"]}}],"collection":[{"href":"https:\/\/agora.xtec.cat\/escmarquesdelapobla\/wp-json\/wp\/v2\/pages"}],"about":[{"href":"https:\/\/agora.xtec.cat\/escmarquesdelapobla\/wp-json\/wp\/v2\/types\/page"}],"author":[{"embeddable":true,"href":"https:\/\/agora.xtec.cat\/escmarquesdelapobla\/wp-json\/wp\/v2\/users\/1"}],"replies":[{"embeddable":true,"href":"https:\/\/agora.xtec.cat\/escmarquesdelapobla\/wp-json\/wp\/v2\/comments?post=77"}],"version-history":[{"count":5,"href":"https:\/\/agora.xtec.cat\/escmarquesdelapobla\/wp-json\/wp\/v2\/pages\/77\/revisions"}],"predecessor-version":[{"id":14314,"href":"https:\/\/agora.xtec.cat\/escmarquesdelapobla\/wp-json\/wp\/v2\/pages\/77\/revisions\/14314"}],"up":[{"embeddable":true,"href":"https:\/\/agora.xtec.cat\/escmarquesdelapobla\/wp-json\/wp\/v2\/pages\/66"}],"wp:attachment":[{"href":"https:\/\/agora.xtec.cat\/escmarquesdelapobla\/wp-json\/wp\/v2\/media?parent=77"}],"curies":[{"name":"wp","href":"https:\/\/api.w.org\/{rel}","templated":true}]}}