{"id":7267,"date":"2023-11-06T02:23:40","date_gmt":"2023-11-06T01:23:40","guid":{"rendered":"http:\/\/agora.xtec.cat\/escmarquesdelapobla\/?page_id=7267"},"modified":"2025-06-10T17:23:01","modified_gmt":"2025-06-10T15:23:01","slug":"projecte-educatiu","status":"publish","type":"page","link":"https:\/\/agora.xtec.cat\/escmarquesdelapobla\/projecte-educatiu\/","title":{"rendered":"PROJECTE EDUCATIU"},"content":{"rendered":"<p style=\"text-align: justify;\">Aqu\u00ed podeu consultar els diferents documents relacionats amb el Projecte d&#8217;Escola i la seva normativa. Tots plegats ens descriuen la l\u00ednia d&#8217;escola que caracteritza l&#8217;Escola Marqu\u00e8s de la Pobla, en constant revisi\u00f3 per part del claustre i amb el ferm objectiu de brindar una educaci\u00f3 p\u00fablica inclusiva i de qualitat.<\/p>\n<ul>\n<li><a href=\"https:\/\/agora.xtec.cat\/escmarquesdelapobla\/wp-content\/uploads\/usu1682\/2021\/03\/PEC_2020-21.pdf\" target=\"_blank\" rel=\"noopener noreferrer\">Projecte Educatiu de Centre<\/a><\/li>\n<li><a href=\"https:\/\/drive.google.com\/file\/d\/1GHLpFY9k_7w_BH9jSlc_c1XIzYCKZBVN\/view?usp=sharing\">Normes d&#8217;Organitzaci\u00f3 i Funcionament de Centre<\/a><\/li>\n<li><a href=\"https:\/\/en.calameo.com\/read\/0007704415a8b21e1719f\" target=\"_blank\" rel=\"noopener noreferrer\">Projecte Ling\u00fc\u00edstic<\/a><\/li>\n<li><a href=\"https:\/\/agora.xtec.cat\/escmarquesdelapobla\/wp-content\/uploads\/usu1682\/2020\/05\/PdConviv%C3%A8ncia_Marqu%C3%A8s.pdf\" target=\"_blank\" rel=\"noopener noreferrer\">Projecte de Conviv\u00e8ncia<\/a><\/li>\n<li><a href=\"https:\/\/drive.google.com\/file\/d\/18DgZfTV-lCRyg8WGXX-VIn3X6wHRKJhE\/view?usp=sharing\">Carta de comprom\u00eds 23-24<\/a><\/li>\n<li><a href=\"https:\/\/drive.google.com\/file\/d\/1rdOXvSldo8D0h4TWHEAV85ceQ6Ixwh6x\/view?usp=sharing\">Criteris per les barreges de grups<\/a><\/li>\n<\/ul>\n","protected":false},"excerpt":{"rendered":"<p>Aqu\u00ed podeu consultar els diferents documents relacionats amb el Projecte d&#8217;Escola i la seva normativa. Tots plegats ens descriuen la l\u00ednia d&#8217;escola que caracteritza l&#8217;Escola Marqu\u00e8s de la Pobla, en constant revisi\u00f3 per part del claustre i amb el ferm objectiu de brindar una educaci\u00f3 p\u00fablica inclusiva i de qualitat. Projecte Educatiu de Centre Normes [&hellip;]<\/p>\n","protected":false},"author":2,"featured_media":0,"parent":0,"menu_order":0,"comment_status":"closed","ping_status":"closed","template":"","meta":{"_bbp_topic_count":0,"_bbp_reply_count":0,"_bbp_total_topic_count":0,"_bbp_total_reply_count":0,"_bbp_voice_count":0,"_bbp_anonymous_reply_count":0,"_bbp_topic_count_hidden":0,"_bbp_reply_count_hidden":0,"_bbp_forum_subforum_count":0,"site-sidebar-layout":"default","site-content-layout":"","ast-site-content-layout":"","site-content-style":"default","site-sidebar-style":"default","ast-global-header-display":"","ast-banner-title-visibility":"","ast-main-header-display":"","ast-hfb-above-header-display":"","ast-hfb-below-header-display":"","ast-hfb-mobile-header-display":"","site-post-title":"","ast-breadcrumbs-content":"","ast-featured-img":"","footer-sml-layout":"","theme-transparent-header-meta":"","adv-header-id-meta":"","stick-header-meta":"","header-above-stick-meta":"","header-main-stick-meta":"","header-below-stick-meta":"","astra-migrate-meta-layouts":"default","ast-page-background-enabled":"default","ast-page-background-meta":{"desktop":{"background-color":"var(--ast-global-color-5)","background-image":"","background-repeat":"repeat","background-position":"center center","background-size":"auto","background-attachment":"scroll","background-type":"","background-media":"","overlay-type":"","overlay-color":"","overlay-opacity":"","overlay-gradient":""},"tablet":{"background-color":"","background-image":"","background-repeat":"repeat","background-position":"center center","background-size":"auto","background-attachment":"scroll","background-type":"","background-media":"","overlay-type":"","overlay-color":"","overlay-opacity":"","overlay-gradient":""},"mobile":{"background-color":"","background-image":"","background-repeat":"repeat","background-position":"center center","background-size":"auto","background-attachment":"scroll","background-type":"","background-media":"","overlay-type":"","overlay-color":"","overlay-opacity":"","overlay-gradient":""}},"ast-content-background-meta":{"desktop":{"background-color":"var(--ast-global-color-4)","background-image":"","background-repeat":"repeat","background-position":"center center","background-size":"auto","background-attachment":"scroll","background-type":"","background-media":"","overlay-type":"","overlay-color":"","overlay-opacity":"","overlay-gradient":""},"tablet":{"background-color":"var(--ast-global-color-4)","background-image":"","background-repeat":"repeat","background-position":"center center","background-size":"auto","background-attachment":"scroll","background-type":"","background-media":"","overlay-type":"","overlay-color":"","overlay-opacity":"","overlay-gradient":""},"mobile":{"background-color":"var(--ast-global-color-4)","background-image":"","background-repeat":"repeat","background-position":"center center","background-size":"auto","background-attachment":"scroll","background-type":"","background-media":"","overlay-type":"","overlay-color":"","overlay-opacity":"","overlay-gradient":""}},"footnotes":""},"class_list":["post-7267","page","type-page","status-publish","hentry"],"post_mailing_queue_ids":[],"_links":{"self":[{"href":"https:\/\/agora.xtec.cat\/escmarquesdelapobla\/wp-json\/wp\/v2\/pages\/7267","targetHints":{"allow":["GET"]}}],"collection":[{"href":"https:\/\/agora.xtec.cat\/escmarquesdelapobla\/wp-json\/wp\/v2\/pages"}],"about":[{"href":"https:\/\/agora.xtec.cat\/escmarquesdelapobla\/wp-json\/wp\/v2\/types\/page"}],"author":[{"embeddable":true,"href":"https:\/\/agora.xtec.cat\/escmarquesdelapobla\/wp-json\/wp\/v2\/users\/2"}],"replies":[{"embeddable":true,"href":"https:\/\/agora.xtec.cat\/escmarquesdelapobla\/wp-json\/wp\/v2\/comments?post=7267"}],"version-history":[{"count":6,"href":"https:\/\/agora.xtec.cat\/escmarquesdelapobla\/wp-json\/wp\/v2\/pages\/7267\/revisions"}],"predecessor-version":[{"id":14751,"href":"https:\/\/agora.xtec.cat\/escmarquesdelapobla\/wp-json\/wp\/v2\/pages\/7267\/revisions\/14751"}],"wp:attachment":[{"href":"https:\/\/agora.xtec.cat\/escmarquesdelapobla\/wp-json\/wp\/v2\/media?parent=7267"}],"curies":[{"name":"wp","href":"https:\/\/api.w.org\/{rel}","templated":true}]}}

<p style="text-align: justify;">Aquí podeu consultar els diferents documents relacionats amb el Projecte d&#8217;Escola i la seva normativa. Tots plegats ens descriuen la línia d&#8217;escola que caracteritza l&#8217;Escola Marquès de la Pobla, en constant revisió per part del claustre i amb el ferm objectiu de brindar una educació pública inclusiva i de qualitat.</p>
<ul>
<li><a href="https://agora.xtec.cat/escmarquesdelapobla/wp-content/uploads/usu1682/2021/03/PEC_2020-21.pdf" target="_blank" rel="noopener noreferrer">Projecte Educatiu de Centre</a></li>
<li><a href="https://drive.google.com/file/d/1GHLpFY9k_7w_BH9jSlc_c1XIzYCKZBVN/view?usp=sharing">Normes d&#8217;Organització i Funcionament de Centre</a></li>
<li><a href="https://en.calameo.com/read/0007704415a8b21e1719f" target="_blank" rel="noopener noreferrer">Projecte Lingüístic</a></li>
<li><a href="https://agora.xtec.cat/escmarquesdelapobla/wp-content/uploads/usu1682/2020/05/PdConviv%C3%A8ncia_Marqu%C3%A8s.pdf" target="_blank" rel="noopener noreferrer">Projecte de Convivència</a></li>
<li><a href="https://drive.google.com/file/d/18DgZfTV-lCRyg8WGXX-VIn3X6wHRKJhE/view?usp=sharing">Carta de compromís 23-24</a></li>
<li><a href="https://drive.google.com/file/d/1rdOXvSldo8D0h4TWHEAV85ceQ6Ixwh6x/view?usp=sharing">Criteris per les barreges de grups</a></li>
</ul>

<p>Aquí podeu consultar els diferents documents relacionats amb el Projecte d&#8217;Escola i la seva normativa. Tots plegats ens descriuen la línia d&#8217;escola que caracteritza l&#8217;Escola Marquès de la Pobla, en constant revisió per part del claustre i amb el ferm objectiu de brindar una educació pública inclusiva i de qualitat. Projecte Educatiu de Centre Normes [&hellip;]</p>
