{"id":26,"date":"2014-09-18T12:24:32","date_gmt":"2014-09-18T11:24:32","guid":{"rendered":"http:\/\/agora.xtec.cat\/escmarquesdelapobla\/?page_id=26"},"modified":"2021-02-22T18:25:31","modified_gmt":"2021-02-22T17:25:31","slug":"historia","status":"publish","type":"page","link":"https:\/\/agora.xtec.cat\/escmarquesdelapobla\/lescola\/historia\/","title":{"rendered":"Hist\u00f2ria"},"content":{"rendered":"<p style=\"text-align: justify;\"><span style=\"font-weight: 400;\">L\u2019escola MARQU\u00c8S DE LA POBLA es troba situada a la vila de Capellades, dins la comarca de l\u2019Anoia, amb una poblaci\u00f3 de 5342 habitants (cens 2020).<\/span><\/p>\n<p style=\"text-align: justify;\"><span style=\"font-weight: 400;\">Va ser inaugurada el 14 de maig de 1933 per la Sra. Balbina Mas, v\u00eddua de Miquel i Marquesa de la Pobla, la qual i en nom del seu esp\u00f2s, va oferir-la a la vila.<\/span><\/p>\n<p><img loading=\"lazy\" decoding=\"async\" class=\" wp-image-9178 aligncenter\" src=\"https:\/\/agora.xtec.cat\/escmarquesdelapobla\/wp-content\/uploads\/usu1682\/2021\/02\/imatge1.png\" alt=\"\" width=\"567\" height=\"249\" srcset=\"https:\/\/agora.xtec.cat\/escmarquesdelapobla\/wp-content\/uploads\/usu1682\/2021\/02\/imatge1.png 899w, https:\/\/agora.xtec.cat\/escmarquesdelapobla\/wp-content\/uploads\/usu1682\/2021\/02\/imatge1-300x132.png 300w, https:\/\/agora.xtec.cat\/escmarquesdelapobla\/wp-content\/uploads\/usu1682\/2021\/02\/imatge1-768x337.png 768w\" sizes=\"auto, (max-width: 567px) 100vw, 567px\" \/><\/p>\n<p style=\"text-align: justify;\"><span style=\"font-weight: 400;\">L\u2019arquitecte-director i autor del projecte fou el Sr. Dom\u00e8nec Sugranyes i Gras (1879-38) col\u00b7laborador d\u2019A. Gaud\u00ed i encarregat de dirigir les obres de la Sagrada Fam\u00edlia a la seva mort (1926-38).<\/span><\/p>\n<p><img loading=\"lazy\" decoding=\"async\" class=\" wp-image-9179 aligncenter\" src=\"https:\/\/agora.xtec.cat\/escmarquesdelapobla\/wp-content\/uploads\/usu1682\/2021\/02\/imatge2.jpg\" alt=\"\" width=\"569\" height=\"378\" srcset=\"https:\/\/agora.xtec.cat\/escmarquesdelapobla\/wp-content\/uploads\/usu1682\/2021\/02\/imatge2.jpg 600w, https:\/\/agora.xtec.cat\/escmarquesdelapobla\/wp-content\/uploads\/usu1682\/2021\/02\/imatge2-300x200.jpg 300w\" sizes=\"auto, (max-width: 569px) 100vw, 569px\" \/><\/p>\n<p style=\"text-align: justify;\">Si b\u00e9 a les primeres d\u00e8cades era de caire rural, el creixement continuat de les ind\u00fastries va afavorir el desenvolupament dels sectors secundaris i terciaris dins la poblaci\u00f3, deixant l\u2019agricultura en un nivell molt modest i nom\u00e9s del tipus de regadiu. La industrialitzaci\u00f3 progressiva de la vila va portar el conseg\u00fcent augment de la poblaci\u00f3, amb forts corrents migratoris als anys 60 de diferents comunitats d\u2019Espanya i posteriorment, als darrers anys de l\u2019Am\u00e8rica llatina, Marroc, Xina i Pakistan majorit\u00e0riament.<\/p>\n<p style=\"text-align: justify;\">Dels canvis socials esmentats se\u2019n derivaren tamb\u00e9 canvis per al nostre centre com fou la construcci\u00f3 d\u2019un nou edifici l\u2019any 1975, la implantaci\u00f3 de cursos dobles, l\u2019augment de la plantilla base de mestres nomenada pel Departament d\u2019Educaci\u00f3 de la Generalitat de Catalunya, la t\u00e8cnica d\u2019Educaci\u00f3 Infantil, l\u2019administrativa, a m\u00e9s dels especialistes de Psicomotricitat i M\u00fasica destinats als grups d\u2019Educaci\u00f3 Infantil que ens aporta l\u2019Ajuntament, l\u2019assessorament del servei psicopedag\u00f2gic i logop\u00e8dic de l\u2019EAP.<\/p>\n<p><img loading=\"lazy\" decoding=\"async\" class=\" wp-image-9180 aligncenter\" src=\"https:\/\/agora.xtec.cat\/escmarquesdelapobla\/wp-content\/uploads\/usu1682\/2021\/02\/imatge3.png\" alt=\"\" width=\"574\" height=\"169\" srcset=\"https:\/\/agora.xtec.cat\/escmarquesdelapobla\/wp-content\/uploads\/usu1682\/2021\/02\/imatge3.png 1138w, https:\/\/agora.xtec.cat\/escmarquesdelapobla\/wp-content\/uploads\/usu1682\/2021\/02\/imatge3-300x89.png 300w, https:\/\/agora.xtec.cat\/escmarquesdelapobla\/wp-content\/uploads\/usu1682\/2021\/02\/imatge3-768x227.png 768w, https:\/\/agora.xtec.cat\/escmarquesdelapobla\/wp-content\/uploads\/usu1682\/2021\/02\/imatge3-1024x302.png 1024w\" sizes=\"auto, (max-width: 574px) 100vw, 574px\" \/><\/p>\n<p style=\"text-align: justify;\">L\u2019any 2003 es realitz\u00e0 una important remodelaci\u00f3 dels dos edificis del centre: es connecten les dues zones de l\u2019edifici antic on actualment s\u2019hi troba tot l\u2019alumnat d\u2019Educaci\u00f3 infantil i se suprimeixen les barreres arquitect\u00f2niques per mitj\u00e0 d\u2019una rampa i teulada d\u2019acc\u00e9s cap a Prim\u00e0ria. Tamb\u00e9 s\u2019instal\u00b7la un ascensor a cada edifici. El mateix any es construeix l\u2019actual gimn\u00e0s i la pista grisa amb una ampliaci\u00f3 i adequaci\u00f3 important dels espais exteriors que actualment es troben tamb\u00e9 en proc\u00e9s de remodelaci\u00f3 i millora.<\/p>\n<p style=\"text-align: justify;\">Durant una bona colla d\u2019anys i amb l\u2019augment considerat d\u2019alumnat i grups va ser necess\u00e0ria la dotaci\u00f3 de dues cargoles prefabricades amb aules adequades per a \u00fas escolar ubicades als patis. Finalment van ser retirades.<\/p>\n<p style=\"text-align: justify;\">La cuina pr\u00f2pia del centre va ser totalment remodelada i adequada el curs 2015-16.<\/p>\n<p style=\"text-align: justify;\">Al llarg dels anys la metodologia de l\u2019escola ha anat variant, adaptant-la als nous temps i a les noves necessitats de l\u2019alumnat: construint l\u2019aprenentatge a partir dels coneixements i interessos de cada infant, donant-li un caire cada vegada m\u00e9s competencial i estan sempre oberts a les tend\u00e8ncies que van sorgint.<\/p>\n<p><img loading=\"lazy\" decoding=\"async\" class=\" wp-image-9181 aligncenter\" src=\"https:\/\/agora.xtec.cat\/escmarquesdelapobla\/wp-content\/uploads\/usu1682\/2021\/02\/imatge4.jpg\" alt=\"\" width=\"564\" height=\"375\" srcset=\"https:\/\/agora.xtec.cat\/escmarquesdelapobla\/wp-content\/uploads\/usu1682\/2021\/02\/imatge4.jpg 400w, https:\/\/agora.xtec.cat\/escmarquesdelapobla\/wp-content\/uploads\/usu1682\/2021\/02\/imatge4-300x200.jpg 300w\" sizes=\"auto, (max-width: 564px) 100vw, 564px\" \/><\/p>\n<p style=\"text-align: justify;\">Estem endinsant-nos a l\u2019educaci\u00f3 basada en \u201cels set principis de \u00a0l\u2019aprenentatge\u201d, transversals, que poden orientar la creaci\u00f3 dels <strong>entorns d\u2019aprenentatge innovadors<\/strong> del S.XXI, basats en la recerca del projecte <strong>INNOVATIVE LEARNING ENVIRONMENTS<\/strong> de l\u2019Organitzaci\u00f3 per a la Cooperaci\u00f3 i el Desenvolupament Econ\u00f2mic\u00a0 (<strong><a href=\"https:\/\/www.oecd.org\/centrodemexico\/inicio\/\">OCDE<\/a><\/strong>)\u00a0 i els \u201cquatre pilars de l\u2019aprenentatge\u201d dictats per la Unesco.<\/p>\n","protected":false},"excerpt":{"rendered":"<p>L\u2019escola MARQU\u00c8S DE LA POBLA es troba situada a la vila de Capellades, dins la comarca de l\u2019Anoia, amb una poblaci\u00f3 de 5342 habitants (cens 2020). Va ser inaugurada el 14 de maig de 1933 per la Sra. Balbina Mas, v\u00eddua de Miquel i Marquesa de la Pobla, la qual i en nom del seu [&hellip;]<\/p>\n","protected":false},"author":1,"featured_media":0,"parent":57,"menu_order":4,"comment_status":"closed","ping_status":"closed","template":"page-templates\/side-menu.php","meta":{"_bbp_topic_count":0,"_bbp_reply_count":0,"_bbp_total_topic_count":0,"_bbp_total_reply_count":0,"_bbp_voice_count":0,"_bbp_anonymous_reply_count":0,"_bbp_topic_count_hidden":0,"_bbp_reply_count_hidden":0,"_bbp_forum_subforum_count":0,"site-sidebar-layout":"default","site-content-layout":"","ast-site-content-layout":"","site-content-style":"default","site-sidebar-style":"default","ast-global-header-display":"","ast-banner-title-visibility":"","ast-main-header-display":"","ast-hfb-above-header-display":"","ast-hfb-below-header-display":"","ast-hfb-mobile-header-display":"","site-post-title":"","ast-breadcrumbs-content":"","ast-featured-img":"","footer-sml-layout":"","theme-transparent-header-meta":"","adv-header-id-meta":"","stick-header-meta":"","header-above-stick-meta":"","header-main-stick-meta":"","header-below-stick-meta":"","astra-migrate-meta-layouts":"default","ast-page-background-enabled":"default","ast-page-background-meta":{"desktop":{"background-color":"var(--ast-global-color-5)","background-image":"","background-repeat":"repeat","background-position":"center center","background-size":"auto","background-attachment":"scroll","background-type":"","background-media":"","overlay-type":"","overlay-color":"","overlay-opacity":"","overlay-gradient":""},"tablet":{"background-color":"","background-image":"","background-repeat":"repeat","background-position":"center center","background-size":"auto","background-attachment":"scroll","background-type":"","background-media":"","overlay-type":"","overlay-color":"","overlay-opacity":"","overlay-gradient":""},"mobile":{"background-color":"","background-image":"","background-repeat":"repeat","background-position":"center center","background-size":"auto","background-attachment":"scroll","background-type":"","background-media":"","overlay-type":"","overlay-color":"","overlay-opacity":"","overlay-gradient":""}},"ast-content-background-meta":{"desktop":{"background-color":"var(--ast-global-color-4)","background-image":"","background-repeat":"repeat","background-position":"center center","background-size":"auto","background-attachment":"scroll","background-type":"","background-media":"","overlay-type":"","overlay-color":"","overlay-opacity":"","overlay-gradient":""},"tablet":{"background-color":"var(--ast-global-color-4)","background-image":"","background-repeat":"repeat","background-position":"center center","background-size":"auto","background-attachment":"scroll","background-type":"","background-media":"","overlay-type":"","overlay-color":"","overlay-opacity":"","overlay-gradient":""},"mobile":{"background-color":"var(--ast-global-color-4)","background-image":"","background-repeat":"repeat","background-position":"center center","background-size":"auto","background-attachment":"scroll","background-type":"","background-media":"","overlay-type":"","overlay-color":"","overlay-opacity":"","overlay-gradient":""}},"footnotes":""},"class_list":["post-26","page","type-page","status-publish","hentry"],"post_mailing_queue_ids":[],"_links":{"self":[{"href":"https:\/\/agora.xtec.cat\/escmarquesdelapobla\/wp-json\/wp\/v2\/pages\/26","targetHints":{"allow":["GET"]}}],"collection":[{"href":"https:\/\/agora.xtec.cat\/escmarquesdelapobla\/wp-json\/wp\/v2\/pages"}],"about":[{"href":"https:\/\/agora.xtec.cat\/escmarquesdelapobla\/wp-json\/wp\/v2\/types\/page"}],"author":[{"embeddable":true,"href":"https:\/\/agora.xtec.cat\/escmarquesdelapobla\/wp-json\/wp\/v2\/users\/1"}],"replies":[{"embeddable":true,"href":"https:\/\/agora.xtec.cat\/escmarquesdelapobla\/wp-json\/wp\/v2\/comments?post=26"}],"version-history":[{"count":3,"href":"https:\/\/agora.xtec.cat\/escmarquesdelapobla\/wp-json\/wp\/v2\/pages\/26\/revisions"}],"predecessor-version":[{"id":9183,"href":"https:\/\/agora.xtec.cat\/escmarquesdelapobla\/wp-json\/wp\/v2\/pages\/26\/revisions\/9183"}],"up":[{"embeddable":true,"href":"https:\/\/agora.xtec.cat\/escmarquesdelapobla\/wp-json\/wp\/v2\/pages\/57"}],"wp:attachment":[{"href":"https:\/\/agora.xtec.cat\/escmarquesdelapobla\/wp-json\/wp\/v2\/media?parent=26"}],"curies":[{"name":"wp","href":"https:\/\/api.w.org\/{rel}","templated":true}]}}

Història

<p style="text-align: justify;"><span style="font-weight: 400;">L’escola MARQUÈS DE LA POBLA es troba situada a la vila de Capellades, dins la comarca de l’Anoia, amb una població de 5342 habitants (cens 2020).</span></p>
<p style="text-align: justify;"><span style="font-weight: 400;">Va ser inaugurada el 14 de maig de 1933 per la Sra. Balbina Mas, vídua de Miquel i Marquesa de la Pobla, la qual i en nom del seu espòs, va oferir-la a la vila.</span></p>
<p><img loading="lazy" decoding="async" class=" wp-image-9178 aligncenter" src="https://agora.xtec.cat/escmarquesdelapobla/wp-content/uploads/usu1682/2021/02/imatge1.png" alt="" width="567" height="249" srcset="https://agora.xtec.cat/escmarquesdelapobla/wp-content/uploads/usu1682/2021/02/imatge1.png 899w, https://agora.xtec.cat/escmarquesdelapobla/wp-content/uploads/usu1682/2021/02/imatge1-300x132.png 300w, https://agora.xtec.cat/escmarquesdelapobla/wp-content/uploads/usu1682/2021/02/imatge1-768x337.png 768w" sizes="auto, (max-width: 567px) 100vw, 567px" /></p>
<p style="text-align: justify;"><span style="font-weight: 400;">L’arquitecte-director i autor del projecte fou el Sr. Domènec Sugranyes i Gras (1879-38) col·laborador d’A. Gaudí i encarregat de dirigir les obres de la Sagrada Família a la seva mort (1926-38).</span></p>
<p><img loading="lazy" decoding="async" class=" wp-image-9179 aligncenter" src="https://agora.xtec.cat/escmarquesdelapobla/wp-content/uploads/usu1682/2021/02/imatge2.jpg" alt="" width="569" height="378" srcset="https://agora.xtec.cat/escmarquesdelapobla/wp-content/uploads/usu1682/2021/02/imatge2.jpg 600w, https://agora.xtec.cat/escmarquesdelapobla/wp-content/uploads/usu1682/2021/02/imatge2-300x200.jpg 300w" sizes="auto, (max-width: 569px) 100vw, 569px" /></p>
<p style="text-align: justify;">Si bé a les primeres dècades era de caire rural, el creixement continuat de les indústries va afavorir el desenvolupament dels sectors secundaris i terciaris dins la població, deixant l’agricultura en un nivell molt modest i només del tipus de regadiu. La industrialització progressiva de la vila va portar el consegüent augment de la població, amb forts corrents migratoris als anys 60 de diferents comunitats d’Espanya i posteriorment, als darrers anys de l’Amèrica llatina, Marroc, Xina i Pakistan majoritàriament.</p>
<p style="text-align: justify;">Dels canvis socials esmentats se’n derivaren també canvis per al nostre centre com fou la construcció d’un nou edifici l’any 1975, la implantació de cursos dobles, l’augment de la plantilla base de mestres nomenada pel Departament d’Educació de la Generalitat de Catalunya, la tècnica d’Educació Infantil, l’administrativa, a més dels especialistes de Psicomotricitat i Música destinats als grups d’Educació Infantil que ens aporta l’Ajuntament, l’assessorament del servei psicopedagògic i logopèdic de l’EAP.</p>
<p><img loading="lazy" decoding="async" class=" wp-image-9180 aligncenter" src="https://agora.xtec.cat/escmarquesdelapobla/wp-content/uploads/usu1682/2021/02/imatge3.png" alt="" width="574" height="169" srcset="https://agora.xtec.cat/escmarquesdelapobla/wp-content/uploads/usu1682/2021/02/imatge3.png 1138w, https://agora.xtec.cat/escmarquesdelapobla/wp-content/uploads/usu1682/2021/02/imatge3-300x89.png 300w, https://agora.xtec.cat/escmarquesdelapobla/wp-content/uploads/usu1682/2021/02/imatge3-768x227.png 768w, https://agora.xtec.cat/escmarquesdelapobla/wp-content/uploads/usu1682/2021/02/imatge3-1024x302.png 1024w" sizes="auto, (max-width: 574px) 100vw, 574px" /></p>
<p style="text-align: justify;">L’any 2003 es realitzà una important remodelació dels dos edificis del centre: es connecten les dues zones de l’edifici antic on actualment s’hi troba tot l’alumnat d’Educació infantil i se suprimeixen les barreres arquitectòniques per mitjà d’una rampa i teulada d’accés cap a Primària. També s’instal·la un ascensor a cada edifici. El mateix any es construeix l’actual gimnàs i la pista grisa amb una ampliació i adequació important dels espais exteriors que actualment es troben també en procés de remodelació i millora.</p>
<p style="text-align: justify;">Durant una bona colla d’anys i amb l’augment considerat d’alumnat i grups va ser necessària la dotació de dues cargoles prefabricades amb aules adequades per a ús escolar ubicades als patis. Finalment van ser retirades.</p>
<p style="text-align: justify;">La cuina pròpia del centre va ser totalment remodelada i adequada el curs 2015-16.</p>
<p style="text-align: justify;">Al llarg dels anys la metodologia de l’escola ha anat variant, adaptant-la als nous temps i a les noves necessitats de l’alumnat: construint l’aprenentatge a partir dels coneixements i interessos de cada infant, donant-li un caire cada vegada més competencial i estan sempre oberts a les tendències que van sorgint.</p>
<p><img loading="lazy" decoding="async" class=" wp-image-9181 aligncenter" src="https://agora.xtec.cat/escmarquesdelapobla/wp-content/uploads/usu1682/2021/02/imatge4.jpg" alt="" width="564" height="375" srcset="https://agora.xtec.cat/escmarquesdelapobla/wp-content/uploads/usu1682/2021/02/imatge4.jpg 400w, https://agora.xtec.cat/escmarquesdelapobla/wp-content/uploads/usu1682/2021/02/imatge4-300x200.jpg 300w" sizes="auto, (max-width: 564px) 100vw, 564px" /></p>
<p style="text-align: justify;">Estem endinsant-nos a l’educació basada en “els set principis de  l’aprenentatge”, transversals, que poden orientar la creació dels <strong>entorns d’aprenentatge innovadors</strong> del S.XXI, basats en la recerca del projecte <strong>INNOVATIVE LEARNING ENVIRONMENTS</strong> de l’Organització per a la Cooperació i el Desenvolupament Econòmic  (<strong><a href="https://www.oecd.org/centrodemexico/inicio/">OCDE</a></strong>)  i els “quatre pilars de l’aprenentatge” dictats per la Unesco.</p>

<p>L’escola MARQUÈS DE LA POBLA es troba situada a la vila de Capellades, dins la comarca de l’Anoia, amb una població de 5342 habitants (cens 2020). Va ser inaugurada el 14 de maig de 1933 per la Sra. Balbina Mas, vídua de Miquel i Marquesa de la Pobla, la qual i en nom del seu [&hellip;]</p>
