{"id":1913,"date":"2018-01-31T23:13:28","date_gmt":"2018-01-31T22:13:28","guid":{"rendered":"http:\/\/agora.xtec.cat\/escmarquesdelapobla\/?page_id=1913"},"modified":"2021-03-07T23:09:14","modified_gmt":"2021-03-07T22:09:14","slug":"qui-som","status":"publish","type":"page","link":"https:\/\/agora.xtec.cat\/escmarquesdelapobla\/lescola\/qui-som\/","title":{"rendered":"Qui som?"},"content":{"rendered":"<p style=\"text-align: justify;\"><strong>MISSI\u00d3:<\/strong><br \/>\nL\u2019escola Marqu\u00e8s de la Pobla \u00e9s una escola p\u00fablica, catalana, inclusiva, plural i<br \/>\ndemocr\u00e0tica, arrelada a Capellades, al seu entorn i oberta al m\u00f3n.<\/p>\n<p style=\"text-align: justify;\">La Comunitat educativa de la nostra escola t\u00e9 com a finalitat aconseguir la millor qualitat<br \/>\nen l\u2019educaci\u00f3 de l\u2019alumnat.<\/p>\n<p style=\"text-align: justify;\">L\u2019Escola Marqu\u00e8s de la Pobla educa per:<\/p>\n<p style=\"text-align: justify;\">Formar ciutadans responsables, cr\u00edtics, tolerants, innovadors i creatius.<br \/>\nEstimular les capacitats, compet\u00e8ncies i habilitats personals i socials.<br \/>\nPotenciar el treball coordinat i actiu de tota la comunitat educativa.<\/p>\n<p style=\"text-align: justify;\"><strong>VISI\u00d3:<\/strong><br \/>\nL\u2019Escola Marqu\u00e8s de la Pobla vol:<br \/>\nSer un centre coresponsable en el proc\u00e9s educatiu i evolutiu dels infants conjuntament amb les fam\u00edlies, les institucions i entitats de l\u2019entorn.<br \/>\nUn centre que garanteixi una inclusi\u00f3 de qualitat.<\/p>\n<p style=\"text-align: justify;\">Per esdevenir:<br \/>\nUna escola capa\u00e7 de millorar els aprenentatges de l\u2019alumnat.<br \/>\nUn centre innovador, integrador de les noves tecnologies, formador de ciutadans pluriling\u00fces amb visi\u00f3 i capacitat d\u2019integrar-se plenament a la societat en constant evoluci\u00f3.<\/p>\n<p style=\"text-align: justify;\"><strong>VALORS:<\/strong><br \/>\nL\u2019Escola Marqu\u00e8s de la Pobla vol trametre els seg\u00fcents valors:<\/p>\n<p style=\"text-align: justify;\"><strong>Valors personals<\/strong>: responsabilitat, esfor\u00e7, esperit cr\u00edtic, treball ben fet, respecte,<br \/>\ncreativitat, autonomia, autoestima.<\/p>\n<p style=\"text-align: justify;\"><strong>Valors del centre:<\/strong> di\u00e0leg, toler\u00e0ncia, solidaritat, innovaci\u00f3, comprensi\u00f3, coher\u00e8ncia,<br \/>\ninclusi\u00f3, comprom\u00eds, participaci\u00f3 democr\u00e0tica.<\/p>\n<p style=\"text-align: justify;\"><strong>Valors orientats a l\u2019entorn social:<\/strong> sostenibilitat, integraci\u00f3, respecte com a principi de conviv\u00e8ncia, pluralitat, comprom\u00eds amb l\u2019entorn, coresponsabilitat de tota la comunitat educativa.<\/p>\n<p style=\"text-align: justify;\"><strong>TRETS D&#8217;IDENTITAT:<\/strong><\/p>\n<p style=\"text-align: justify;\">1.- <strong>\u00a0Gesti\u00f3 institucional i principi de col\u00b7laboraci\u00f3<\/strong><br \/>\nEntenem el funcionament de la nostra escola dins l\u2019estructura de la comunitat educativa del nostre poble, oberta al di\u00e0leg i en la qual tant els mestres, com els pares i mares, alumnes, personal no docent, Ajuntament i Administraci\u00f3 hi participa de forma responsable i activa.<\/p>\n<p style=\"text-align: justify;\">2.- \u00a0<strong>Pluralisme ideol\u00f2gic i valors democr\u00e0tics<\/strong><br \/>\nValorem el respecte vers les diferents ideologies personals i pluralisme pol\u00edtic, fomentant valors democr\u00e0tics com: solidaritat, respecte a l\u2019altre, actitud de di\u00e0leg, esperit cr\u00edtic, etc., i rebutjant qualsevol tipus de dogmatisme o adoctrinament.<br \/>\nCap membre de la comunitat escolar no pot ser discriminat per ra\u00f3 de les seves conviccions. L\u2019escola ha de dotar a l\u2019alumnat d\u2019instruments que els ajudin a con\u00e8ixer les diferents visions i opcions que hi ha i els ha de proporcionar, progressivament, prou metodologia per analitzar la realitat social, participar-hi i poder transformar-la des d\u2019un comportament conscient i aut\u00f2nom i sempre des de la perspectiva d\u2019una societat democr\u00e0tica.<\/p>\n<p style=\"text-align: justify;\">3.- \u00a0<strong>Llengua d&#8217;aprenentatge<\/strong><br \/>\nConsiderem que l&#8217;escola s&#8217;ha d&#8217;adequar als trets espec\u00edfics de la societat catalana. Per aquesta ra\u00f3 es fomentar\u00e0 l&#8217;arrelament de la cultura catalana aix\u00ed com l&#8217;\u00fas del catal\u00e0 com a llengua base de l&#8217;aprenentatge i d\u2019intercomunicaci\u00f3 escolar.<br \/>\nL\u2019aprenentatge de totes les mat\u00e8ries tindr\u00e0 com a bases culturals, socials i f\u00edsiques les del nostre pa\u00eds, amb obertura a totes les cultures.<\/p>\n<p style=\"text-align: justify;\">4.- <strong>\u00a0Escola laica<\/strong><br \/>\nRestar\u00e0 garantit el pluralisme religi\u00f3s tot respectant la llibertat personal i de les fam\u00edlies.<\/p>\n<p style=\"text-align: justify;\">5.- \u00a0<strong>Coeducaci\u00f3<\/strong><br \/>\nPrenem com a base la coeducaci\u00f3, per desenvolupar tots els aspectes de la personalitat; la igualtat entre homes i dones ha de comen\u00e7ar educant les noves generacions en aquests principis amb acompanyament d\u2019un ambient no discriminatori.<br \/>\nL\u2019educaci\u00f3 no sexista estar\u00e0 present en totes les accions educatives que es realitzin a l\u2019escola, i es planificaran activitats educatives encaminades a compensar desigualtats, per q\u00fcestions de g\u00e8nere.<\/p>\n<p style=\"text-align: justify;\">6.- <strong>\u00a0Educaci\u00f3 integradora i plural<\/strong><br \/>\nCreiem que tota l\u2019escola ha de ser integradora, amb capacitat per donar resposta a la diversitat que suposa, cada un\/a dels\/de les nens\/es i fam\u00edlies que acull. Per aquesta ra\u00f3 bandegem qualsevol sistema educatiu que tendeixi a homogene\u00eftzar l\u2019alumnat o en propugni la marginaci\u00f3.<\/p>\n<p style=\"text-align: justify;\">7.- \u00a0<strong>Educaci\u00f3 per a la conviv\u00e8ncia i la pau<\/strong><br \/>\nPartint de la realitat nacional catalana, ens aproparem al coneixement d\u2019altres realitats culturals, tot fomentant l\u2019esperit de pertinen\u00e7a a la comunitat internacional i de solidaritat amb els pobles de les altres nacionalitats. Tamb\u00e9 creiem que la viol\u00e8ncia no \u00e9s sin\u00f2nim de valentia sin\u00f3 de feblesa i refusem la seva utilitzaci\u00f3 en qualsevol forma que es pugui manifestar. Treballem la sensibilitat per la pau.<\/p>\n<p style=\"text-align: justify;\">8.- \u00a0<strong>Relaci\u00f3 escola-entorn<\/strong><br \/>\nVolem que l\u2019escola estableixi lligams amb el seu entorn m\u00e9s immediat, de manera que l\u2019activitat escolar pugui aportar a la col\u00b7lectivitat elements de promoci\u00f3; alhora que el medi \u00a0sigui una font d\u2019enriquiment pel mateix treball escolar.<\/p>\n<p style=\"text-align: justify;\">9.- \u00a0<strong>L\u00ednia metodol\u00f2gica<\/strong><br \/>\nEntenem que el proc\u00e9s educatiu no ha d\u2019\u00e9sser solament instructiu sin\u00f3 que ha de ser estimulant i obert vers diversos fronts, que avancin al mateix temps i de forma paral\u00b7lela per\u00f2 tenint com a objectiu la formaci\u00f3 integral dels\/ de les nostres alumnes.<br \/>\nEs posar\u00e0 un especial \u00e8mfasi a accentuar la col\u00b7laboraci\u00f3 en lloc de la competitivitat, tot afavorint els lligams entre teoria i pr\u00e0ctica, que cultivin en els alumnes l&#8217;esperit de recerca de cara a una utilitzaci\u00f3 pr\u00e0ctica de les compet\u00e8ncies adquirides.<br \/>\nEs treballar\u00e0 per aconseguir l\u2019excel\u00b7l\u00e8ncia acad\u00e8mica tot seguint el ritme d&#8217;aprenentatge de cadasc\u00fa, tal i com es proposa al projecte Traject\u00f2ries.<\/p>\n<p style=\"text-align: justify;\">10.- <strong>Educaci\u00f3 en valors<\/strong><br \/>\nL\u2019Escola ha d&#8217;estimular i potenciar en l&#8217;alumnat un conjunt de valors personals que s\u00f3n propis d&#8217;una societat democr\u00e0tica, els quals resumim en:<\/p>\n<p style=\"text-align: justify;\">L&#8217;esperit cr\u00edtic i creatiu.<br \/>\nLa responsabilitat, la participaci\u00f3 i el fet de no ser indiferents: saber pensar i raonar.<br \/>\nEl concepte positiu d&#8217;un mateix, l&#8217;autoestima i la confian\u00e7a en les pr\u00f2pies capacitats.<br \/>\nLa coher\u00e8ncia i l&#8217;esfor\u00e7 personal.<br \/>\nL&#8217;inter\u00e8s i el gust per aprendre a aprendre.<br \/>\nLa capacitat de saber ser feli\u00e7 i gaudir de la vida.<br \/>\nLa solidaritat, la cooperaci\u00f3 i l&#8217;actitud de compartir.<br \/>\nLa toler\u00e0ncia, l&#8217;acceptaci\u00f3 de la diversitat i el respecte als altres, a les minories i a les llibertats col\u00b7lectives.<br \/>\nL&#8217;actitud de di\u00e0leg i la capacitat de comunicaci\u00f3.<br \/>\nLa sensibilitat davant les discriminacions i la rebeldia davant les injust\u00edcies.<br \/>\nLa capacitat de sentir-se part integrant del medi. El respecte i la defensa de la natura, dels materials i de les coses.<br \/>\nLa defensa i la millora dels drets humans i del pacifisme.<\/p>\n<p style=\"text-align: justify;\">Aquests valors han d&#8217;estar presents en tot l&#8217;ambient de l&#8217;Escola. Han de presidir constantment la formaci\u00f3 dels nostres alumnes.<\/p>\n<p style=\"text-align: justify;\">L&#8217;educaci\u00f3 en valors implica educar en una din\u00e0mica de prevenci\u00f3 i resoluci\u00f3 pac\u00edfica dels conflictes, entenent que el proc\u00e9s \u00e9s tan educatiu com el resultat.<\/p>\n","protected":false},"excerpt":{"rendered":"<p>MISSI\u00d3: L\u2019escola Marqu\u00e8s de la Pobla \u00e9s una escola p\u00fablica, catalana, inclusiva, plural i democr\u00e0tica, arrelada a Capellades, al seu entorn i oberta al m\u00f3n. La Comunitat educativa de la nostra escola t\u00e9 com a finalitat aconseguir la millor qualitat en l\u2019educaci\u00f3 de l\u2019alumnat. L\u2019Escola Marqu\u00e8s de la Pobla educa per: Formar ciutadans responsables, cr\u00edtics, [&hellip;]<\/p>\n","protected":false},"author":1,"featured_media":0,"parent":57,"menu_order":1,"comment_status":"closed","ping_status":"closed","template":"page-templates\/side-menu.php","meta":{"_bbp_topic_count":0,"_bbp_reply_count":0,"_bbp_total_topic_count":0,"_bbp_total_reply_count":0,"_bbp_voice_count":0,"_bbp_anonymous_reply_count":0,"_bbp_topic_count_hidden":0,"_bbp_reply_count_hidden":0,"_bbp_forum_subforum_count":0,"site-sidebar-layout":"default","site-content-layout":"","ast-site-content-layout":"","site-content-style":"default","site-sidebar-style":"default","ast-global-header-display":"","ast-banner-title-visibility":"","ast-main-header-display":"","ast-hfb-above-header-display":"","ast-hfb-below-header-display":"","ast-hfb-mobile-header-display":"","site-post-title":"","ast-breadcrumbs-content":"","ast-featured-img":"","footer-sml-layout":"","theme-transparent-header-meta":"","adv-header-id-meta":"","stick-header-meta":"","header-above-stick-meta":"","header-main-stick-meta":"","header-below-stick-meta":"","astra-migrate-meta-layouts":"default","ast-page-background-enabled":"default","ast-page-background-meta":{"desktop":{"background-color":"var(--ast-global-color-5)","background-image":"","background-repeat":"repeat","background-position":"center center","background-size":"auto","background-attachment":"scroll","background-type":"","background-media":"","overlay-type":"","overlay-color":"","overlay-opacity":"","overlay-gradient":""},"tablet":{"background-color":"","background-image":"","background-repeat":"repeat","background-position":"center center","background-size":"auto","background-attachment":"scroll","background-type":"","background-media":"","overlay-type":"","overlay-color":"","overlay-opacity":"","overlay-gradient":""},"mobile":{"background-color":"","background-image":"","background-repeat":"repeat","background-position":"center center","background-size":"auto","background-attachment":"scroll","background-type":"","background-media":"","overlay-type":"","overlay-color":"","overlay-opacity":"","overlay-gradient":""}},"ast-content-background-meta":{"desktop":{"background-color":"var(--ast-global-color-4)","background-image":"","background-repeat":"repeat","background-position":"center center","background-size":"auto","background-attachment":"scroll","background-type":"","background-media":"","overlay-type":"","overlay-color":"","overlay-opacity":"","overlay-gradient":""},"tablet":{"background-color":"var(--ast-global-color-4)","background-image":"","background-repeat":"repeat","background-position":"center center","background-size":"auto","background-attachment":"scroll","background-type":"","background-media":"","overlay-type":"","overlay-color":"","overlay-opacity":"","overlay-gradient":""},"mobile":{"background-color":"var(--ast-global-color-4)","background-image":"","background-repeat":"repeat","background-position":"center center","background-size":"auto","background-attachment":"scroll","background-type":"","background-media":"","overlay-type":"","overlay-color":"","overlay-opacity":"","overlay-gradient":""}},"footnotes":""},"class_list":["post-1913","page","type-page","status-publish","hentry"],"post_mailing_queue_ids":[],"_links":{"self":[{"href":"https:\/\/agora.xtec.cat\/escmarquesdelapobla\/wp-json\/wp\/v2\/pages\/1913","targetHints":{"allow":["GET"]}}],"collection":[{"href":"https:\/\/agora.xtec.cat\/escmarquesdelapobla\/wp-json\/wp\/v2\/pages"}],"about":[{"href":"https:\/\/agora.xtec.cat\/escmarquesdelapobla\/wp-json\/wp\/v2\/types\/page"}],"author":[{"embeddable":true,"href":"https:\/\/agora.xtec.cat\/escmarquesdelapobla\/wp-json\/wp\/v2\/users\/1"}],"replies":[{"embeddable":true,"href":"https:\/\/agora.xtec.cat\/escmarquesdelapobla\/wp-json\/wp\/v2\/comments?post=1913"}],"version-history":[{"count":4,"href":"https:\/\/agora.xtec.cat\/escmarquesdelapobla\/wp-json\/wp\/v2\/pages\/1913\/revisions"}],"predecessor-version":[{"id":9383,"href":"https:\/\/agora.xtec.cat\/escmarquesdelapobla\/wp-json\/wp\/v2\/pages\/1913\/revisions\/9383"}],"up":[{"embeddable":true,"href":"https:\/\/agora.xtec.cat\/escmarquesdelapobla\/wp-json\/wp\/v2\/pages\/57"}],"wp:attachment":[{"href":"https:\/\/agora.xtec.cat\/escmarquesdelapobla\/wp-json\/wp\/v2\/media?parent=1913"}],"curies":[{"name":"wp","href":"https:\/\/api.w.org\/{rel}","templated":true}]}}

<p style="text-align: justify;"><strong>MISSIÓ:</strong><br />
L’escola Marquès de la Pobla és una escola pública, catalana, inclusiva, plural i<br />
democràtica, arrelada a Capellades, al seu entorn i oberta al món.</p>
<p style="text-align: justify;">La Comunitat educativa de la nostra escola té com a finalitat aconseguir la millor qualitat<br />
en l’educació de l’alumnat.</p>
<p style="text-align: justify;">L’Escola Marquès de la Pobla educa per:</p>
<p style="text-align: justify;">Formar ciutadans responsables, crítics, tolerants, innovadors i creatius.<br />
Estimular les capacitats, competències i habilitats personals i socials.<br />
Potenciar el treball coordinat i actiu de tota la comunitat educativa.</p>
<p style="text-align: justify;"><strong>VISIÓ:</strong><br />
L’Escola Marquès de la Pobla vol:<br />
Ser un centre coresponsable en el procés educatiu i evolutiu dels infants conjuntament amb les famílies, les institucions i entitats de l’entorn.<br />
Un centre que garanteixi una inclusió de qualitat.</p>
<p style="text-align: justify;">Per esdevenir:<br />
Una escola capaç de millorar els aprenentatges de l’alumnat.<br />
Un centre innovador, integrador de les noves tecnologies, formador de ciutadans plurilingües amb visió i capacitat d’integrar-se plenament a la societat en constant evolució.</p>
<p style="text-align: justify;"><strong>VALORS:</strong><br />
L’Escola Marquès de la Pobla vol trametre els següents valors:</p>
<p style="text-align: justify;"><strong>Valors personals</strong>: responsabilitat, esforç, esperit crític, treball ben fet, respecte,<br />
creativitat, autonomia, autoestima.</p>
<p style="text-align: justify;"><strong>Valors del centre:</strong> diàleg, tolerància, solidaritat, innovació, comprensió, coherència,<br />
inclusió, compromís, participació democràtica.</p>
<p style="text-align: justify;"><strong>Valors orientats a l’entorn social:</strong> sostenibilitat, integració, respecte com a principi de convivència, pluralitat, compromís amb l’entorn, coresponsabilitat de tota la comunitat educativa.</p>
<p style="text-align: justify;"><strong>TRETS D&#8217;IDENTITAT:</strong></p>
<p style="text-align: justify;">1.- <strong> Gestió institucional i principi de col·laboració</strong><br />
Entenem el funcionament de la nostra escola dins l’estructura de la comunitat educativa del nostre poble, oberta al diàleg i en la qual tant els mestres, com els pares i mares, alumnes, personal no docent, Ajuntament i Administració hi participa de forma responsable i activa.</p>
<p style="text-align: justify;">2.-  <strong>Pluralisme ideològic i valors democràtics</strong><br />
Valorem el respecte vers les diferents ideologies personals i pluralisme polític, fomentant valors democràtics com: solidaritat, respecte a l’altre, actitud de diàleg, esperit crític, etc., i rebutjant qualsevol tipus de dogmatisme o adoctrinament.<br />
Cap membre de la comunitat escolar no pot ser discriminat per raó de les seves conviccions. L’escola ha de dotar a l’alumnat d’instruments que els ajudin a conèixer les diferents visions i opcions que hi ha i els ha de proporcionar, progressivament, prou metodologia per analitzar la realitat social, participar-hi i poder transformar-la des d’un comportament conscient i autònom i sempre des de la perspectiva d’una societat democràtica.</p>
<p style="text-align: justify;">3.-  <strong>Llengua d&#8217;aprenentatge</strong><br />
Considerem que l&#8217;escola s&#8217;ha d&#8217;adequar als trets específics de la societat catalana. Per aquesta raó es fomentarà l&#8217;arrelament de la cultura catalana així com l&#8217;ús del català com a llengua base de l&#8217;aprenentatge i d’intercomunicació escolar.<br />
L’aprenentatge de totes les matèries tindrà com a bases culturals, socials i físiques les del nostre país, amb obertura a totes les cultures.</p>
<p style="text-align: justify;">4.- <strong> Escola laica</strong><br />
Restarà garantit el pluralisme religiós tot respectant la llibertat personal i de les famílies.</p>
<p style="text-align: justify;">5.-  <strong>Coeducació</strong><br />
Prenem com a base la coeducació, per desenvolupar tots els aspectes de la personalitat; la igualtat entre homes i dones ha de començar educant les noves generacions en aquests principis amb acompanyament d’un ambient no discriminatori.<br />
L’educació no sexista estarà present en totes les accions educatives que es realitzin a l’escola, i es planificaran activitats educatives encaminades a compensar desigualtats, per qüestions de gènere.</p>
<p style="text-align: justify;">6.- <strong> Educació integradora i plural</strong><br />
Creiem que tota l’escola ha de ser integradora, amb capacitat per donar resposta a la diversitat que suposa, cada un/a dels/de les nens/es i famílies que acull. Per aquesta raó bandegem qualsevol sistema educatiu que tendeixi a homogeneïtzar l’alumnat o en propugni la marginació.</p>
<p style="text-align: justify;">7.-  <strong>Educació per a la convivència i la pau</strong><br />
Partint de la realitat nacional catalana, ens aproparem al coneixement d’altres realitats culturals, tot fomentant l’esperit de pertinença a la comunitat internacional i de solidaritat amb els pobles de les altres nacionalitats. També creiem que la violència no és sinònim de valentia sinó de feblesa i refusem la seva utilització en qualsevol forma que es pugui manifestar. Treballem la sensibilitat per la pau.</p>
<p style="text-align: justify;">8.-  <strong>Relació escola-entorn</strong><br />
Volem que l’escola estableixi lligams amb el seu entorn més immediat, de manera que l’activitat escolar pugui aportar a la col·lectivitat elements de promoció; alhora que el medi  sigui una font d’enriquiment pel mateix treball escolar.</p>
<p style="text-align: justify;">9.-  <strong>Línia metodològica</strong><br />
Entenem que el procés educatiu no ha d’ésser solament instructiu sinó que ha de ser estimulant i obert vers diversos fronts, que avancin al mateix temps i de forma paral·lela però tenint com a objectiu la formació integral dels/ de les nostres alumnes.<br />
Es posarà un especial èmfasi a accentuar la col·laboració en lloc de la competitivitat, tot afavorint els lligams entre teoria i pràctica, que cultivin en els alumnes l&#8217;esperit de recerca de cara a una utilització pràctica de les competències adquirides.<br />
Es treballarà per aconseguir l’excel·lència acadèmica tot seguint el ritme d&#8217;aprenentatge de cadascú, tal i com es proposa al projecte Trajectòries.</p>
<p style="text-align: justify;">10.- <strong>Educació en valors</strong><br />
L’Escola ha d&#8217;estimular i potenciar en l&#8217;alumnat un conjunt de valors personals que són propis d&#8217;una societat democràtica, els quals resumim en:</p>
<p style="text-align: justify;">L&#8217;esperit crític i creatiu.<br />
La responsabilitat, la participació i el fet de no ser indiferents: saber pensar i raonar.<br />
El concepte positiu d&#8217;un mateix, l&#8217;autoestima i la confiança en les pròpies capacitats.<br />
La coherència i l&#8217;esforç personal.<br />
L&#8217;interès i el gust per aprendre a aprendre.<br />
La capacitat de saber ser feliç i gaudir de la vida.<br />
La solidaritat, la cooperació i l&#8217;actitud de compartir.<br />
La tolerància, l&#8217;acceptació de la diversitat i el respecte als altres, a les minories i a les llibertats col·lectives.<br />
L&#8217;actitud de diàleg i la capacitat de comunicació.<br />
La sensibilitat davant les discriminacions i la rebeldia davant les injustícies.<br />
La capacitat de sentir-se part integrant del medi. El respecte i la defensa de la natura, dels materials i de les coses.<br />
La defensa i la millora dels drets humans i del pacifisme.</p>
<p style="text-align: justify;">Aquests valors han d&#8217;estar presents en tot l&#8217;ambient de l&#8217;Escola. Han de presidir constantment la formació dels nostres alumnes.</p>
<p style="text-align: justify;">L&#8217;educació en valors implica educar en una dinàmica de prevenció i resolució pacífica dels conflictes, entenent que el procés és tan educatiu com el resultat.</p>

<p>MISSIÓ: L’escola Marquès de la Pobla és una escola pública, catalana, inclusiva, plural i democràtica, arrelada a Capellades, al seu entorn i oberta al món. La Comunitat educativa de la nostra escola té com a finalitat aconseguir la millor qualitat en l’educació de l’alumnat. L’Escola Marquès de la Pobla educa per: Formar ciutadans responsables, crítics, [&hellip;]</p>
