{"id":176,"date":"2015-03-13T14:10:29","date_gmt":"2015-03-13T13:10:29","guid":{"rendered":"http:\/\/blocs.xtec.cat\/escolamarededeudelportal\/?page_id=176"},"modified":"2025-09-24T12:48:29","modified_gmt":"2025-09-24T10:48:29","slug":"breu-historia","status":"publish","type":"page","link":"https:\/\/agora.xtec.cat\/escmarededeudelportal\/escola\/breu-historia\/","title":{"rendered":"BREU HIST\u00d2RIA"},"content":{"rendered":"<h4><strong>Els Prats de Rei \u00e9s un poble tranquil i acollidor situat a l&#8217;altipl\u00e0 segarrenc, petit en poblaci\u00f3 (uns 550 habitants) per\u00f2 gran en hist\u00f2ria, recentment com s&#8217;ha fet pal\u00e8s amb troballes molt rellevants.<\/strong><\/h4>\n<h4><strong>El nostre centre s\u2019anomena Escola Mare de D\u00e9u del Portal. Est\u00e0 situat en un edifici constru\u00eft l\u2019any 1957, que en els seus or\u00edgens s\u2019anomenava Centre Pre-escolar i Col\u00b7legi P\u00fablic.<\/strong><\/h4>\n<h4><strong>A la nostra escola gaudim de totes les instal\u00b7lacions necess\u00e0ries, que s\u2019han anat renovant i adequant en els darrers anys.<\/strong><\/h4>\n<h4><strong>El grup hum\u00e0, que correspon al professorat, ja fa molts anys que vetlla i treballa per l\u2019especificitat d\u2019una escola petita i rural.<\/strong><\/h4>\n<h4><strong>Tamb\u00e9 gaudim de tots els mitjans tecnol\u00f2gics actuals: sala d\u2019ordinadors, pissarra digital, ordinadors individualitzats (netbooks) i recentment s\u2019ha instal\u00b7lat la fibra \u00f2ptica.<\/strong><\/h4>\n<h4><strong>\u00a0<\/strong><strong>Des de l\u2019any 1990 formem part de la\u00a0 ZER Vent d\u2019Avall. Inicialment la compon\u00edem 5 escoles. Ara actualment som 4 centres, que corresponen a les seg\u00fcents poblacions: Els Prats de Rei, Sant Mart\u00ed de Sesgueioles, Copons i Castellfollit de Riubreg\u00f3s.<\/strong><\/h4>\n<h4><strong>Aix\u00f2 vol dir que compartim sortides, trobades, col\u00f2nies, material did\u00e0ctic, elaborem conjuntament projectes i disposem de 4 professors especialistes itinerants. <\/strong><\/h4>\n<h4><strong>\u00a0<\/strong><strong>L&#8217;objectiu final de la nostra escola, sempre ha estat mantenir els costums i tradicions del poble i desenvolupar favorablement tots els aspectes educatius\u00a0 aconseguint que els nostres alumnes siguin competents amb tots aquests \u00e0mbits, per tal de millorar i afavorir el seu pas a la seg\u00fcent etapa.<\/strong><\/h4>\n<h4><strong><a href=\"https:\/\/agora.xtec.cat\/escmarededeudelportal\/wp-content\/uploads\/usu2514\/2025\/09\/WhatsApp-Image-2025-09-16-at-12.47.14.jpeg\"><img loading=\"lazy\" decoding=\"async\" class=\" wp-image-4786 aligncenter\" src=\"https:\/\/agora.xtec.cat\/escmarededeudelportal\/wp-content\/uploads\/usu2514\/2025\/09\/WhatsApp-Image-2025-09-16-at-12.47.14-300x225.jpeg\" alt=\"\" width=\"510\" height=\"382\" srcset=\"https:\/\/agora.xtec.cat\/escmarededeudelportal\/wp-content\/uploads\/usu2514\/2025\/09\/WhatsApp-Image-2025-09-16-at-12.47.14-300x225.jpeg 300w, https:\/\/agora.xtec.cat\/escmarededeudelportal\/wp-content\/uploads\/usu2514\/2025\/09\/WhatsApp-Image-2025-09-16-at-12.47.14-1024x768.jpeg 1024w, https:\/\/agora.xtec.cat\/escmarededeudelportal\/wp-content\/uploads\/usu2514\/2025\/09\/WhatsApp-Image-2025-09-16-at-12.47.14-768x576.jpeg 768w, https:\/\/agora.xtec.cat\/escmarededeudelportal\/wp-content\/uploads\/usu2514\/2025\/09\/WhatsApp-Image-2025-09-16-at-12.47.14-1536x1152.jpeg 1536w, https:\/\/agora.xtec.cat\/escmarededeudelportal\/wp-content\/uploads\/usu2514\/2025\/09\/WhatsApp-Image-2025-09-16-at-12.47.14-200x150.jpeg 200w, https:\/\/agora.xtec.cat\/escmarededeudelportal\/wp-content\/uploads\/usu2514\/2025\/09\/WhatsApp-Image-2025-09-16-at-12.47.14.jpeg 2040w\" sizes=\"auto, (max-width: 510px) 100vw, 510px\" \/><\/a><\/strong><\/h4>\n<h4><\/h4>\n<p>&nbsp;<\/p>\n<p><a href=\"https:\/\/blocs.xtec.cat\/escolamarededeudelportal\/\"><img loading=\"lazy\" decoding=\"async\" class=\"alignleft wp-image-86\" src=\"https:\/\/agora.xtec.cat\/escmarededeudelportal\/wp-content\/uploads\/usu2514\/2015\/02\/fletxa-retorn.jpg\" alt=\"fletxa retorn\" width=\"80\" height=\"80\" \/><\/a><\/p>\n","protected":false},"excerpt":{"rendered":"<p>Els Prats de Rei \u00e9s un poble tranquil i acollidor situat a l&#8217;altipl\u00e0 segarrenc, petit en poblaci\u00f3 (uns 550 habitants) per\u00f2 gran en hist\u00f2ria, recentment com s&#8217;ha fet pal\u00e8s amb troballes molt rellevants.<br \/>\nEl nostre centre s\u2019anomena Escola Mare de D\u00e9u del Portal. Est\u00e0 situat en&hellip;  <a href=\"https:\/\/agora.xtec.cat\/escmarededeudelportal\/escola\/breu-historia\/\" title=\"Read BREU HIST\u00d2RIA\">Llegeix m\u00e9s\u00bb<\/a><\/p>\n","protected":false},"author":18,"featured_media":0,"parent":25,"menu_order":0,"comment_status":"open","ping_status":"closed","template":"","meta":{"_bbp_topic_count":0,"_bbp_reply_count":0,"_bbp_total_topic_count":0,"_bbp_total_reply_count":0,"_bbp_voice_count":0,"_bbp_anonymous_reply_count":0,"_bbp_topic_count_hidden":0,"_bbp_reply_count_hidden":0,"_bbp_forum_subforum_count":0,"footnotes":""},"class_list":["post-176","page","type-page","status-publish","hentry"],"post_mailing_queue_ids":[],"_links":{"self":[{"href":"https:\/\/agora.xtec.cat\/escmarededeudelportal\/wp-json\/wp\/v2\/pages\/176","targetHints":{"allow":["GET"]}}],"collection":[{"href":"https:\/\/agora.xtec.cat\/escmarededeudelportal\/wp-json\/wp\/v2\/pages"}],"about":[{"href":"https:\/\/agora.xtec.cat\/escmarededeudelportal\/wp-json\/wp\/v2\/types\/page"}],"author":[{"embeddable":true,"href":"https:\/\/agora.xtec.cat\/escmarededeudelportal\/wp-json\/wp\/v2\/users\/18"}],"replies":[{"embeddable":true,"href":"https:\/\/agora.xtec.cat\/escmarededeudelportal\/wp-json\/wp\/v2\/comments?post=176"}],"version-history":[{"count":2,"href":"https:\/\/agora.xtec.cat\/escmarededeudelportal\/wp-json\/wp\/v2\/pages\/176\/revisions"}],"predecessor-version":[{"id":4844,"href":"https:\/\/agora.xtec.cat\/escmarededeudelportal\/wp-json\/wp\/v2\/pages\/176\/revisions\/4844"}],"up":[{"embeddable":true,"href":"https:\/\/agora.xtec.cat\/escmarededeudelportal\/wp-json\/wp\/v2\/pages\/25"}],"wp:attachment":[{"href":"https:\/\/agora.xtec.cat\/escmarededeudelportal\/wp-json\/wp\/v2\/media?parent=176"}],"curies":[{"name":"wp","href":"https:\/\/api.w.org\/{rel}","templated":true}]}}