{"id":515,"date":"2017-12-13T12:00:31","date_gmt":"2017-12-13T11:00:31","guid":{"rendered":"http:\/\/agora.xtec.cat\/escmarcelidomingotivissa\/?page_id=515"},"modified":"2020-10-09T13:29:39","modified_gmt":"2020-10-09T11:29:39","slug":"educacio-artistica","status":"publish","type":"page","link":"https:\/\/agora.xtec.cat\/escmarcelidomingotivissa\/projecte-educatiu\/educacio-artistica\/","title":{"rendered":"Educaci\u00f3 Art\u00edstica &#8211; Visual i Pl\u00e0stica"},"content":{"rendered":"<h2 style=\"text-align: center;\"><strong>Les dones i l&#8217;art\u00a0<\/strong><\/h2>\n<p>Tot va comen\u00e7ar el curs passat quan un alumne em va preguntar si no hi havien dones artistes, que mai no n\u2019hav\u00edem estudiat cap.<\/p>\n<p>Tenia ra\u00f3. Jo, seguint les figures m\u00e9s representatives de la Hist\u00f2ria de l\u00b4Art, no\u00a0hi \u00a0havia caigut en que no sortia cap artista del g\u00e8nere femen\u00ed.<\/p>\n<p>Al llarg de l\u2019estiu, vaig comen\u00e7ar\u00a0 a preparar-me per poder reparar aquesta errada tan grossa.<\/p>\n<p>Vos heu fixat mai que l\u2019adjectiu \u00a8geni\u00a8 no existeix en femen\u00ed?<\/p>\n<p>No en tenim de dones \u00a8genies\u00a8a la Hist\u00f2ria, tampoc a la Hist\u00f2ria de l\u00b4Art , \u00e9s clar.\u00a0Sabem que Leonardo Da Vinci fora un geni. Que Picasso fora un geni. Sabem que Miguel Angel va ser un geni. I Vel\u00e1zquez, i Lope de Vega,\u00a0 i Joanot Martorell, i\u00a0 Cervantes, i Eistein, i Shakespeare., i&#8230; i&#8230;.i&#8230;..<\/p>\n<p><strong>Per\u00f2 no en tenim cap de\u00a8genia\u00a8.<\/strong><\/p>\n<p>L\u00b4Hist\u00f2ria t\u00e9 un deute amb les dones. Tamb\u00e9 els llibres d&#8217;Hist\u00f2ria , els llibres de text, els Museus &#8230;<\/p>\n<p>Per aix\u00f2, aquest curs, he volgut presentar als nens i nenes algunes de les grans dones\u00a0 artistes, que malgrat tenint la Hist\u00f2ria en contra, han estat tan valuoses que la seva obra ens ha arribat fins a\u00a0 nosaltres.<\/p>\n<p>Amb Educaci\u00f3 Infantil estem treballant a la il\u00b7lustradora i naturalista anglesa de finals del s. XIX BEATRIX POTTER.<\/p>\n<p>Gran observadora i amant de la Natura no va poder entrar a estudiar Bot\u00e0nica pel fet de ser dona i va haver de lluitar molt perqu\u00e8 li publiquessin el seu primer conte escrit i il\u00b7lustrat per ella mateixa. El seu primer treball va tenir molta\u00a0 acceptaci\u00f3 i a partir d\u2019aqu\u00ed va comen\u00e7ar a guanyar els seus primers diners pel seu treball.<\/p>\n<p>Va ser la creadora del popular personatge de conte Petter Rabit.<\/p>\n<p>Al Cicle Inicial treballem <strong>SONIA DELAUNAY<\/strong>.<\/p>\n<p>El seu nom va ser Shara Stern, rusa. Pintora i dissenyadora dels\u00a0 s. XIX i XX que es va casar a Par\u00eds amb el tamb\u00e9\u00a0 pintor Robert\u00a0 Delaunay \u00a0 perdent el seu nom de soltera i prenent el cognom del seu home.\u00a0 Va ser una artista molt important de l\u00b4Art abstracte .<\/p>\n<p>Juntament amb el seu marit,\u00a0 va crear un estil pict\u00f2ric propi anomenat Simultane\u00efsme que ella va portar als seus dissenys\u00a0 de roba i a d\u2019altres objectes d\u2019\u00fas quotidi\u00e0. Als llibres d\u2019hist\u00f2ria sempre es relaciona la seva obra amb la del seu marit, i no va ser fins despr\u00e9s de la mort de Robert que li va arribar el reconeixement individual com artista.<\/p>\n<p>Al Cicle Mitj\u00e0 treballem <strong>CLARA PEETERS<\/strong>, pintora flamenca del Barroc ( s. XVI-XVII) nascuda a Amberes i morta a La Haya.<\/p>\n<p>Considerada una de les iniciadores del g\u00e8nere Natura Morta als\u00a0 Pa\u00efsos Baixos. Molt\u00a0 virtuosa en el domini de la t\u00e8cnica, pintava a l\u2019oli.<\/p>\n<p>Es va caracteritzar per amagar el seu autoretrat a les seves composicions la qual cosa li van copiar despr\u00e9s molts autors.<\/p>\n<p>Hem de dir que, aleshores, les dones\u00a0 que volien pintar s\u2019especialitzaven en Natura morta degut a que no podien entrar a les acad\u00e8mies de pintura. L\u2019estudi de l\u2019anatomia oficial sempre s\u2019ha estudiat del natural amb una figura masculina com a model i les dones no podien entrar a dibuixar cossos nus.<\/p>\n<p>Al cicle Superior estem treballant <strong>LITA CABELLUT<\/strong>.<\/p>\n<p>Aquesta artista multidisciplinar ha tingut m\u00e9s sort que les artistes anteriors perqu\u00e8 va n\u00e0ixer ja a la nostra \u00e8poca, l\u2019any 1961, tot i aix\u00ed, la seva vida no ha estat f\u00e0cil.<\/p>\n<p>Aquesta dona \u00e9s gitana, nascuda\u00a0 a la Prov\u00edncia d\u00b4Osca, per\u00f2 la seva fam\u00edlia va emigrar a\u00a0 Barcelona com tantes i tantes fam\u00edlies\u00a0 a la d\u00e8cada dels 60 i 70.<\/p>\n<p>Va tenir una infantesa molt dif\u00edcil visquent pels carrers i demanant almoina juntament amb els seus germans. Finalment va ser adoptada per un matrimoni adinerat de Barcelona amb el que s\u2019ha criat i que li van donar una formaci\u00f3 excel\u00b7lent.<\/p>\n<p>Va estudiar a Amsterdam i actualment viu i treballa als Pa\u00efsos Baixos.<\/p>\n<p>\u00c9s un exemple d\u2019esfor\u00e7 i de superaci\u00f3 personal<\/p>\n<p>Artista multidisciplinar treballa a l\u2019oli sobre llen\u00e7, dibuix sobre paper,\u00a0escultura, fotografia,\u00a0 poesia, poesia visual&#8230;<\/p>\n<p>Actualment, \u00e9s l\u2019artista espanyola m\u00e9s cotitzada en subhastes nom\u00e9s superada per Juan Mu\u00f1oz i Miquel Barcel\u00f3.<\/p>\n<p>&nbsp;<\/p>\n<p>&nbsp;<\/p>\n<p>&nbsp;<\/p>\n","protected":false},"excerpt":{"rendered":"<p>Les dones i l&#8217;art\u00a0 Tot va comen\u00e7ar el curs passat quan un alumne em va preguntar si no hi havien dones artistes, que mai no n\u2019hav\u00edem estudiat cap. Tenia ra\u00f3. Jo, seguint les figures m\u00e9s representatives de la Hist\u00f2ria de l\u00b4Art, no\u00a0hi \u00a0havia caigut en que no sortia cap artista del g\u00e8nere femen\u00ed. Al llarg [&hellip;]<\/p>\n","protected":false},"author":1,"featured_media":0,"parent":64,"menu_order":0,"comment_status":"closed","ping_status":"closed","template":"","meta":{"_bbp_topic_count":0,"_bbp_reply_count":0,"_bbp_total_topic_count":0,"_bbp_total_reply_count":0,"_bbp_voice_count":0,"_bbp_anonymous_reply_count":0,"_bbp_topic_count_hidden":0,"_bbp_reply_count_hidden":0,"_bbp_forum_subforum_count":0,"site-sidebar-layout":"default","site-content-layout":"","ast-site-content-layout":"","site-content-style":"default","site-sidebar-style":"default","ast-global-header-display":"","ast-banner-title-visibility":"","ast-main-header-display":"","ast-hfb-above-header-display":"","ast-hfb-below-header-display":"","ast-hfb-mobile-header-display":"","site-post-title":"","ast-breadcrumbs-content":"","ast-featured-img":"","footer-sml-layout":"","theme-transparent-header-meta":"","adv-header-id-meta":"","stick-header-meta":"","header-above-stick-meta":"","header-main-stick-meta":"","header-below-stick-meta":"","astra-migrate-meta-layouts":"default","ast-page-background-enabled":"default","ast-page-background-meta":{"desktop":{"background-color":"var(--ast-global-color-4)","background-image":"","background-repeat":"repeat","background-position":"center center","background-size":"auto","background-attachment":"scroll","background-type":"","background-media":"","overlay-type":"","overlay-color":"","overlay-opacity":"","overlay-gradient":""},"tablet":{"background-color":"","background-image":"","background-repeat":"repeat","background-position":"center center","background-size":"auto","background-attachment":"scroll","background-type":"","background-media":"","overlay-type":"","overlay-color":"","overlay-opacity":"","overlay-gradient":""},"mobile":{"background-color":"","background-image":"","background-repeat":"repeat","background-position":"center center","background-size":"auto","background-attachment":"scroll","background-type":"","background-media":"","overlay-type":"","overlay-color":"","overlay-opacity":"","overlay-gradient":""}},"ast-content-background-meta":{"desktop":{"background-color":"var(--ast-global-color-5)","background-image":"","background-repeat":"repeat","background-position":"center center","background-size":"auto","background-attachment":"scroll","background-type":"","background-media":"","overlay-type":"","overlay-color":"","overlay-opacity":"","overlay-gradient":""},"tablet":{"background-color":"var(--ast-global-color-5)","background-image":"","background-repeat":"repeat","background-position":"center center","background-size":"auto","background-attachment":"scroll","background-type":"","background-media":"","overlay-type":"","overlay-color":"","overlay-opacity":"","overlay-gradient":""},"mobile":{"background-color":"var(--ast-global-color-5)","background-image":"","background-repeat":"repeat","background-position":"center center","background-size":"auto","background-attachment":"scroll","background-type":"","background-media":"","overlay-type":"","overlay-color":"","overlay-opacity":"","overlay-gradient":""}},"footnotes":""},"class_list":["post-515","page","type-page","status-publish","hentry"],"post_mailing_queue_ids":[],"_links":{"self":[{"href":"https:\/\/agora.xtec.cat\/escmarcelidomingotivissa\/wp-json\/wp\/v2\/pages\/515","targetHints":{"allow":["GET"]}}],"collection":[{"href":"https:\/\/agora.xtec.cat\/escmarcelidomingotivissa\/wp-json\/wp\/v2\/pages"}],"about":[{"href":"https:\/\/agora.xtec.cat\/escmarcelidomingotivissa\/wp-json\/wp\/v2\/types\/page"}],"author":[{"embeddable":true,"href":"https:\/\/agora.xtec.cat\/escmarcelidomingotivissa\/wp-json\/wp\/v2\/users\/1"}],"replies":[{"embeddable":true,"href":"https:\/\/agora.xtec.cat\/escmarcelidomingotivissa\/wp-json\/wp\/v2\/comments?post=515"}],"version-history":[{"count":3,"href":"https:\/\/agora.xtec.cat\/escmarcelidomingotivissa\/wp-json\/wp\/v2\/pages\/515\/revisions"}],"predecessor-version":[{"id":2530,"href":"https:\/\/agora.xtec.cat\/escmarcelidomingotivissa\/wp-json\/wp\/v2\/pages\/515\/revisions\/2530"}],"up":[{"embeddable":true,"href":"https:\/\/agora.xtec.cat\/escmarcelidomingotivissa\/wp-json\/wp\/v2\/pages\/64"}],"wp:attachment":[{"href":"https:\/\/agora.xtec.cat\/escmarcelidomingotivissa\/wp-json\/wp\/v2\/media?parent=515"}],"curies":[{"name":"wp","href":"https:\/\/api.w.org\/{rel}","templated":true}]}}