{"id":26,"date":"2014-09-18T12:24:32","date_gmt":"2014-09-18T11:24:32","guid":{"rendered":"http:\/\/agora.xtec.cat\/escmarceli\/?page_id=26"},"modified":"2022-05-22T17:26:08","modified_gmt":"2022-05-22T15:26:08","slug":"historia","status":"publish","type":"page","link":"https:\/\/agora.xtec.cat\/escmarceli\/lescola\/historia\/","title":{"rendered":"La nostra escola"},"content":{"rendered":"<p><strong><a href=\"https:\/\/agora.xtec.cat\/escmarceli\/wp-content\/uploads\/usu2922\/2022\/05\/2022-05-18-11_55_45-Window.png\"><img loading=\"lazy\" decoding=\"async\" class=\"aligncenter size-thumbnail wp-image-793\" src=\"https:\/\/agora.xtec.cat\/escmarceli\/wp-content\/uploads\/usu2922\/2022\/05\/2022-05-18-11_55_45-Window-150x150.png\" alt=\"\" width=\"150\" height=\"150\" \/><\/a>Vols con\u00e8ixer els trets m\u00e9s caracter\u00edstics del centre i all\u00f2 que defineix el nostre projecte educatiu?<\/strong><\/p>\n<p>La nostra escola \u00e9s un centre educatiu din\u00e0mic i acollidor que situa a l&#8217;alumne en el centre del seu aprenentatge i del m\u00f3n que l&#8217;envolta, promovent un desenvolupament harm\u00f2nic.<\/p>\n<p>Som una escola oberta i pluralista que participa al seu entorn i que alhora promou la participaci\u00f3 i la implicaci\u00f3 activa dels seus membres, un entorn on tothom hi t\u00e9 cabuda perqu\u00e8 entenem la difer\u00e8ncia com a sin\u00f2nim d&#8217;enriquiment mutu. Una escola coeducativa, que acompanya en la toler\u00e0ncia, la solidaritat i la no discriminaci\u00f3.<\/p>\n<p>El nostre es un espai educatiu amb visi\u00f3 de futur i de qualitat, que ensenya a aprendre i a adaptar-se a la constant evoluci\u00f3 social, procurant donar resposta als reptes de la realitat actual. Entenem que l&#8217;error i el conflicte formen part natural i necess\u00e0ria del proc\u00e9s de creixement i que ens serveixen per anar m\u00e9s enll\u00e0 i desenvolupar-nos d&#8217;una forma m\u00e9s complerta. Tenim clar tamb\u00e9 que cada infant \u00e9s un m\u00f3n, i procurem adaptar la nostra acci\u00f3 a aquestes individualitats i ritmes diversos emprant metodologies, t\u00e8cniques, activitats i recursos variats que permetin a cadasc\u00fa brillar a la seva manera.<\/p>\n<p>Treballem per oferir als infants un ventall d&#8217;oportunitats promotores de la cooperaci\u00f3, els valors, les intel\u00b7lig\u00e8ncies i capacitats m\u00faltiples, el joc i la manipulaci\u00f3, la recerca, l&#8217;\u00fas de les eines digitals, les creacions art\u00edstiques, el treball en equip i la col\u00b7laboraci\u00f3, la comunicaci\u00f3, la intu\u00efci\u00f3 i la creativitat, el raonament, l&#8217;experimentaci\u00f3, el contacte amb el medi natural i l&#8217;esperit cient\u00edfic.<\/p>\n<p>Som centre de tarann\u00e0 innovador per\u00f2 des d&#8217;una perspectiva educativa sostenible, equilibrats i compromesos amb l&#8217;atenci\u00f3 emocional i el desenvolupament integral i competencial de l&#8217;alumnat aix\u00ed com amb el medi que ens envolta.<\/p>\n<p>El nostre objectiu \u00e9s procurar oferir i generar un ambient de conviv\u00e8ncia i aprenentatge per a l&#8217;alumnat on cr\u00e9ixer i compartir, on viure i gaudir d&#8217;experi\u00e8ncies significatives que els hi desvetllin una actitud respectuosa, curiosa, responsable, creativa, cr\u00edtica, emprenedora, emp\u00e0tica, investigadora i cooperativa. I tot aix\u00f2 sempre tenint molt en compte que el di\u00e0leg i la participaci\u00f3 de les fam\u00edlies i de tota la comunitat educativa en la vida escolar \u00e9s un factor impulsor important d&#8217;aquest objectiu.<\/p>\n<div style=\"width: 1920px;\" class=\"wp-video\"><!--[if lt IE 9]><script>document.createElement('video');<\/script><![endif]-->\n<video class=\"wp-video-shortcode\" id=\"video-26-1\" width=\"1920\" height=\"1080\" loop=\"1\" preload=\"metadata\" controls=\"controls\"><source type=\"video\/mp4\" src=\"https:\/\/agora.xtec.cat\/escmarceli\/wp-content\/uploads\/usu2922\/2022\/05\/Green-Minimalist-Organic-Elegant-Science-Presentation.mp4?_=1\" \/><a href=\"https:\/\/agora.xtec.cat\/escmarceli\/wp-content\/uploads\/usu2922\/2022\/05\/Green-Minimalist-Organic-Elegant-Science-Presentation.mp4\">https:\/\/agora.xtec.cat\/escmarceli\/wp-content\/uploads\/usu2922\/2022\/05\/Green-Minimalist-Organic-Elegant-Science-Presentation.mp4<\/a><\/video><\/div>\n","protected":false},"excerpt":{"rendered":"<p><a href=\"https:\/\/agora.xtec.cat\/escmarceli\/wp-content\/uploads\/usu2922\/2022\/05\/2022-05-18-11_55_45-Window.png\"><\/a>Vols con\u00e8ixer els trets m\u00e9s caracter\u00edstics del centre i all\u00f2 que defineix el nostre projecte educatiu?<br \/>\nLa nostra escola \u00e9s un centre educatiu din\u00e0mic i acollidor que situa a l&#8217;alumne en el centre del seu aprenentatge i del m\u00f3n que l&#8217;envolta, promovent un desenvolupament harm\u00f2nic.<br \/>\nSom&hellip;  <a href=\"https:\/\/agora.xtec.cat\/escmarceli\/lescola\/historia\/\" title=\"Read La nostra escola\">Llegeix m\u00e9s\u00bb<\/a><\/p>\n","protected":false},"author":1,"featured_media":0,"parent":22,"menu_order":20,"comment_status":"closed","ping_status":"closed","template":"page-templates\/side-menu.php","meta":{"_bbp_topic_count":0,"_bbp_reply_count":0,"_bbp_total_topic_count":0,"_bbp_total_reply_count":0,"_bbp_voice_count":0,"_bbp_anonymous_reply_count":0,"_bbp_topic_count_hidden":0,"_bbp_reply_count_hidden":0,"_bbp_forum_subforum_count":0,"footnotes":""},"class_list":["post-26","page","type-page","status-publish","hentry"],"post_mailing_queue_ids":[],"_links":{"self":[{"href":"https:\/\/agora.xtec.cat\/escmarceli\/wp-json\/wp\/v2\/pages\/26","targetHints":{"allow":["GET"]}}],"collection":[{"href":"https:\/\/agora.xtec.cat\/escmarceli\/wp-json\/wp\/v2\/pages"}],"about":[{"href":"https:\/\/agora.xtec.cat\/escmarceli\/wp-json\/wp\/v2\/types\/page"}],"author":[{"embeddable":true,"href":"https:\/\/agora.xtec.cat\/escmarceli\/wp-json\/wp\/v2\/users\/1"}],"replies":[{"embeddable":true,"href":"https:\/\/agora.xtec.cat\/escmarceli\/wp-json\/wp\/v2\/comments?post=26"}],"version-history":[{"count":3,"href":"https:\/\/agora.xtec.cat\/escmarceli\/wp-json\/wp\/v2\/pages\/26\/revisions"}],"predecessor-version":[{"id":839,"href":"https:\/\/agora.xtec.cat\/escmarceli\/wp-json\/wp\/v2\/pages\/26\/revisions\/839"}],"up":[{"embeddable":true,"href":"https:\/\/agora.xtec.cat\/escmarceli\/wp-json\/wp\/v2\/pages\/22"}],"wp:attachment":[{"href":"https:\/\/agora.xtec.cat\/escmarceli\/wp-json\/wp\/v2\/media?parent=26"}],"curies":[{"name":"wp","href":"https:\/\/api.w.org\/{rel}","templated":true}]}}