{"id":84,"date":"2014-09-18T14:11:31","date_gmt":"2014-09-18T13:11:31","guid":{"rendered":"http:\/\/agora.xtec.cat\/escmadorell\/?page_id=84"},"modified":"2025-06-25T10:29:59","modified_gmt":"2025-06-25T08:29:59","slug":"activitats-extraescolars","status":"publish","type":"page","link":"https:\/\/agora.xtec.cat\/escmadorell\/serveis\/activitats-extraescolars\/","title":{"rendered":"Extraescolars"},"content":{"rendered":"<pre id=\"tw-target-text\" class=\"tw-data-text tw-text-large XcVN5d tw-ta\" dir=\"ltr\" data-placeholder=\"Traducci\u00f3n\"><\/pre>\n<div><\/div>\n<div style=\"text-align: center;\"><\/div>\n<div>L\u2019AFA gestiona i organitza\u00a0 les extraescolars aix\u00ed com el cobrament de les quotes a trav\u00e9s de diferents empreses.<\/div>\n<div><\/div>\n<div><\/div>\n<div>\n<p><span style=\"font-weight: 400;\">Les activitats que comencen a les 16.30h els alumnes van directament de classe a l\u2019activitat i disposen d\u2019una estona per berenar<\/span><\/p>\n<p><strong>Les propostes es dividiran en 4 grups:<\/strong><\/p>\n<p><span style=\"font-weight: 400;\">Grup d\u2019infantil pels infants de I3, I4 i I5<\/span><\/p>\n<p><span style=\"font-weight: 400;\">Grup de mitjans pels infants de 1r , 2n i 3r<\/span><\/p>\n<p><span style=\"font-weight: 400;\">Grup dels grans pels infants de 4rt , 5\u00e8 i 6\u00e8<\/span><\/p>\n<p><span style=\"font-weight: 400;\">Grup Adults pels pares, mares , germans majors de 12 anys<\/span><\/p>\n<p><span style=\"font-weight: 400;\">Totes les activitats estan obertes a infants i adults de fora de l&#8217;escola que hauran de pagar la quota de 38\u20ac de l&#8217;AFA en concepte de matr\u00edcula,gesti\u00f3 i inscripci\u00f3 (a excepci\u00f3 dels cursos de catal\u00e0, que estan exempts de pagar la quota)<\/span><\/p>\n<p><span style=\"font-weight: 400;\">Els alumnes de l&#8217;escola que no siguin socis de l&#8217;AFA hauran de pagar la quota obligat\u00f2riament si volen dur a terme les activitats.<\/span><\/p>\n<\/div>\n<div><\/div>\n<p>&nbsp;<\/p>\n<p style=\"text-align: center;\">Qualsevol dubte el podeu consultar a l&#8217;AFA al correu electr\u00f2nic:<\/p>\n<pre id=\"tw-target-text\" class=\"tw-data-text tw-text-large XcVN5d tw-ta\" dir=\"ltr\" data-placeholder=\"Traducci\u00f3n\"><\/pre>\n<p style=\"text-align: center;\">\u00a0 afa@escmadorell.cat<\/p>\n<p>&nbsp;<\/p>\n<p>&nbsp;<\/p>\n<p>&nbsp;<\/p>\n<p>&nbsp;<\/p>\n<p>&nbsp;<\/p>\n<p>&nbsp;<\/p>\n<p>&nbsp;<\/p>\n","protected":false},"excerpt":{"rendered":"<p>L\u2019AFA gestiona i organitza\u00a0 les extraescolars aix\u00ed com el cobrament de les quotes a trav\u00e9s de diferents empreses.<\/p>\n<p>Les activitats que comencen a les 16.30h els alumnes van directament de classe a l\u2019activitat i disposen d\u2019una estona per berenar<br \/>\nLes propostes es dividiran en 4 grups:<br \/>\nGrup d\u2019infantil&hellip;  <a href=\"https:\/\/agora.xtec.cat\/escmadorell\/serveis\/activitats-extraescolars\/\" title=\"Read Extraescolars\">Llegeix m\u00e9s\u00bb<\/a><\/p>\n","protected":false},"author":1,"featured_media":0,"parent":66,"menu_order":40,"comment_status":"closed","ping_status":"closed","template":"page-templates\/side-menu.php","meta":{"_bbp_topic_count":0,"_bbp_reply_count":0,"_bbp_total_topic_count":0,"_bbp_total_reply_count":0,"_bbp_voice_count":0,"_bbp_anonymous_reply_count":0,"_bbp_topic_count_hidden":0,"_bbp_reply_count_hidden":0,"_bbp_forum_subforum_count":0,"footnotes":""},"class_list":["post-84","page","type-page","status-publish","hentry"],"post_mailing_queue_ids":[],"_links":{"self":[{"href":"https:\/\/agora.xtec.cat\/escmadorell\/wp-json\/wp\/v2\/pages\/84","targetHints":{"allow":["GET"]}}],"collection":[{"href":"https:\/\/agora.xtec.cat\/escmadorell\/wp-json\/wp\/v2\/pages"}],"about":[{"href":"https:\/\/agora.xtec.cat\/escmadorell\/wp-json\/wp\/v2\/types\/page"}],"author":[{"embeddable":true,"href":"https:\/\/agora.xtec.cat\/escmadorell\/wp-json\/wp\/v2\/users\/1"}],"replies":[{"embeddable":true,"href":"https:\/\/agora.xtec.cat\/escmadorell\/wp-json\/wp\/v2\/comments?post=84"}],"version-history":[{"count":5,"href":"https:\/\/agora.xtec.cat\/escmadorell\/wp-json\/wp\/v2\/pages\/84\/revisions"}],"predecessor-version":[{"id":19621,"href":"https:\/\/agora.xtec.cat\/escmadorell\/wp-json\/wp\/v2\/pages\/84\/revisions\/19621"}],"up":[{"embeddable":true,"href":"https:\/\/agora.xtec.cat\/escmadorell\/wp-json\/wp\/v2\/pages\/66"}],"wp:attachment":[{"href":"https:\/\/agora.xtec.cat\/escmadorell\/wp-json\/wp\/v2\/media?parent=84"}],"curies":[{"name":"wp","href":"https:\/\/api.w.org\/{rel}","templated":true}]}}