{"id":769,"date":"2017-02-13T20:45:29","date_gmt":"2017-02-13T19:45:29","guid":{"rendered":"http:\/\/agora.xtec.cat\/escmadorell\/?page_id=769"},"modified":"2024-07-05T10:38:06","modified_gmt":"2024-07-05T08:38:06","slug":"mecanografia","status":"publish","type":"page","link":"https:\/\/agora.xtec.cat\/escmadorell\/serveis\/activitats-extraescolars\/mecanografia\/","title":{"rendered":"Xen Dance"},"content":{"rendered":"<p>&nbsp;<\/p>\n<div class=\"elementor-element elementor-element-1f82055 elementor-widget elementor-widget-heading\" data-id=\"1f82055\" data-element_type=\"widget\" data-widget_type=\"heading.default\">\n<div class=\"elementor-widget-container\">\n<h2><a href=\"https:\/\/agora.xtec.cat\/escmadorell\/wp-content\/uploads\/usu1350\/2024\/07\/android-chrome-512x512-1-qis4devku1de22xrviqr5k8uvg3uqqao6dblsgruug.png\"><img loading=\"lazy\" decoding=\"async\" class=\"aligncenter size-full wp-image-18759\" src=\"https:\/\/agora.xtec.cat\/escmadorell\/wp-content\/uploads\/usu1350\/2024\/07\/android-chrome-512x512-1-qis4devku1de22xrviqr5k8uvg3uqqao6dblsgruug.png\" alt=\"\" width=\"100\" height=\"100\" \/><\/a><\/h2>\n<h2 class=\"elementor-heading-title elementor-size-default\">Estil de ball<\/h2>\n<\/div>\n<\/div>\n<div class=\"elementor-element elementor-element-ba695cf elementor-widget elementor-widget-text-editor\" data-id=\"ba695cf\" data-element_type=\"widget\" data-widget_type=\"text-editor.default\">\n<div class=\"elementor-widget-container\">\n<p>Una experi\u00e8ncia l\u00fadica i creativa que combina moviments corporals amb jocs i m\u00fasica. S&#8217;enfoca a desenvolupar la coordinaci\u00f3, l&#8217;equilibri, la concentraci\u00f3 i la confian\u00e7a en si mateixos\/es. Els infants poden explorar diferents ritmes i moviments de forma divertida, a la vegada que milloren la seva capacitat motora, la seva mem\u00f2ria i la seva capacitat d&#8217;expressi\u00f3.<\/p>\n<\/div>\n<\/div>\n<div class=\"elementor-element elementor-element-6487b78 elementor-widget elementor-widget-heading\" data-id=\"6487b78\" data-element_type=\"widget\" data-widget_type=\"heading.default\">\n<div class=\"elementor-widget-container\">\n<h2 class=\"elementor-heading-title elementor-size-default\">Edats<\/h2>\n<\/div>\n<\/div>\n<div class=\"elementor-element elementor-element-837eb4b elementor-widget elementor-widget-text-editor\" data-id=\"837eb4b\" data-element_type=\"widget\" data-widget_type=\"text-editor.default\">\n<div class=\"elementor-widget-container\">\n<p>Alumnes de 3 a 12 anys.<\/p>\n<\/div>\n<\/div>\n<div class=\"elementor-element elementor-element-410e534 elementor-widget elementor-widget-heading\" data-id=\"410e534\" data-element_type=\"widget\" data-widget_type=\"heading.default\">\n<div class=\"elementor-widget-container\">\n<h2 class=\"elementor-heading-title elementor-size-default\">Horaris<\/h2>\n<\/div>\n<\/div>\n<div class=\"elementor-element elementor-element-c0d4280 elementor-widget elementor-widget-text-editor\" data-id=\"c0d4280\" data-element_type=\"widget\" data-widget_type=\"text-editor.default\">\n<div class=\"elementor-widget-container\">\n<p>Dijous a les 16:30\u202fh d&#8217;I3 a I5.<\/p>\n<p>Dilluns a les 16:30\u202fh de 1r a 6\u00e8.<\/p>\n<\/div>\n<\/div>\n<div class=\"elementor-element elementor-element-c349968 elementor-widget elementor-widget-heading\" data-id=\"c349968\" data-element_type=\"widget\" data-widget_type=\"heading.default\">\n<div class=\"elementor-widget-container\">\n<h2 class=\"elementor-heading-title elementor-size-default\">Professora<\/h2>\n<\/div>\n<\/div>\n<div class=\"elementor-element elementor-element-fd1211f elementor-widget elementor-widget-text-editor\" data-id=\"fd1211f\" data-element_type=\"widget\" data-widget_type=\"text-editor.default\">\n<div class=\"elementor-widget-container\">\n<p>Les classes seran impartides per Xenia<\/p>\n<\/div>\n<\/div>\n","protected":false},"excerpt":{"rendered":"<p>&nbsp;<\/p>\n<p><a href=\"https:\/\/agora.xtec.cat\/escmadorell\/wp-content\/uploads\/usu1350\/2024\/07\/android-chrome-512x512-1-qis4devku1de22xrviqr5k8uvg3uqqao6dblsgruug.png\"><\/a><br \/>\nEstil de ball<\/p>\n<p>Una experi\u00e8ncia l\u00fadica i creativa que combina moviments corporals amb jocs i m\u00fasica. S&#8217;enfoca a desenvolupar la coordinaci\u00f3, l&#8217;equilibri, la concentraci\u00f3 i la confian\u00e7a en si mateixos\/es. Els infants poden explorar diferents ritmes i moviments de forma divertida, a la vegada que&hellip;  <a href=\"https:\/\/agora.xtec.cat\/escmadorell\/serveis\/activitats-extraescolars\/mecanografia\/\" title=\"Read Xen Dance\">Llegeix m\u00e9s\u00bb<\/a><\/p>\n","protected":false},"author":43,"featured_media":0,"parent":84,"menu_order":40,"comment_status":"closed","ping_status":"closed","template":"page-templates\/side-menu.php","meta":{"_bbp_topic_count":0,"_bbp_reply_count":0,"_bbp_total_topic_count":0,"_bbp_total_reply_count":0,"_bbp_voice_count":0,"_bbp_anonymous_reply_count":0,"_bbp_topic_count_hidden":0,"_bbp_reply_count_hidden":0,"_bbp_forum_subforum_count":0,"footnotes":""},"class_list":["post-769","page","type-page","status-publish","hentry"],"post_mailing_queue_ids":[],"_links":{"self":[{"href":"https:\/\/agora.xtec.cat\/escmadorell\/wp-json\/wp\/v2\/pages\/769","targetHints":{"allow":["GET"]}}],"collection":[{"href":"https:\/\/agora.xtec.cat\/escmadorell\/wp-json\/wp\/v2\/pages"}],"about":[{"href":"https:\/\/agora.xtec.cat\/escmadorell\/wp-json\/wp\/v2\/types\/page"}],"author":[{"embeddable":true,"href":"https:\/\/agora.xtec.cat\/escmadorell\/wp-json\/wp\/v2\/users\/43"}],"replies":[{"embeddable":true,"href":"https:\/\/agora.xtec.cat\/escmadorell\/wp-json\/wp\/v2\/comments?post=769"}],"version-history":[{"count":5,"href":"https:\/\/agora.xtec.cat\/escmadorell\/wp-json\/wp\/v2\/pages\/769\/revisions"}],"predecessor-version":[{"id":18760,"href":"https:\/\/agora.xtec.cat\/escmadorell\/wp-json\/wp\/v2\/pages\/769\/revisions\/18760"}],"up":[{"embeddable":true,"href":"https:\/\/agora.xtec.cat\/escmadorell\/wp-json\/wp\/v2\/pages\/84"}],"wp:attachment":[{"href":"https:\/\/agora.xtec.cat\/escmadorell\/wp-json\/wp\/v2\/media?parent=769"}],"curies":[{"name":"wp","href":"https:\/\/api.w.org\/{rel}","templated":true}]}}