{"id":73,"date":"2014-09-18T14:01:51","date_gmt":"2014-09-18T13:01:51","guid":{"rendered":"http:\/\/agora.xtec.cat\/escmadorell\/?page_id=73"},"modified":"2026-03-11T13:18:44","modified_gmt":"2026-03-11T12:18:44","slug":"menjador-escolar","status":"publish","type":"page","link":"https:\/\/agora.xtec.cat\/escmadorell\/serveis\/menjador-escolar\/","title":{"rendered":"Menjador"},"content":{"rendered":"<p><img loading=\"lazy\" decoding=\"async\" class=\"aligncenter wp-image-16437\" src=\"https:\/\/agora.xtec.cat\/escmadorell\/wp-content\/uploads\/usu1350\/2022\/07\/3-300x103.png\" alt=\"\" width=\"344\" height=\"118\" srcset=\"https:\/\/agora.xtec.cat\/escmadorell\/wp-content\/uploads\/usu1350\/2022\/07\/3-300x103.png 300w, https:\/\/agora.xtec.cat\/escmadorell\/wp-content\/uploads\/usu1350\/2022\/07\/3.png 492w\" sizes=\"auto, (max-width: 344px) 100vw, 344px\" \/><\/p>\n<p>L&#8217;AFA gestiona i organitza el menjador escolar a trav\u00e9s de l&#8217;empresa <a href=\"https:\/\/www.serunion.es\/ca\">Serunion<\/a>, aix\u00ed com el cobrament de les quotes.<\/p>\n<p>L&#8217;Escola compta amb cuina pr\u00f2pia. La dietista de l&#8217;empresa elabora els men\u00fas amb productes ecol\u00f2gics i de proximitat, tamb\u00e9 hi ha men\u00fas especials per a al\u00b7l\u00e8rgies o intoler\u00e0ncies.<\/p>\n<p>L&#8217;horari de menjador \u00e9s:<\/p>\n<ul>\n<li>Jornada partida: de 12:30 a 15:00 hores.<\/li>\n<li>19 de desembre de 2025 i a partir del 8 de juny de 2026: de 13:00 a 15:30 hores<\/li>\n<\/ul>\n<p>La Comissi\u00f3 de Menjador est\u00e0 formada per la direcci\u00f3 de l&#8217;escola, dues representants de l&#8217;AFA i dos representants de l&#8217;empresa Serunion. Es reuneix trimestralment i fan el seguiment dels temes relacionats amb el menjador.<\/p>\n<p>&nbsp;<\/p>\n<h3><span style=\"color: #ff9900;\">NORMATIVA DE CONTRACTACI\u00d3 DEL MENJADOR ESCOLAR<\/span><\/h3>\n<h4><span style=\"color: #ff9900;\">a. Tarifes. Els preus per a aquest curs 25\/26 s\u00f3n:<\/span><\/h4>\n<p>1. Preu d&#8217;alumne\/a<strong> habitual<\/strong> (m\u00ednim 3 dies a la setmana i sempre els mateixos):<strong> 7,54 \u20ac<\/strong><br \/>\n2. Preu d\u2019alumne\/a <strong>espor\u00e0dic<\/strong>: <strong>8,29 \u20ac\u00a0<\/strong><\/p>\n<p><strong>Hora m\u00e0xima per comunicar abs\u00e8ncies i assist\u00e8ncies: 9:30 del mateix dia<\/strong><\/p>\n<ul>\n<li>Si la comunicaci\u00f3 es fa dins de l\u2019horari establert, es retornar\u00e0 el 40% l\u2019import (es facturar\u00e0 4,53\u202f\u20ac\/dia).<\/li>\n<li>Si la comunicaci\u00f3 es fa fora de l\u2019horari establert, es facturar\u00e0 l\u2019import complet del men\u00fa<\/li>\n<\/ul>\n<p><strong>\u00c9s imprescindible donar-se d\u2019alta a l&#8217;APP COLECHEF per fer \u00fas del menjador.\u00a0<\/strong><\/p>\n<p>Per fer les gestions di\u00e0ries relacionades amb el servei de menjador, cal utilitzar l&#8217;APP COLECHEF o posar-se en contacte amb la coordinadora fent servir les seg\u00fcents vies de contacte:<\/p>\n<ul>\n<li>Tel\u00e8fon: 682 431 629<\/li>\n<li>Mail: menjador@escmadorell.cat<\/li>\n<\/ul>\n<p>No s\u2019accepten comprovants bancaris ni diners en efectiu.<\/p>\n<h4><span style=\"color: #ff9900;\">b) Comunicacions: <\/span><\/h4>\n<p>La comunicaci\u00f3 de canvis en la contractaci\u00f3 haur\u00e0 de fer-se abans de cada mes, per a la seva aplicaci\u00f3 al mes seg\u00fcent. Es poden comunicar a trav\u00e9s de l&#8217;APP COLECHEF o utilitzant les vies de contacte de menjador.<\/p>\n<h4><span style=\"color: #ff9900;\">c) Forma de pagament<\/span>:<\/h4>\n<p>El pagament es far\u00e0 a mes ven\u00e7ut a trav\u00e9s de domiciliaci\u00f3 banc\u00e0ria durant els primers dies de cada mes. En el cas de la quota de setembre, podr\u00e0 facturar-se juntament amb la d&#8217;octubre<\/p>\n<h4><span style=\"color: #ff9900;\">d) Rebuts impagats<\/span><\/h4>\n<p>L&#8217;impagament comporta la baixa temporal del servei, fins al seu pagament efectiu. Haur\u00e0 d&#8217;estar al corrent de pagament de cursos anteriors per poder contractar novament el servei.<\/p>\n<p>Normativa complerta<\/p>\n<h4><span style=\"color: #ff9900;\">Com donar-se d&#8217;alta o renovar els serveis?<\/span><\/h4>\n<p>&nbsp;<\/p>\n<h4><iframe loading=\"lazy\" class=\"scribd_iframe_embed\" tabindex=\"0\" title=\"Madorell-App Colechef-Alta Nova - Renovaci\u00f3 25-26\" src=\"https:\/\/www.scribd.com\/embeds\/880518188\/content?start_page=1&amp;view_mode=scroll&amp;access_key=key-k1pBNQA5Bzt96ft9KcTD\" width=\"100%\" height=\"600\" frameborder=\"0\" scrolling=\"no\" data-auto-height=\"true\" data-aspect-ratio=\"0.7080062794348508\"><\/iframe><\/h4>\n<p style=\"margin: 12px auto 6px auto; font-family: Helvetica,Arial,Sans-serif; font-size: 14px; line-height: normal; display: block;\"><a style=\"color: #098642; text-decoration: underline;\" title=\"View Madorell-App Colechef-Alta Nova - Renovaci\u00f3 25-26 on Scribd\" href=\"https:\/\/www.scribd.com\/document\/880518188\/Madorell-App-Colechef-Alta-Nova-Renovacio-25-26#from_embed\"> Madorell-App Colechef-Alta Nova &#8211; Renovaci\u00f3 25-26 <\/a> by <a style=\"color: #098642; text-decoration: underline;\" title=\"View Escola Madorell's profile on Scribd\" href=\"https:\/\/www.scribd.com\/user\/264509252\/Escola-Madorell#from_embed\"> Escola Madorell <\/a><\/p>\n<p>&nbsp;<\/p>\n<h4><a href=\"https:\/\/agora.xtec.cat\/escmadorell\/wp-content\/uploads\/usu1350\/2025\/06\/PLA-DE-FUNCIONAMENT-Madorell.pdf\"><span style=\"color: #ff9900;\">Normativa menjador<\/span><\/a><\/h4>\n<p><a href=\"https:\/\/agora.xtec.cat\/escmadorell\/wp-content\/uploads\/usu1350\/2026\/03\/Captura-de-pantalla-2026-03-11-131803.png\"><img loading=\"lazy\" decoding=\"async\" class=\"aligncenter size-full wp-image-20389\" src=\"https:\/\/agora.xtec.cat\/escmadorell\/wp-content\/uploads\/usu1350\/2026\/03\/Captura-de-pantalla-2026-03-11-131803.png\" alt=\"\" width=\"593\" height=\"830\" srcset=\"https:\/\/agora.xtec.cat\/escmadorell\/wp-content\/uploads\/usu1350\/2026\/03\/Captura-de-pantalla-2026-03-11-131803.png 593w, https:\/\/agora.xtec.cat\/escmadorell\/wp-content\/uploads\/usu1350\/2026\/03\/Captura-de-pantalla-2026-03-11-131803-214x300.png 214w\" sizes=\"auto, (max-width: 593px) 100vw, 593px\" \/><\/a><\/p>\n","protected":false},"excerpt":{"rendered":"<p>L&#8217;AFA gestiona i organitza el menjador escolar a trav\u00e9s de l&#8217;empresa <a href=\"https:\/\/www.serunion.es\/ca\">Serunion<\/a>, aix\u00ed com el cobrament de les quotes.<br \/>\nL&#8217;Escola compta amb cuina pr\u00f2pia. La dietista de l&#8217;empresa elabora els men\u00fas amb productes ecol\u00f2gics i de proximitat, tamb\u00e9 hi ha men\u00fas especials per a al\u00b7l\u00e8rgies&hellip;  <a href=\"https:\/\/agora.xtec.cat\/escmadorell\/serveis\/menjador-escolar\/\" title=\"Read Menjador\">Llegeix m\u00e9s\u00bb<\/a><\/p>\n","protected":false},"author":1,"featured_media":0,"parent":66,"menu_order":30,"comment_status":"closed","ping_status":"closed","template":"page-templates\/side-menu.php","meta":{"_bbp_topic_count":0,"_bbp_reply_count":0,"_bbp_total_topic_count":0,"_bbp_total_reply_count":0,"_bbp_voice_count":0,"_bbp_anonymous_reply_count":0,"_bbp_topic_count_hidden":0,"_bbp_reply_count_hidden":0,"_bbp_forum_subforum_count":0,"footnotes":""},"class_list":["post-73","page","type-page","status-publish","hentry"],"post_mailing_queue_ids":[],"_links":{"self":[{"href":"https:\/\/agora.xtec.cat\/escmadorell\/wp-json\/wp\/v2\/pages\/73","targetHints":{"allow":["GET"]}}],"collection":[{"href":"https:\/\/agora.xtec.cat\/escmadorell\/wp-json\/wp\/v2\/pages"}],"about":[{"href":"https:\/\/agora.xtec.cat\/escmadorell\/wp-json\/wp\/v2\/types\/page"}],"author":[{"embeddable":true,"href":"https:\/\/agora.xtec.cat\/escmadorell\/wp-json\/wp\/v2\/users\/1"}],"replies":[{"embeddable":true,"href":"https:\/\/agora.xtec.cat\/escmadorell\/wp-json\/wp\/v2\/comments?post=73"}],"version-history":[{"count":8,"href":"https:\/\/agora.xtec.cat\/escmadorell\/wp-json\/wp\/v2\/pages\/73\/revisions"}],"predecessor-version":[{"id":20390,"href":"https:\/\/agora.xtec.cat\/escmadorell\/wp-json\/wp\/v2\/pages\/73\/revisions\/20390"}],"up":[{"embeddable":true,"href":"https:\/\/agora.xtec.cat\/escmadorell\/wp-json\/wp\/v2\/pages\/66"}],"wp:attachment":[{"href":"https:\/\/agora.xtec.cat\/escmadorell\/wp-json\/wp\/v2\/media?parent=73"}],"curies":[{"name":"wp","href":"https:\/\/api.w.org\/{rel}","templated":true}]}}