{"id":527,"date":"2017-02-07T13:02:27","date_gmt":"2017-02-07T12:02:27","guid":{"rendered":"http:\/\/agora.xtec.cat\/escmadorell\/?page_id=527"},"modified":"2024-07-05T10:40:45","modified_gmt":"2024-07-05T08:40:45","slug":"pla-catala-de-lesport","status":"publish","type":"page","link":"https:\/\/agora.xtec.cat\/escmadorell\/serveis\/activitats-extraescolars\/pla-catala-de-lesport\/","title":{"rendered":"Esportives"},"content":{"rendered":"<p><b>Judo:\u00a0<\/b><\/p>\n<p><span style=\"font-weight: 400;\">L\u2019activitat<\/span> <span style=\"font-weight: 400;\">va a c\u00e0rrec del Club de Judo Molins de rei, pels infants a partir de I4 fins a 6\u00e8, els infants que facin la classe que comen\u00e7a a les 16.30 tindran un monitor que els recollir\u00e0 a la classe, els dur\u00e0 des de l\u2019escola fins al complex esportiu Ricard Ginebreda, all\u00e0 podran berenar, en acabat es canviaran i duran a terme l\u2019activitat, un cop acabada l\u2019activitat, els pares, mares o tutors responsables, els recolliran al mateix complex esportiu.<\/span><\/p>\n<p><span style=\"font-weight: 400;\">Els alumnes de l\u2019escola que facin la inscripci\u00f3 mitjan\u00e7ant l&#8217;AFA no pagaran els 10\u202f\u20ac de la quota de soci i aquells que facin el judo a primera hora de la tarda (16.30\u202fh) disposaran del servei de monitor per anar fins a l&#8217;activitat<\/span><\/p>\n<p><span style=\"font-weight: 400;\">Podeu ampliar la informaci\u00f3 clicant <\/span><a href=\"https:\/\/drive.google.com\/file\/d\/1eDM9Ew5Q4x4QWUdFrY0GnTio6Fmsq14Y\/view?usp=sharing\"><span style=\"font-weight: 400;\">aqu\u00ed<\/span><\/a><\/p>\n<p>&nbsp;<\/p>\n<p><b>Piscina:<\/b><span style=\"font-weight: 400;\">\u00a0<\/span><\/p>\n<p><span style=\"font-weight: 400;\">Activitat duta a terme pel CN Molins de rei a la piscina municipal.<\/span><\/p>\n<p><span style=\"font-weight: 400;\">l\u2019objectiu principal \u00e9s familiaritzar els m\u00e9s petits amb el medi aqu\u00e0tic i augmentar el seu domini d\u2019aquest medi. Mitjan\u00e7ant activitats l\u00fadiques b\u00e0siques i espec\u00edfiques, els infants aconsegueixen moure\u2019s dins l\u2019aigua amb seguretat i autonomia.<\/span><\/p>\n<p><span style=\"font-weight: 400;\">Les fam\u00edlies que s&#8217;inscriguin a l&#8217;activitat abans de l&#8217;inici de la mateixa a l&#8217;octubre gaudiran d&#8217;un 10% de descompte<\/span><\/p>\n<p>&nbsp;<\/p>\n<p><span style=\"font-weight: 400;\">Pr<\/span><\/p>\n","protected":false},"excerpt":{"rendered":"<p>Judo:\u00a0<br \/>\nL\u2019activitat va a c\u00e0rrec del Club de Judo Molins de rei, pels infants a partir de I4 fins a 6\u00e8, els infants que facin la classe que comen\u00e7a a les 16.30 tindran un monitor que els recollir\u00e0 a la classe, els dur\u00e0 des de l\u2019escola&hellip;  <a href=\"https:\/\/agora.xtec.cat\/escmadorell\/serveis\/activitats-extraescolars\/pla-catala-de-lesport\/\" title=\"Read Esportives\">Llegeix m\u00e9s\u00bb<\/a><\/p>\n","protected":false},"author":4,"featured_media":0,"parent":84,"menu_order":61,"comment_status":"closed","ping_status":"closed","template":"page-templates\/side-menu.php","meta":{"_bbp_topic_count":0,"_bbp_reply_count":0,"_bbp_total_topic_count":0,"_bbp_total_reply_count":0,"_bbp_voice_count":0,"_bbp_anonymous_reply_count":0,"_bbp_topic_count_hidden":0,"_bbp_reply_count_hidden":0,"_bbp_forum_subforum_count":0,"footnotes":""},"class_list":["post-527","page","type-page","status-publish","hentry"],"post_mailing_queue_ids":[],"_links":{"self":[{"href":"https:\/\/agora.xtec.cat\/escmadorell\/wp-json\/wp\/v2\/pages\/527","targetHints":{"allow":["GET"]}}],"collection":[{"href":"https:\/\/agora.xtec.cat\/escmadorell\/wp-json\/wp\/v2\/pages"}],"about":[{"href":"https:\/\/agora.xtec.cat\/escmadorell\/wp-json\/wp\/v2\/types\/page"}],"author":[{"embeddable":true,"href":"https:\/\/agora.xtec.cat\/escmadorell\/wp-json\/wp\/v2\/users\/4"}],"replies":[{"embeddable":true,"href":"https:\/\/agora.xtec.cat\/escmadorell\/wp-json\/wp\/v2\/comments?post=527"}],"version-history":[{"count":5,"href":"https:\/\/agora.xtec.cat\/escmadorell\/wp-json\/wp\/v2\/pages\/527\/revisions"}],"predecessor-version":[{"id":18762,"href":"https:\/\/agora.xtec.cat\/escmadorell\/wp-json\/wp\/v2\/pages\/527\/revisions\/18762"}],"up":[{"embeddable":true,"href":"https:\/\/agora.xtec.cat\/escmadorell\/wp-json\/wp\/v2\/pages\/84"}],"wp:attachment":[{"href":"https:\/\/agora.xtec.cat\/escmadorell\/wp-json\/wp\/v2\/media?parent=527"}],"curies":[{"name":"wp","href":"https:\/\/api.w.org\/{rel}","templated":true}]}}