{"id":525,"date":"2017-02-07T13:02:08","date_gmt":"2017-02-07T12:02:08","guid":{"rendered":"http:\/\/agora.xtec.cat\/escmadorell\/?page_id=525"},"modified":"2025-01-13T13:34:03","modified_gmt":"2025-01-13T12:34:03","slug":"jocs-al-pati","status":"publish","type":"page","link":"https:\/\/agora.xtec.cat\/escmadorell\/projectes\/projecte-col%c2%b7laborem\/jocs-al-pati\/","title":{"rendered":"Aire"},"content":{"rendered":"<p>Els vigilants de l&#8217;aire \u00e9s una activitat dissenyada per l&#8217;\u00c0rea Metropolitana de Barcelona (AMB) amb l&#8217;objectiu de contribuir a la millora de la qualitat de l&#8217;aire a trav\u00e9s de les bones pr\u00e0ctiques i canvi d&#8217;h\u00e0bits.<\/p>\n<p>&nbsp;<\/p>\n","protected":false},"excerpt":{"rendered":"<p>Els vigilants de l&#8217;aire \u00e9s una activitat dissenyada per l&#8217;\u00c0rea Metropolitana de Barcelona (AMB) amb l&#8217;objectiu de contribuir a la millora de la qualitat de l&#8217;aire a trav\u00e9s de les bones pr\u00e0ctiques i canvi d&#8217;h\u00e0bits.<br \/>\n&nbsp;<\/p>\n","protected":false},"author":4,"featured_media":0,"parent":513,"menu_order":30,"comment_status":"closed","ping_status":"closed","template":"page-templates\/side-menu.php","meta":{"_bbp_topic_count":0,"_bbp_reply_count":0,"_bbp_total_topic_count":0,"_bbp_total_reply_count":0,"_bbp_voice_count":0,"_bbp_anonymous_reply_count":0,"_bbp_topic_count_hidden":0,"_bbp_reply_count_hidden":0,"_bbp_forum_subforum_count":0,"footnotes":""},"class_list":["post-525","page","type-page","status-publish","hentry"],"post_mailing_queue_ids":[],"_links":{"self":[{"href":"https:\/\/agora.xtec.cat\/escmadorell\/wp-json\/wp\/v2\/pages\/525","targetHints":{"allow":["GET"]}}],"collection":[{"href":"https:\/\/agora.xtec.cat\/escmadorell\/wp-json\/wp\/v2\/pages"}],"about":[{"href":"https:\/\/agora.xtec.cat\/escmadorell\/wp-json\/wp\/v2\/types\/page"}],"author":[{"embeddable":true,"href":"https:\/\/agora.xtec.cat\/escmadorell\/wp-json\/wp\/v2\/users\/4"}],"replies":[{"embeddable":true,"href":"https:\/\/agora.xtec.cat\/escmadorell\/wp-json\/wp\/v2\/comments?post=525"}],"version-history":[{"count":4,"href":"https:\/\/agora.xtec.cat\/escmadorell\/wp-json\/wp\/v2\/pages\/525\/revisions"}],"predecessor-version":[{"id":19166,"href":"https:\/\/agora.xtec.cat\/escmadorell\/wp-json\/wp\/v2\/pages\/525\/revisions\/19166"}],"up":[{"embeddable":true,"href":"https:\/\/agora.xtec.cat\/escmadorell\/wp-json\/wp\/v2\/pages\/513"}],"wp:attachment":[{"href":"https:\/\/agora.xtec.cat\/escmadorell\/wp-json\/wp\/v2\/media?parent=525"}],"curies":[{"name":"wp","href":"https:\/\/api.w.org\/{rel}","templated":true}]}}