{"id":517,"date":"2017-02-07T12:59:32","date_gmt":"2017-02-07T11:59:32","guid":{"rendered":"http:\/\/agora.xtec.cat\/escmadorell\/?page_id=517"},"modified":"2020-03-13T19:36:15","modified_gmt":"2020-03-13T18:36:15","slug":"cura-de-lentorn","status":"publish","type":"page","link":"https:\/\/agora.xtec.cat\/escmadorell\/projectes\/projecte-col%c2%b7laborem\/cura-de-lentorn\/","title":{"rendered":"Natura"},"content":{"rendered":"<p>El curs de 2n t\u00e9 l&#8217;enc\u00e0rrec de vetllar per la cura de les plantes i arbres de l&#8217;escola.<\/p>\n<p>Aquests alumnes expliquen a la resta de l&#8217;alumnat de l&#8217;escola, la import\u00e0ncia de mantenir\u00a0 actituds respectuoses cap a la natura, ja que \u00e9s demanda del propi Consell d&#8217;alumnes del centre la plantaci\u00f3 de m\u00e9s flora.<\/p>\n<p>Els nens i nenes de segon van equipats per realitzar aquesta feina amb unes armilles per fer-se m\u00e9s visibles i els estris necessaris per realitzar les tasques que convenen.<\/p>\n<p>A trav\u00e9s d&#8217;aquest projecte treballem les seg\u00fcents compet\u00e8ncies:<\/p>\n<p>-Compet\u00e8ncia en el coneixement i la interacci\u00f3 amb el m\u00f3n f\u00edsic: Comprendre les relacions que s&#8217;estableixen entre les societats i el seu entorn, fent un \u00fas responsable dels recursos naturals i tenir cura del medi ambient.<\/p>\n<p>-Compet\u00e8ncia d&#8217;aprendre a aprendre: Desenvolupar la capacitat d&#8217;emprendre, organitzar i conduir un aprenentatge en grup, en funci\u00f3 dels objectius i necessitats de l&#8217;entorn.<\/p>\n<p>-Compet\u00e8ncia d&#8217;autonomia, iniciativa personal i emprenedoria: Adquirir la consci\u00e8ncia en l&#8217;aplicaci\u00f3 d&#8217;un conjunt de valors i actituds de responsabilitat i coneixement del medi.<\/p>\n","protected":false},"excerpt":{"rendered":"<p>El curs de 2n t\u00e9 l&#8217;enc\u00e0rrec de vetllar per la cura de les plantes i arbres de l&#8217;escola.<br \/>\nAquests alumnes expliquen a la resta de l&#8217;alumnat de l&#8217;escola, la import\u00e0ncia de mantenir\u00a0 actituds respectuoses cap a la natura, ja que \u00e9s demanda del propi Consell d&#8217;alumnes&hellip;  <a href=\"https:\/\/agora.xtec.cat\/escmadorell\/projectes\/projecte-col%c2%b7laborem\/cura-de-lentorn\/\" title=\"Read Natura\">Llegeix m\u00e9s\u00bb<\/a><\/p>\n","protected":false},"author":4,"featured_media":0,"parent":513,"menu_order":20,"comment_status":"closed","ping_status":"closed","template":"page-templates\/side-menu.php","meta":{"_bbp_topic_count":0,"_bbp_reply_count":0,"_bbp_total_topic_count":0,"_bbp_total_reply_count":0,"_bbp_voice_count":0,"_bbp_anonymous_reply_count":0,"_bbp_topic_count_hidden":0,"_bbp_reply_count_hidden":0,"_bbp_forum_subforum_count":0,"footnotes":""},"class_list":["post-517","page","type-page","status-publish","hentry"],"post_mailing_queue_ids":[],"_links":{"self":[{"href":"https:\/\/agora.xtec.cat\/escmadorell\/wp-json\/wp\/v2\/pages\/517","targetHints":{"allow":["GET"]}}],"collection":[{"href":"https:\/\/agora.xtec.cat\/escmadorell\/wp-json\/wp\/v2\/pages"}],"about":[{"href":"https:\/\/agora.xtec.cat\/escmadorell\/wp-json\/wp\/v2\/types\/page"}],"author":[{"embeddable":true,"href":"https:\/\/agora.xtec.cat\/escmadorell\/wp-json\/wp\/v2\/users\/4"}],"replies":[{"embeddable":true,"href":"https:\/\/agora.xtec.cat\/escmadorell\/wp-json\/wp\/v2\/comments?post=517"}],"version-history":[{"count":3,"href":"https:\/\/agora.xtec.cat\/escmadorell\/wp-json\/wp\/v2\/pages\/517\/revisions"}],"predecessor-version":[{"id":11431,"href":"https:\/\/agora.xtec.cat\/escmadorell\/wp-json\/wp\/v2\/pages\/517\/revisions\/11431"}],"up":[{"embeddable":true,"href":"https:\/\/agora.xtec.cat\/escmadorell\/wp-json\/wp\/v2\/pages\/513"}],"wp:attachment":[{"href":"https:\/\/agora.xtec.cat\/escmadorell\/wp-json\/wp\/v2\/media?parent=517"}],"curies":[{"name":"wp","href":"https:\/\/api.w.org\/{rel}","templated":true}]}}