{"id":2808,"date":"2017-02-20T19:42:05","date_gmt":"2017-02-20T18:42:05","guid":{"rendered":"http:\/\/agora.xtec.cat\/escmadorell\/?page_id=2808"},"modified":"2020-04-30T11:36:06","modified_gmt":"2020-04-30T09:36:06","slug":"universitat-i-escola","status":"publish","type":"page","link":"https:\/\/agora.xtec.cat\/escmadorell\/projectes\/universitat-i-escola\/","title":{"rendered":"Universitat i Escola"},"content":{"rendered":"<div class=\"wpb_text_column wpb_content_element \">\n<div class=\"wpb_wrapper\">\n<p>L\u2019escola est\u00e0 en constant moviment i ens agrada col\u00b7laborar en projectes que valorem que ens aporten un valor afegit a la nostra tasca educativa. Un d\u2019aquests en el que creiem \u00e9s amb la formaci\u00f3 de nous mestres; \u00e9s per aix\u00f2 que tenim contacte amb la Universitat de Barcelona i la Universitat Aut\u00f2noma de Barcelona. Rebem alumnes en pr\u00e0ctiques d\u2019aquestes universitats i els integrem a l\u2019aula.<\/p>\n<p>Un mestre de la seva especialitat, els rep, els acull i els guia en la realitzaci\u00f3 d\u2019unes bones pr\u00e0ctiques educatives.<\/p>\n<p>Estem molt satisfets dels resultats i creiem que \u00e9s un bon proc\u00e9s d\u2019aprenentatge a tres bandes: per als futurs mestres, per als alumnes i per a l\u2019escola.<\/p>\n<\/div>\n<\/div>\n<p><img loading=\"lazy\" decoding=\"async\" class=\"\" src=\"https:\/\/www.idisc.com\/media\/site1\/cache\/images\/uab.png\" alt=\"Universitat Aut\u00f2noma de Barcelona (UAB) | iDISC\" width=\"331\" height=\"128\" \/><img loading=\"lazy\" decoding=\"async\" class=\"\" src=\"https:\/\/upload.wikimedia.org\/wikipedia\/commons\/thumb\/6\/60\/Universit%C3%A4t_Barcelona.svg\/800px-Universit%C3%A4t_Barcelona.svg.png\" alt=\"Archivo:Universit\u00e4t Barcelona.svg - Wikipedia, la enciclopedia libre\" width=\"290\" height=\"139\" \/><\/p>\n","protected":false},"excerpt":{"rendered":"<p>L\u2019escola est\u00e0 en constant moviment i ens agrada col\u00b7laborar en projectes que valorem que ens aporten un valor afegit a la nostra tasca educativa. Un d\u2019aquests en el que creiem \u00e9s amb la formaci\u00f3 de nous mestres; \u00e9s per aix\u00f2 que tenim contacte amb la&hellip;  <a href=\"https:\/\/agora.xtec.cat\/escmadorell\/projectes\/universitat-i-escola\/\" title=\"Read Universitat i Escola\">Llegeix m\u00e9s\u00bb<\/a><\/p>\n","protected":false},"author":43,"featured_media":0,"parent":64,"menu_order":50,"comment_status":"closed","ping_status":"closed","template":"page-templates\/side-menu.php","meta":{"_bbp_topic_count":0,"_bbp_reply_count":0,"_bbp_total_topic_count":0,"_bbp_total_reply_count":0,"_bbp_voice_count":0,"_bbp_anonymous_reply_count":0,"_bbp_topic_count_hidden":0,"_bbp_reply_count_hidden":0,"_bbp_forum_subforum_count":0,"footnotes":""},"class_list":["post-2808","page","type-page","status-publish","hentry"],"post_mailing_queue_ids":[],"_links":{"self":[{"href":"https:\/\/agora.xtec.cat\/escmadorell\/wp-json\/wp\/v2\/pages\/2808","targetHints":{"allow":["GET"]}}],"collection":[{"href":"https:\/\/agora.xtec.cat\/escmadorell\/wp-json\/wp\/v2\/pages"}],"about":[{"href":"https:\/\/agora.xtec.cat\/escmadorell\/wp-json\/wp\/v2\/types\/page"}],"author":[{"embeddable":true,"href":"https:\/\/agora.xtec.cat\/escmadorell\/wp-json\/wp\/v2\/users\/43"}],"replies":[{"embeddable":true,"href":"https:\/\/agora.xtec.cat\/escmadorell\/wp-json\/wp\/v2\/comments?post=2808"}],"version-history":[{"count":3,"href":"https:\/\/agora.xtec.cat\/escmadorell\/wp-json\/wp\/v2\/pages\/2808\/revisions"}],"predecessor-version":[{"id":12839,"href":"https:\/\/agora.xtec.cat\/escmadorell\/wp-json\/wp\/v2\/pages\/2808\/revisions\/12839"}],"up":[{"embeddable":true,"href":"https:\/\/agora.xtec.cat\/escmadorell\/wp-json\/wp\/v2\/pages\/64"}],"wp:attachment":[{"href":"https:\/\/agora.xtec.cat\/escmadorell\/wp-json\/wp\/v2\/media?parent=2808"}],"curies":[{"name":"wp","href":"https:\/\/api.w.org\/{rel}","templated":true}]}}