{"id":16909,"date":"2022-12-05T16:12:23","date_gmt":"2022-12-05T15:12:23","guid":{"rendered":"https:\/\/agora.xtec.cat\/escmadorell\/?page_id=16909"},"modified":"2023-02-13T16:09:30","modified_gmt":"2023-02-13T15:09:30","slug":"diagnosis","status":"publish","type":"page","link":"https:\/\/agora.xtec.cat\/escmadorell\/projectes\/cultura-digital\/diagnosis\/","title":{"rendered":"Diagnosis"},"content":{"rendered":"<p>Tal com s\u2019indica en la<a href=\"https:\/\/projectes.xtec.cat\/edc-suport\/diagnosi\/\" target=\"_blank\" rel=\"noopener\"> guia d\u2019elaboraci\u00f3 de la diagnosi<\/a>, hi ha diferents formes possibles per realitzar aquesta diagnosi: an\u00e0lisi dels indicadors de centre, realitzaci\u00f3 d\u2019enquestes a la comunitat escolar, entrevistes, observacions, \u00fas de la r\u00fabrica del pla TAC, de l\u2019eina SELFIE, etc. Totes aquestes t\u00e8cniques ens proporcionen molta informaci\u00f3. Cal destacar que a l\u2019EDC nom\u00e9s s\u2019hi han d\u2019incloure les conclusions argumentades de la diagnosi, que permetin entendre la selecci\u00f3 dels objectius.<\/p>\n<p><a href=\"https:\/\/agora.xtec.cat\/escmadorell\/wp-content\/uploads\/usu1350\/2023\/02\/Question-breakdown-per-user-1.png\"><img loading=\"lazy\" decoding=\"async\" class=\"aligncenter size-full wp-image-17202\" src=\"https:\/\/agora.xtec.cat\/escmadorell\/wp-content\/uploads\/usu1350\/2023\/02\/Question-breakdown-per-user-1.png\" alt=\"\" width=\"2460\" height=\"2460\" srcset=\"https:\/\/agora.xtec.cat\/escmadorell\/wp-content\/uploads\/usu1350\/2023\/02\/Question-breakdown-per-user-1.png 2460w, https:\/\/agora.xtec.cat\/escmadorell\/wp-content\/uploads\/usu1350\/2023\/02\/Question-breakdown-per-user-1-300x300.png 300w, https:\/\/agora.xtec.cat\/escmadorell\/wp-content\/uploads\/usu1350\/2023\/02\/Question-breakdown-per-user-1-1024x1024.png 1024w, https:\/\/agora.xtec.cat\/escmadorell\/wp-content\/uploads\/usu1350\/2023\/02\/Question-breakdown-per-user-1-150x150.png 150w, https:\/\/agora.xtec.cat\/escmadorell\/wp-content\/uploads\/usu1350\/2023\/02\/Question-breakdown-per-user-1-768x768.png 768w, https:\/\/agora.xtec.cat\/escmadorell\/wp-content\/uploads\/usu1350\/2023\/02\/Question-breakdown-per-user-1-1536x1536.png 1536w, https:\/\/agora.xtec.cat\/escmadorell\/wp-content\/uploads\/usu1350\/2023\/02\/Question-breakdown-per-user-1-2048x2048.png 2048w\" sizes=\"auto, (max-width: 2460px) 100vw, 2460px\" \/><\/a> <a href=\"https:\/\/agora.xtec.cat\/escmadorell\/wp-content\/uploads\/usu1350\/2023\/02\/Overview-of-areas.png\"><img loading=\"lazy\" decoding=\"async\" class=\"aligncenter size-full wp-image-17204\" src=\"https:\/\/agora.xtec.cat\/escmadorell\/wp-content\/uploads\/usu1350\/2023\/02\/Overview-of-areas.png\" alt=\"\" width=\"2400\" height=\"3312\" srcset=\"https:\/\/agora.xtec.cat\/escmadorell\/wp-content\/uploads\/usu1350\/2023\/02\/Overview-of-areas.png 2400w, https:\/\/agora.xtec.cat\/escmadorell\/wp-content\/uploads\/usu1350\/2023\/02\/Overview-of-areas-217x300.png 217w, https:\/\/agora.xtec.cat\/escmadorell\/wp-content\/uploads\/usu1350\/2023\/02\/Overview-of-areas-742x1024.png 742w, https:\/\/agora.xtec.cat\/escmadorell\/wp-content\/uploads\/usu1350\/2023\/02\/Overview-of-areas-768x1060.png 768w, https:\/\/agora.xtec.cat\/escmadorell\/wp-content\/uploads\/usu1350\/2023\/02\/Overview-of-areas-1113x1536.png 1113w, https:\/\/agora.xtec.cat\/escmadorell\/wp-content\/uploads\/usu1350\/2023\/02\/Overview-of-areas-1484x2048.png 1484w\" sizes=\"auto, (max-width: 2400px) 100vw, 2400px\" \/><\/a><a href=\"https:\/\/agora.xtec.cat\/escmadorell\/wp-content\/uploads\/usu1350\/2023\/02\/Question-breakdown-per-user.png\"><img loading=\"lazy\" decoding=\"async\" class=\"aligncenter size-full wp-image-17203\" src=\"https:\/\/agora.xtec.cat\/escmadorell\/wp-content\/uploads\/usu1350\/2023\/02\/Question-breakdown-per-user.png\" alt=\"\" width=\"2460\" height=\"2460\" srcset=\"https:\/\/agora.xtec.cat\/escmadorell\/wp-content\/uploads\/usu1350\/2023\/02\/Question-breakdown-per-user.png 2460w, https:\/\/agora.xtec.cat\/escmadorell\/wp-content\/uploads\/usu1350\/2023\/02\/Question-breakdown-per-user-300x300.png 300w, https:\/\/agora.xtec.cat\/escmadorell\/wp-content\/uploads\/usu1350\/2023\/02\/Question-breakdown-per-user-1024x1024.png 1024w, https:\/\/agora.xtec.cat\/escmadorell\/wp-content\/uploads\/usu1350\/2023\/02\/Question-breakdown-per-user-150x150.png 150w, https:\/\/agora.xtec.cat\/escmadorell\/wp-content\/uploads\/usu1350\/2023\/02\/Question-breakdown-per-user-768x768.png 768w, https:\/\/agora.xtec.cat\/escmadorell\/wp-content\/uploads\/usu1350\/2023\/02\/Question-breakdown-per-user-1536x1536.png 1536w, https:\/\/agora.xtec.cat\/escmadorell\/wp-content\/uploads\/usu1350\/2023\/02\/Question-breakdown-per-user-2048x2048.png 2048w\" sizes=\"auto, (max-width: 2460px) 100vw, 2460px\" \/><\/a><\/p>\n<p>&nbsp;<\/p>\n<table style=\"border-collapse: collapse; width: 55.2574%;\">\n<tbody>\n<tr>\n<td style=\"width: 7.88862%;\"><strong>Punts Forts<\/strong><\/td>\n<td style=\"width: 47.3688%;\"><\/td>\n<\/tr>\n<tr>\n<td style=\"width: 7.88862%; text-align: center;\">A1<\/td>\n<td style=\"width: 47.3688%;\">Al centre comptem amb una estrat\u00e8gia digital<\/td>\n<\/tr>\n<tr style=\"height: 32px;\">\n<td style=\"width: 7.88862%; height: 32px; text-align: center;\">C1<\/td>\n<td style=\"width: 47.3688%; height: 32px;\">Al centre la infraestructura digital recolza l&#8217;ensenyament i l&#8217;aprenentatge amb tecnologies digitals.<\/td>\n<\/tr>\n<tr>\n<td style=\"width: 7.88862%; text-align: center;\">C8<\/td>\n<td style=\"width: 47.3688%;\">Al centre hi ha dispositius digitals que s\u00f3n propietat del centre i que l&#8217;alumnat pot utilitzar quan els necessita.<\/td>\n<\/tr>\n<tr>\n<td style=\"width: 7.88862%; text-align: center;\">E1<\/td>\n<td style=\"width: 47.3688%;\">El professorat de l&#8217;escola cerca recursos educatius en l\u00ednia.<\/td>\n<\/tr>\n<tr>\n<td style=\"width: 7.88862%; text-align: center;\">E3<\/td>\n<td style=\"width: 47.3688%;\">El professorat del nostre centre empra el Moodle amb l&#8217;alumnat.<\/td>\n<\/tr>\n<tr>\n<td style=\"width: 7.88862%; text-align: center;\">E4<\/td>\n<td style=\"width: 47.3688%;\">El professorat utilitza tecnologies digitals per a la comunicaci\u00f3 relacionada amb el centre educatiu.<\/td>\n<\/tr>\n<tr>\n<td style=\"width: 7.88862%; text-align: center;\">H1<\/td>\n<td style=\"width: 47.3688%;\">L&#8217;alumnat apr\u00e8n a actuar de forma segura a internet.<\/td>\n<\/tr>\n<\/tbody>\n<\/table>\n<p>&nbsp;<\/p>\n<table style=\"border-collapse: collapse; width: 55.2574%; height: 256px;\">\n<tbody>\n<tr style=\"height: 48px;\">\n<td style=\"width: 8.0198%; height: 48px;\"><strong>Punts Febles<\/strong><\/td>\n<td style=\"width: 47.2377%; height: 48px;\"><\/td>\n<\/tr>\n<tr style=\"height: 48px;\">\n<td style=\"width: 8.0198%; height: 48px; text-align: center;\">A4 OP<\/td>\n<td style=\"width: 47.2377%; height: 48px;\">Al centre el professorat li manca temps per explorar com millorar el seu m\u00e8tode d&#8217;ensenyament amb tecnologies digitals.<\/td>\n<\/tr>\n<tr style=\"height: 32px;\">\n<td style=\"width: 8.0198%; height: 32px; text-align: center;\">B3<\/td>\n<td style=\"width: 47.2377%; height: 32px;\">Al nostre centre utilitzem poc les tecnologies digitals per col\u00b7laborar amb altres organitzacions.<\/td>\n<\/tr>\n<tr style=\"height: 32px;\">\n<td style=\"width: 8.0198%; height: 32px; text-align: center;\">G7 OP<\/td>\n<td style=\"width: 47.2377%; height: 32px;\">Falta ajuda al professorat per utilitzar tecnologies digitals per a finalitats d&#8217;avaluaci\u00f3.<\/td>\n<\/tr>\n<tr style=\"height: 32px;\">\n<td style=\"width: 8.0198%; height: 32px; text-align: center;\">H15<\/td>\n<td style=\"width: 47.2377%; height: 32px;\">Al centre ha de rebre suport especialitzat per resoldre incid\u00e8ncies t\u00e8cniques.<\/td>\n<\/tr>\n<\/tbody>\n<\/table>\n<p>&nbsp;<\/p>\n<table style=\"border-collapse: collapse; width: 55.2574%; height: 240px;\">\n<tbody>\n<tr style=\"height: 48px;\">\n<td style=\"width: 5.92009%; height: 48px;\"><strong>Aspectes a millorar<\/strong><\/td>\n<td style=\"width: 49.3372%; height: 48px;\"><\/td>\n<\/tr>\n<tr style=\"height: 32px;\">\n<td style=\"width: 5.92009%; height: 32px; text-align: center;\">B3<\/td>\n<td style=\"width: 49.3372%; height: 32px;\">Utilitzar les tecnologies digitals per col\u00b7laborar amb altres organitzacions.<\/td>\n<\/tr>\n<tr style=\"height: 32px;\">\n<td style=\"width: 5.92009%; height: 32px; text-align: center;\">C10 OP<\/td>\n<td style=\"width: 49.3372%; height: 32px;\">L&#8217;alumnat pot endur-se dispositius port\u00e0tils a casa quan \u00e9s necessari.<\/td>\n<\/tr>\n<tr style=\"height: 32px;\">\n<td style=\"width: 5.92009%; height: 32px; text-align: center;\">G3<\/td>\n<td style=\"width: 49.3372%; height: 32px;\">Poc \u00fas de les tecnologies per retroalimentar a l&#8217;alumnat.<\/td>\n<\/tr>\n<\/tbody>\n<\/table>\n<p>Un cop analitzades les enquestes de compet\u00e8ncia docents vers la compet\u00e8ncia digital, el resultat del Selfie i entrevistes amb diferents fam\u00edlies, s&#8217;han acordat una s\u00e8rie d&#8217;objectius a assolir.<\/p>\n<p>&nbsp;<\/p>\n","protected":false},"excerpt":{"rendered":"<p>Tal com s\u2019indica en la<a href=\"https:\/\/projectes.xtec.cat\/edc-suport\/diagnosi\/\" target=\"_blank\" rel=\"noopener\"> guia d\u2019elaboraci\u00f3 de la diagnosi<\/a>, hi ha diferents formes possibles per realitzar aquesta diagnosi: an\u00e0lisi dels indicadors de centre, realitzaci\u00f3 d\u2019enquestes a la comunitat escolar, entrevistes, observacions, \u00fas de la r\u00fabrica del pla TAC, de l\u2019eina SELFIE,&hellip;  <a href=\"https:\/\/agora.xtec.cat\/escmadorell\/projectes\/cultura-digital\/diagnosis\/\" title=\"Read Diagnosis\">Llegeix m\u00e9s\u00bb<\/a><\/p>\n","protected":false},"author":4,"featured_media":0,"parent":16885,"menu_order":1,"comment_status":"closed","ping_status":"closed","template":"","meta":{"_bbp_topic_count":0,"_bbp_reply_count":0,"_bbp_total_topic_count":0,"_bbp_total_reply_count":0,"_bbp_voice_count":0,"_bbp_anonymous_reply_count":0,"_bbp_topic_count_hidden":0,"_bbp_reply_count_hidden":0,"_bbp_forum_subforum_count":0,"footnotes":""},"class_list":["post-16909","page","type-page","status-publish","hentry"],"post_mailing_queue_ids":[],"_links":{"self":[{"href":"https:\/\/agora.xtec.cat\/escmadorell\/wp-json\/wp\/v2\/pages\/16909","targetHints":{"allow":["GET"]}}],"collection":[{"href":"https:\/\/agora.xtec.cat\/escmadorell\/wp-json\/wp\/v2\/pages"}],"about":[{"href":"https:\/\/agora.xtec.cat\/escmadorell\/wp-json\/wp\/v2\/types\/page"}],"author":[{"embeddable":true,"href":"https:\/\/agora.xtec.cat\/escmadorell\/wp-json\/wp\/v2\/users\/4"}],"replies":[{"embeddable":true,"href":"https:\/\/agora.xtec.cat\/escmadorell\/wp-json\/wp\/v2\/comments?post=16909"}],"version-history":[{"count":3,"href":"https:\/\/agora.xtec.cat\/escmadorell\/wp-json\/wp\/v2\/pages\/16909\/revisions"}],"predecessor-version":[{"id":17210,"href":"https:\/\/agora.xtec.cat\/escmadorell\/wp-json\/wp\/v2\/pages\/16909\/revisions\/17210"}],"up":[{"embeddable":true,"href":"https:\/\/agora.xtec.cat\/escmadorell\/wp-json\/wp\/v2\/pages\/16885"}],"wp:attachment":[{"href":"https:\/\/agora.xtec.cat\/escmadorell\/wp-json\/wp\/v2\/media?parent=16909"}],"curies":[{"name":"wp","href":"https:\/\/api.w.org\/{rel}","templated":true}]}}