{"id":791,"date":"2018-01-21T22:34:36","date_gmt":"2018-01-21T21:34:36","guid":{"rendered":"http:\/\/agora.xtec.cat\/esclolaangladamartorell\/?page_id=791"},"modified":"2018-02-08T13:51:05","modified_gmt":"2018-02-08T12:51:05","slug":"material-sociabilitzat","status":"publish","type":"page","link":"https:\/\/agora.xtec.cat\/esclolaangladamartorell\/projectes\/pla-de-convivencia\/material-sociabilitzat\/","title":{"rendered":"Material sociabilitzat"},"content":{"rendered":"<p>Com escola socialitzem el material, tant pels alumnes com per tota l\u2019escola en general. Aquest sistema pret\u00e9n que tots els alumnes, i des del primer dia, tinguin el material necessari per a desenvolupar la pr\u00e0ctica d\u2019aprenentatge, sense discriminaci\u00f3 per raons econ\u00f2miques.<\/p>\n<p>Tamb\u00e9 pret\u00e9n evitar que el material que utilitzen els alumnes sigui motiu de difer\u00e8ncies socials pel que fa refer\u00e8ncia a la qualitat i quantitat.<\/p>\n<p>Les fam\u00edlies aporten una quota econ\u00f2mica a principi de curs a l\u2019escola, que compra el material \u00a0i li proporciona a l\u2019alumne\/a.<\/p>\n<p>Amb aquesta manera de fer reforcem i treballem\u00a0 uns valors socials:<\/p>\n<ul>\n<li>El respecte per all\u00f2 que \u00e9s de tots.<\/li>\n<li>Com compartir material com\u00fa.<\/li>\n<li>Esperit cooperatiu.<\/li>\n<li>La igualtat.<\/li>\n<li>La responsabilitat davant els materials comunitaris.<\/li>\n<\/ul>\n","protected":false},"excerpt":{"rendered":"<p>Com escola socialitzem el material, tant pels alumnes com per tota l\u2019escola en general. Aquest sistema pret\u00e9n que tots els alumnes, i des del primer dia, tinguin el material necessari per a desenvolupar la pr\u00e0ctica d\u2019aprenentatge, sense discriminaci\u00f3 per raons econ\u00f2miques.<br \/>\nTamb\u00e9 pret\u00e9n evitar que el&hellip;  <a href=\"https:\/\/agora.xtec.cat\/esclolaangladamartorell\/projectes\/pla-de-convivencia\/material-sociabilitzat\/\" title=\"Read Material sociabilitzat\">Llegeix m\u00e9s\u00bb<\/a><\/p>\n","protected":false},"author":1,"featured_media":0,"parent":785,"menu_order":1,"comment_status":"closed","ping_status":"closed","template":"page-templates\/side-menu.php","meta":{"_bbp_topic_count":0,"_bbp_reply_count":0,"_bbp_total_topic_count":0,"_bbp_total_reply_count":0,"_bbp_voice_count":0,"_bbp_anonymous_reply_count":0,"_bbp_topic_count_hidden":0,"_bbp_reply_count_hidden":0,"_bbp_forum_subforum_count":0,"footnotes":""},"class_list":["post-791","page","type-page","status-publish","hentry"],"post_mailing_queue_ids":[],"_links":{"self":[{"href":"https:\/\/agora.xtec.cat\/esclolaangladamartorell\/wp-json\/wp\/v2\/pages\/791","targetHints":{"allow":["GET"]}}],"collection":[{"href":"https:\/\/agora.xtec.cat\/esclolaangladamartorell\/wp-json\/wp\/v2\/pages"}],"about":[{"href":"https:\/\/agora.xtec.cat\/esclolaangladamartorell\/wp-json\/wp\/v2\/types\/page"}],"author":[{"embeddable":true,"href":"https:\/\/agora.xtec.cat\/esclolaangladamartorell\/wp-json\/wp\/v2\/users\/1"}],"replies":[{"embeddable":true,"href":"https:\/\/agora.xtec.cat\/esclolaangladamartorell\/wp-json\/wp\/v2\/comments?post=791"}],"version-history":[{"count":2,"href":"https:\/\/agora.xtec.cat\/esclolaangladamartorell\/wp-json\/wp\/v2\/pages\/791\/revisions"}],"predecessor-version":[{"id":1035,"href":"https:\/\/agora.xtec.cat\/esclolaangladamartorell\/wp-json\/wp\/v2\/pages\/791\/revisions\/1035"}],"up":[{"embeddable":true,"href":"https:\/\/agora.xtec.cat\/esclolaangladamartorell\/wp-json\/wp\/v2\/pages\/785"}],"wp:attachment":[{"href":"https:\/\/agora.xtec.cat\/esclolaangladamartorell\/wp-json\/wp\/v2\/media?parent=791"}],"curies":[{"name":"wp","href":"https:\/\/api.w.org\/{rel}","templated":true}]}}