{"id":781,"date":"2018-01-21T22:28:48","date_gmt":"2018-01-21T21:28:48","guid":{"rendered":"http:\/\/agora.xtec.cat\/esclolaangladamartorell\/?page_id=781"},"modified":"2018-02-08T13:57:52","modified_gmt":"2018-02-08T12:57:52","slug":"acollida-mestres","status":"publish","type":"page","link":"https:\/\/agora.xtec.cat\/esclolaangladamartorell\/projectes\/pla-dacollida\/acollida-mestres\/","title":{"rendered":"Acollida mestres"},"content":{"rendered":"<p>L\u2019escola amb la finalitat de facilitar l\u2019adaptaci\u00f3 dels nous Mestres i fer-ho amb el m\u00ednim temps possible actua amb un protocol per tal que el mestre se sent\u00ed important a l\u2019escola i s\u2019identifiqui amb ella.<\/p>\n","protected":false},"excerpt":{"rendered":"<p>L\u2019escola amb la finalitat de facilitar l\u2019adaptaci\u00f3 dels nous Mestres i fer-ho amb el m\u00ednim temps possible actua amb un protocol per tal que el mestre se sent\u00ed important a l\u2019escola i s\u2019identifiqui amb ella.<\/p>\n","protected":false},"author":1,"featured_media":0,"parent":775,"menu_order":2,"comment_status":"closed","ping_status":"closed","template":"page-templates\/side-menu.php","meta":{"_bbp_topic_count":0,"_bbp_reply_count":0,"_bbp_total_topic_count":0,"_bbp_total_reply_count":0,"_bbp_voice_count":0,"_bbp_anonymous_reply_count":0,"_bbp_topic_count_hidden":0,"_bbp_reply_count_hidden":0,"_bbp_forum_subforum_count":0,"footnotes":""},"class_list":["post-781","page","type-page","status-publish","hentry"],"post_mailing_queue_ids":[],"_links":{"self":[{"href":"https:\/\/agora.xtec.cat\/esclolaangladamartorell\/wp-json\/wp\/v2\/pages\/781","targetHints":{"allow":["GET"]}}],"collection":[{"href":"https:\/\/agora.xtec.cat\/esclolaangladamartorell\/wp-json\/wp\/v2\/pages"}],"about":[{"href":"https:\/\/agora.xtec.cat\/esclolaangladamartorell\/wp-json\/wp\/v2\/types\/page"}],"author":[{"embeddable":true,"href":"https:\/\/agora.xtec.cat\/esclolaangladamartorell\/wp-json\/wp\/v2\/users\/1"}],"replies":[{"embeddable":true,"href":"https:\/\/agora.xtec.cat\/esclolaangladamartorell\/wp-json\/wp\/v2\/comments?post=781"}],"version-history":[{"count":2,"href":"https:\/\/agora.xtec.cat\/esclolaangladamartorell\/wp-json\/wp\/v2\/pages\/781\/revisions"}],"predecessor-version":[{"id":906,"href":"https:\/\/agora.xtec.cat\/esclolaangladamartorell\/wp-json\/wp\/v2\/pages\/781\/revisions\/906"}],"up":[{"embeddable":true,"href":"https:\/\/agora.xtec.cat\/esclolaangladamartorell\/wp-json\/wp\/v2\/pages\/775"}],"wp:attachment":[{"href":"https:\/\/agora.xtec.cat\/esclolaangladamartorell\/wp-json\/wp\/v2\/media?parent=781"}],"curies":[{"name":"wp","href":"https:\/\/api.w.org\/{rel}","templated":true}]}}