{"id":678,"date":"2018-01-18T22:41:45","date_gmt":"2018-01-18T21:41:45","guid":{"rendered":"http:\/\/agora.xtec.cat\/esclolaangladamartorell\/?page_id=678"},"modified":"2020-03-16T11:01:01","modified_gmt":"2020-03-16T10:01:01","slug":"role-plays","status":"publish","type":"page","link":"https:\/\/agora.xtec.cat\/esclolaangladamartorell\/projectes\/projecte-dangles\/role-plays\/","title":{"rendered":"Role Plays"},"content":{"rendered":"<p>Amb l\u2019objectiu de fer els alumnes competents en situacions comunicatives reals, durant les sessions d\u2019angl\u00e8s es realitzen dramatitzacions de moments de la vida di\u00e0ria com ara anar a comprar, demanar ajuda, preguntar adreces, etc. Despr\u00e9s de treballar el di\u00e0leg en conjunt i veure un exemple amb un v\u00eddeo, ells mateixos per parelles o petits grups poden fer la dramatitzaci\u00f3 davant de la classe i autoavaluar-se. D\u2019aquesta manera potenciem l\u2019autocr\u00edtica, l\u2019autonomia i la iniciativa personal aix\u00ed com la interacci\u00f3 entre iguals.<\/p>\n","protected":false},"excerpt":{"rendered":"<p>Amb l\u2019objectiu de fer els alumnes competents en situacions comunicatives reals, durant les sessions d\u2019angl\u00e8s es realitzen dramatitzacions de moments de la vida di\u00e0ria com ara anar a comprar, demanar ajuda, preguntar adreces, etc. Despr\u00e9s de treballar el di\u00e0leg en conjunt i veure un exemple&hellip;  <a href=\"https:\/\/agora.xtec.cat\/esclolaangladamartorell\/projectes\/projecte-dangles\/role-plays\/\" title=\"Read Role Plays\">Llegeix m\u00e9s\u00bb<\/a><\/p>\n","protected":false},"author":1,"featured_media":0,"parent":669,"menu_order":3,"comment_status":"closed","ping_status":"closed","template":"page-templates\/side-menu.php","meta":{"_bbp_topic_count":0,"_bbp_reply_count":0,"_bbp_total_topic_count":0,"_bbp_total_reply_count":0,"_bbp_voice_count":0,"_bbp_anonymous_reply_count":0,"_bbp_topic_count_hidden":0,"_bbp_reply_count_hidden":0,"_bbp_forum_subforum_count":0,"footnotes":""},"class_list":["post-678","page","type-page","status-publish","hentry"],"post_mailing_queue_ids":[],"_links":{"self":[{"href":"https:\/\/agora.xtec.cat\/esclolaangladamartorell\/wp-json\/wp\/v2\/pages\/678","targetHints":{"allow":["GET"]}}],"collection":[{"href":"https:\/\/agora.xtec.cat\/esclolaangladamartorell\/wp-json\/wp\/v2\/pages"}],"about":[{"href":"https:\/\/agora.xtec.cat\/esclolaangladamartorell\/wp-json\/wp\/v2\/types\/page"}],"author":[{"embeddable":true,"href":"https:\/\/agora.xtec.cat\/esclolaangladamartorell\/wp-json\/wp\/v2\/users\/1"}],"replies":[{"embeddable":true,"href":"https:\/\/agora.xtec.cat\/esclolaangladamartorell\/wp-json\/wp\/v2\/comments?post=678"}],"version-history":[{"count":2,"href":"https:\/\/agora.xtec.cat\/esclolaangladamartorell\/wp-json\/wp\/v2\/pages\/678\/revisions"}],"predecessor-version":[{"id":958,"href":"https:\/\/agora.xtec.cat\/esclolaangladamartorell\/wp-json\/wp\/v2\/pages\/678\/revisions\/958"}],"up":[{"embeddable":true,"href":"https:\/\/agora.xtec.cat\/esclolaangladamartorell\/wp-json\/wp\/v2\/pages\/669"}],"wp:attachment":[{"href":"https:\/\/agora.xtec.cat\/esclolaangladamartorell\/wp-json\/wp\/v2\/media?parent=678"}],"curies":[{"name":"wp","href":"https:\/\/api.w.org\/{rel}","templated":true}]}}