{"id":665,"date":"2018-01-18T22:30:40","date_gmt":"2018-01-18T21:30:40","guid":{"rendered":"http:\/\/agora.xtec.cat\/esclolaangladamartorell\/?page_id=665"},"modified":"2025-02-18T01:13:59","modified_gmt":"2025-02-18T00:13:59","slug":"30-de-lectura-diari","status":"publish","type":"page","link":"https:\/\/agora.xtec.cat\/esclolaangladamartorell\/projectes\/fem-pla-lector\/30-de-lectura-diari\/","title":{"rendered":"30&#8242; de lectura di\u00e0ria"},"content":{"rendered":"<p>Tot l\u2019alumnat, dins del marc horari del centre, dedica \u00a0mitja hora di\u00e0ria a la lectura. Pot triar entre una s\u00e8rie de materials (llibres, revistes&#8230;) que han estat pr\u00e8viament seleccionats.<\/p>\n<p>La finalitat \u00e9s potenciar l\u2019h\u00e0bit de lectura entre el nostre alumnat que, generalment i per diferents motius, no rep l\u2019est\u00edmul ni troba models al seu entorn per desenvolupar-lo.<\/p>\n<p><a href=\"https:\/\/agora.xtec.cat\/esclolaangladamartorell\/wp-content\/uploads\/usu1696\/2025\/02\/lectura.jpg\"><img loading=\"lazy\" decoding=\"async\" class=\"aligncenter  wp-image-3256\" src=\"https:\/\/agora.xtec.cat\/esclolaangladamartorell\/wp-content\/uploads\/usu1696\/2025\/02\/lectura.jpg\" alt=\"\" width=\"696\" height=\"368\" srcset=\"https:\/\/agora.xtec.cat\/esclolaangladamartorell\/wp-content\/uploads\/usu1696\/2025\/02\/lectura.jpg 1696w, https:\/\/agora.xtec.cat\/esclolaangladamartorell\/wp-content\/uploads\/usu1696\/2025\/02\/lectura-300x158.jpg 300w, https:\/\/agora.xtec.cat\/esclolaangladamartorell\/wp-content\/uploads\/usu1696\/2025\/02\/lectura-1024x541.jpg 1024w, https:\/\/agora.xtec.cat\/esclolaangladamartorell\/wp-content\/uploads\/usu1696\/2025\/02\/lectura-768x406.jpg 768w, https:\/\/agora.xtec.cat\/esclolaangladamartorell\/wp-content\/uploads\/usu1696\/2025\/02\/lectura-1536x811.jpg 1536w\" sizes=\"auto, (max-width: 696px) 100vw, 696px\" \/><\/a><\/p>\n<p>&nbsp;<\/p>\n<p><a href=\"https:\/\/agora.xtec.cat\/esclolaangladamartorell\/wp-content\/uploads\/usu1696\/2025\/02\/PHOTO-2025-02-17-19-51-48.jpg\"><img loading=\"lazy\" decoding=\"async\" class=\"aligncenter  wp-image-3257\" src=\"https:\/\/agora.xtec.cat\/esclolaangladamartorell\/wp-content\/uploads\/usu1696\/2025\/02\/PHOTO-2025-02-17-19-51-48.jpg\" alt=\"\" width=\"579\" height=\"434\" srcset=\"https:\/\/agora.xtec.cat\/esclolaangladamartorell\/wp-content\/uploads\/usu1696\/2025\/02\/PHOTO-2025-02-17-19-51-48.jpg 1600w, https:\/\/agora.xtec.cat\/esclolaangladamartorell\/wp-content\/uploads\/usu1696\/2025\/02\/PHOTO-2025-02-17-19-51-48-300x225.jpg 300w, https:\/\/agora.xtec.cat\/esclolaangladamartorell\/wp-content\/uploads\/usu1696\/2025\/02\/PHOTO-2025-02-17-19-51-48-1024x768.jpg 1024w, https:\/\/agora.xtec.cat\/esclolaangladamartorell\/wp-content\/uploads\/usu1696\/2025\/02\/PHOTO-2025-02-17-19-51-48-768x576.jpg 768w, https:\/\/agora.xtec.cat\/esclolaangladamartorell\/wp-content\/uploads\/usu1696\/2025\/02\/PHOTO-2025-02-17-19-51-48-1536x1152.jpg 1536w, https:\/\/agora.xtec.cat\/esclolaangladamartorell\/wp-content\/uploads\/usu1696\/2025\/02\/PHOTO-2025-02-17-19-51-48-200x150.jpg 200w\" sizes=\"auto, (max-width: 579px) 100vw, 579px\" \/><\/a><\/p>\n<p><strong>\u00a0<\/strong><\/p>\n","protected":false},"excerpt":{"rendered":"<p>Tot l\u2019alumnat, dins del marc horari del centre, dedica \u00a0mitja hora di\u00e0ria a la lectura. Pot triar entre una s\u00e8rie de materials (llibres, revistes&#8230;) que han estat pr\u00e8viament seleccionats.<br \/>\nLa finalitat \u00e9s potenciar l\u2019h\u00e0bit de lectura entre el nostre alumnat que, generalment i per diferents motius,&hellip;  <a href=\"https:\/\/agora.xtec.cat\/esclolaangladamartorell\/projectes\/fem-pla-lector\/30-de-lectura-diari\/\" title=\"Read 30&#8242; de lectura di\u00e0ria\">Llegeix m\u00e9s\u00bb<\/a><\/p>\n","protected":false},"author":1,"featured_media":0,"parent":657,"menu_order":4,"comment_status":"closed","ping_status":"closed","template":"page-templates\/side-menu.php","meta":{"_bbp_topic_count":0,"_bbp_reply_count":0,"_bbp_total_topic_count":0,"_bbp_total_reply_count":0,"_bbp_voice_count":0,"_bbp_anonymous_reply_count":0,"_bbp_topic_count_hidden":0,"_bbp_reply_count_hidden":0,"_bbp_forum_subforum_count":0,"footnotes":""},"class_list":["post-665","page","type-page","status-publish","hentry"],"post_mailing_queue_ids":[],"_links":{"self":[{"href":"https:\/\/agora.xtec.cat\/esclolaangladamartorell\/wp-json\/wp\/v2\/pages\/665","targetHints":{"allow":["GET"]}}],"collection":[{"href":"https:\/\/agora.xtec.cat\/esclolaangladamartorell\/wp-json\/wp\/v2\/pages"}],"about":[{"href":"https:\/\/agora.xtec.cat\/esclolaangladamartorell\/wp-json\/wp\/v2\/types\/page"}],"author":[{"embeddable":true,"href":"https:\/\/agora.xtec.cat\/esclolaangladamartorell\/wp-json\/wp\/v2\/users\/1"}],"replies":[{"embeddable":true,"href":"https:\/\/agora.xtec.cat\/esclolaangladamartorell\/wp-json\/wp\/v2\/comments?post=665"}],"version-history":[{"count":5,"href":"https:\/\/agora.xtec.cat\/esclolaangladamartorell\/wp-json\/wp\/v2\/pages\/665\/revisions"}],"predecessor-version":[{"id":3259,"href":"https:\/\/agora.xtec.cat\/esclolaangladamartorell\/wp-json\/wp\/v2\/pages\/665\/revisions\/3259"}],"up":[{"embeddable":true,"href":"https:\/\/agora.xtec.cat\/esclolaangladamartorell\/wp-json\/wp\/v2\/pages\/657"}],"wp:attachment":[{"href":"https:\/\/agora.xtec.cat\/esclolaangladamartorell\/wp-json\/wp\/v2\/media?parent=665"}],"curies":[{"name":"wp","href":"https:\/\/api.w.org\/{rel}","templated":true}]}}