{"id":659,"date":"2018-01-18T22:27:27","date_gmt":"2018-01-18T21:27:27","guid":{"rendered":"http:\/\/agora.xtec.cat\/esclolaangladamartorell\/?page_id=659"},"modified":"2018-02-08T13:44:55","modified_gmt":"2018-02-08T12:44:55","slug":"maleta-viatgera","status":"publish","type":"page","link":"https:\/\/agora.xtec.cat\/esclolaangladamartorell\/projectes\/fem-pla-lector\/maleta-viatgera\/","title":{"rendered":"Maleta viatgera"},"content":{"rendered":"<p>\u00c9s una maleta amb materials de la biblioteca de l\u2019escola, adequats a l\u2019edat determinada i que els alumnes s\u2019emporten a casa durant el cap de setmana per llegir, mirar, compartir&#8230; \u00c9s un servei de pr\u00e9stec molt especial!<\/p>\n<p>Cada divendres dos nens\/es diferents agafen la maleta i la porten cap a casa. A la maleta s\u2019hi troba tamb\u00e9 una llibreta on la fam\u00edlia i l\u2019alumne poden fer coses diverses: explicar el llibre que han triat, si els ha agradat o no, si el coneixen, etc. i tamb\u00e9 si volen poden fer un dibuix o altres activitats que se\u2019ls acudeixin, ja que el que es pret\u00e9n \u00e9s fer volar la imaginaci\u00f3 a pares i fills i gaudir de la companyia m\u00fatua<\/p>\n<p>Objectius:<\/p>\n<p>-Contribuir a la presa de consci\u00e8ncia de la import\u00e0ncia que t\u00e9 la fam\u00edlia en el foment de la lectura.<\/p>\n<p>&#8211; Afavorir i compartir el gust per la lectura.<\/p>\n<p>&#8211; Desvetllar la capacitat de creaci\u00f3 i imaginaci\u00f3.<\/p>\n<p>&#8211; Utilitzar els recursos que ofereix la biblioteca escolar.<\/p>\n<p>&nbsp;<\/p>\n","protected":false},"excerpt":{"rendered":"<p>\u00c9s una maleta amb materials de la biblioteca de l\u2019escola, adequats a l\u2019edat determinada i que els alumnes s\u2019emporten a casa durant el cap de setmana per llegir, mirar, compartir&#8230; \u00c9s un servei de pr\u00e9stec molt especial!<br \/>\nCada divendres dos nens\/es diferents agafen la maleta i&hellip;  <a href=\"https:\/\/agora.xtec.cat\/esclolaangladamartorell\/projectes\/fem-pla-lector\/maleta-viatgera\/\" title=\"Read Maleta viatgera\">Llegeix m\u00e9s\u00bb<\/a><\/p>\n","protected":false},"author":1,"featured_media":0,"parent":657,"menu_order":3,"comment_status":"closed","ping_status":"closed","template":"page-templates\/side-menu.php","meta":{"_bbp_topic_count":0,"_bbp_reply_count":0,"_bbp_total_topic_count":0,"_bbp_total_reply_count":0,"_bbp_voice_count":0,"_bbp_anonymous_reply_count":0,"_bbp_topic_count_hidden":0,"_bbp_reply_count_hidden":0,"_bbp_forum_subforum_count":0,"footnotes":""},"class_list":["post-659","page","type-page","status-publish","hentry"],"post_mailing_queue_ids":[],"_links":{"self":[{"href":"https:\/\/agora.xtec.cat\/esclolaangladamartorell\/wp-json\/wp\/v2\/pages\/659","targetHints":{"allow":["GET"]}}],"collection":[{"href":"https:\/\/agora.xtec.cat\/esclolaangladamartorell\/wp-json\/wp\/v2\/pages"}],"about":[{"href":"https:\/\/agora.xtec.cat\/esclolaangladamartorell\/wp-json\/wp\/v2\/types\/page"}],"author":[{"embeddable":true,"href":"https:\/\/agora.xtec.cat\/esclolaangladamartorell\/wp-json\/wp\/v2\/users\/1"}],"replies":[{"embeddable":true,"href":"https:\/\/agora.xtec.cat\/esclolaangladamartorell\/wp-json\/wp\/v2\/comments?post=659"}],"version-history":[{"count":3,"href":"https:\/\/agora.xtec.cat\/esclolaangladamartorell\/wp-json\/wp\/v2\/pages\/659\/revisions"}],"predecessor-version":[{"id":842,"href":"https:\/\/agora.xtec.cat\/esclolaangladamartorell\/wp-json\/wp\/v2\/pages\/659\/revisions\/842"}],"up":[{"embeddable":true,"href":"https:\/\/agora.xtec.cat\/esclolaangladamartorell\/wp-json\/wp\/v2\/pages\/657"}],"wp:attachment":[{"href":"https:\/\/agora.xtec.cat\/esclolaangladamartorell\/wp-json\/wp\/v2\/media?parent=659"}],"curies":[{"name":"wp","href":"https:\/\/api.w.org\/{rel}","templated":true}]}}