{"id":532,"date":"2017-12-20T13:23:34","date_gmt":"2017-12-20T12:23:34","guid":{"rendered":"http:\/\/agora.xtec.cat\/esclolaangladamartorell\/?page_id=532"},"modified":"2025-02-11T01:58:56","modified_gmt":"2025-02-11T00:58:56","slug":"reciclem-reutilitzem-reduim","status":"publish","type":"page","link":"https:\/\/agora.xtec.cat\/esclolaangladamartorell\/projectes\/projecte-medi-ambient\/reciclem-reutilitzem-reduim\/","title":{"rendered":"Reciclem, Reutilitzem, Redu\u00efm"},"content":{"rendered":"<p>Per qu\u00e8 Reciclem, Reutilitzem i Redu\u00efm :<\/p>\n<ul>\n<li><span style=\"font-size: 1rem; line-height: 1.714285714;\">Per preservar els recursos naturals.<\/span><\/li>\n<li><span style=\"font-size: 1rem; line-height: 1.714285714;\">Per contaminar menys el medi ambient.<\/span><\/li>\n<li><span style=\"font-size: 1rem; line-height: 1.714285714;\">Per millorar la nostra qualitat de vida.<\/span><\/li>\n<li><span style=\"font-size: 1rem; line-height: 1.714285714;\">Per estalviar la mat\u00e8ria prima ( arbres, aigua&#8230;).<\/span><\/li>\n<li><span style=\"font-size: 1rem; line-height: 1.714285714;\">Reduir el nombre de residus que generem.<\/span><\/li>\n<li><span style=\"font-size: 1rem; line-height: 1.714285714;\">Per cuidar el nostre planeta Terra.<\/span><\/li>\n<\/ul>\n<p><span style=\"text-decoration: underline;\">BONES PR\u00c0CTIQUES<\/span><\/p>\n<p style=\"text-align: left;\">A tots els espais de l&#8217;escola: cuina, aules i pati tenim tres tipus de contenidors: de<strong> paper<\/strong>, d&#8217;<strong>envasos<\/strong> (pels petits envasos, ampolles o paper film que utilitzem) i de <strong>mat\u00e8ria org\u00e0nica<\/strong> (per les pells de fruita).<\/p>\n<p style=\"text-align: left;\">El paper l&#8217;utilitzem per les dues cares i a m\u00e9s disposem d&#8217;una safata de <strong>paper per reutilitzar<\/strong> a les classes.<\/p>\n<p><img loading=\"lazy\" decoding=\"async\" class=\"size-medium wp-image-608 aligncenter\" style=\"border: 3px solid black; margin: 3px;\" src=\"http:\/\/blocs.xtec.cat\/escolalolaangladamartorell\/files\/2013\/11\/DSCN2719-300x136.jpg\" alt=\"DSCN2719\" width=\"300\" height=\"136\" \/><\/p>\n<p><strong>Piles, <\/strong>tenim un contenidor de piles. Aquesta recollida permet que es faci un reciclatge i tractament adequat, i a m\u00e9s participem en el <a href=\"http:\/\/www.apilo.cat\/\"><strong>Projecte Apilo<\/strong><\/a><\/p>\n<p style=\"text-align: center;\"><a href=\"http:\/\/blocs.xtec.cat\/escolalolaangladamartorell\/files\/2013\/11\/DSCN2713.jpg\"><img loading=\"lazy\" decoding=\"async\" class=\"size-medium wp-image-600 aligncenter\" style=\"border: 3px solid black; margin-top: 3px; margin-bottom: 3px;\" src=\"http:\/\/blocs.xtec.cat\/escolalolaangladamartorell\/files\/2013\/11\/DSCN2713-300x225.jpg\" alt=\"DSCN2713\" width=\"300\" height=\"225\" \/><\/a><\/p>\n<p style=\"text-align: left;\">Participem en el <strong><a href=\"https:\/\/www.claki.cat\/\">Projecte OLIKLAK<\/a>, <\/strong>on recollim mensualment l&#8217;oli de cuina utilitzat per tal de no llen\u00e7ar-lo a les clavegueres i aix\u00ed no contaminar l&#8217;aigua.<\/p>\n<p><img loading=\"lazy\" decoding=\"async\" class=\"alignleft size-medium wp-image-610\" style=\"border: 3px solid black; margin: 3px;\" src=\"http:\/\/blocs.xtec.cat\/escolalolaangladamartorell\/files\/2013\/11\/DSCN2717-192x300.jpg\" alt=\"DSCN2717\" width=\"192\" height=\"300\" \/><img loading=\"lazy\" decoding=\"async\" class=\"wp-image-609 alignright\" style=\"border: 3px solid black; margin: 3px;\" src=\"http:\/\/blocs.xtec.cat\/escolalolaangladamartorell\/files\/2013\/11\/DSCN2718-235x300.jpg\" alt=\"DSCN2718\" width=\"235\" height=\"300\" \/><\/p>\n<p style=\"text-align: left;\"><strong>\u00a0<\/strong><\/p>\n<p style=\"text-align: left;\"><a href=\"https:\/\/www.claki.cat\"><img loading=\"lazy\" decoding=\"async\" class=\"size-full wp-image-1048 aligncenter\" src=\"http:\/\/agora.xtec.cat\/esclolaangladamartorell\/wp-content\/uploads\/usu1696\/2017\/12\/oliklak.jpg\" alt=\"\" width=\"407\" height=\"164\" srcset=\"https:\/\/agora.xtec.cat\/esclolaangladamartorell\/wp-content\/uploads\/usu1696\/2017\/12\/oliklak.jpg 407w, https:\/\/agora.xtec.cat\/esclolaangladamartorell\/wp-content\/uploads\/usu1696\/2017\/12\/oliklak-300x121.jpg 300w\" sizes=\"auto, (max-width: 407px) 100vw, 407px\" \/><\/a><\/p>\n<p style=\"text-align: left;\">NO UTILITZEM <strong>PAPER <\/strong><strong>D&#8217;ALUMINI. <\/strong>L&#8217;alumini surt de la Bauxita, un mineral que es troba en pa\u00efsos propers a l&#8217;Equador, la seva extracci\u00f3 comporta la destrucci\u00f3 de la Selva Tropical. Reciclar el paper d&#8217;alumini t\u00e9 un cost energ\u00e8tic i econ\u00f2mic molt elevat. Per aquest motiu tothom a l&#8217;escola <strong>utilitzem carmanyoles<\/strong> per a portar l&#8217;esmorzar i aix\u00ed <strong>redu\u00efm residus<\/strong>.<\/p>\n<p style=\"text-align: center;\"><a href=\"http:\/\/blocs.xtec.cat\/escolalolaangladamartorell\/files\/2013\/11\/DSCN2714.jpg\"><img loading=\"lazy\" decoding=\"async\" class=\"size-medium wp-image-601 aligncenter\" style=\"border: 3px solid black; margin-top: 3px; margin-bottom: 3px;\" src=\"http:\/\/blocs.xtec.cat\/escolalolaangladamartorell\/files\/2013\/11\/DSCN2714-300x257.jpg\" alt=\"DSCN2714\" width=\"300\" height=\"257\" \/><\/a><\/p>\n<p style=\"text-align: left;\">A l&#8217;hort disposem d&#8217;un <strong>compostador<\/strong> on els alumnes de Cicle Mitj\u00e0 s&#8217;encarreguen de llen\u00e7ar-hi les pells de fruita, fulles seques&#8230;per tal d&#8217;obtenir adob per a les nostres plantes.<\/p>\n","protected":false},"excerpt":{"rendered":"<p>Per qu\u00e8 Reciclem, Reutilitzem i Redu\u00efm :<\/p>\n<ul>\n<li>Per preservar els recursos naturals.<\/li>\n<li>Per contaminar menys el medi ambient.<\/li>\n<li>Per millorar la nostra qualitat de vida.<\/li>\n<li>Per estalviar la mat\u00e8ria prima ( arbres, aigua&#8230;).<\/li>\n<li>Reduir el nombre de residus que generem.<\/li>\n<li>Per cuidar el nostre planeta Terra.<\/li>\n<\/ul>\n<p>BONES PR\u00c0CTIQUES<br \/>\nA tots els espais de&hellip;  <a href=\"https:\/\/agora.xtec.cat\/esclolaangladamartorell\/projectes\/projecte-medi-ambient\/reciclem-reutilitzem-reduim\/\" title=\"Read Reciclem, Reutilitzem, Redu\u00efm\">Llegeix m\u00e9s\u00bb<\/a><\/p>\n","protected":false},"author":1,"featured_media":0,"parent":692,"menu_order":1,"comment_status":"closed","ping_status":"closed","template":"page-templates\/side-menu.php","meta":{"_bbp_topic_count":0,"_bbp_reply_count":0,"_bbp_total_topic_count":0,"_bbp_total_reply_count":0,"_bbp_voice_count":0,"_bbp_anonymous_reply_count":0,"_bbp_topic_count_hidden":0,"_bbp_reply_count_hidden":0,"_bbp_forum_subforum_count":0,"footnotes":""},"class_list":["post-532","page","type-page","status-publish","hentry"],"post_mailing_queue_ids":[],"_links":{"self":[{"href":"https:\/\/agora.xtec.cat\/esclolaangladamartorell\/wp-json\/wp\/v2\/pages\/532","targetHints":{"allow":["GET"]}}],"collection":[{"href":"https:\/\/agora.xtec.cat\/esclolaangladamartorell\/wp-json\/wp\/v2\/pages"}],"about":[{"href":"https:\/\/agora.xtec.cat\/esclolaangladamartorell\/wp-json\/wp\/v2\/types\/page"}],"author":[{"embeddable":true,"href":"https:\/\/agora.xtec.cat\/esclolaangladamartorell\/wp-json\/wp\/v2\/users\/1"}],"replies":[{"embeddable":true,"href":"https:\/\/agora.xtec.cat\/esclolaangladamartorell\/wp-json\/wp\/v2\/comments?post=532"}],"version-history":[{"count":3,"href":"https:\/\/agora.xtec.cat\/esclolaangladamartorell\/wp-json\/wp\/v2\/pages\/532\/revisions"}],"predecessor-version":[{"id":3151,"href":"https:\/\/agora.xtec.cat\/esclolaangladamartorell\/wp-json\/wp\/v2\/pages\/532\/revisions\/3151"}],"up":[{"embeddable":true,"href":"https:\/\/agora.xtec.cat\/esclolaangladamartorell\/wp-json\/wp\/v2\/pages\/692"}],"wp:attachment":[{"href":"https:\/\/agora.xtec.cat\/esclolaangladamartorell\/wp-json\/wp\/v2\/media?parent=532"}],"curies":[{"name":"wp","href":"https:\/\/api.w.org\/{rel}","templated":true}]}}