{"id":2905,"date":"2024-07-17T12:15:16","date_gmt":"2024-07-17T10:15:16","guid":{"rendered":"https:\/\/agora.xtec.cat\/esclolaangladamartorell\/?page_id=2905"},"modified":"2025-02-16T11:35:26","modified_gmt":"2025-02-16T10:35:26","slug":"matematiques-oaoa","status":"publish","type":"page","link":"https:\/\/agora.xtec.cat\/esclolaangladamartorell\/projecte_educatiu\/com-ho-fem\/matematiques-oaoa\/","title":{"rendered":"Matem\u00e0tiques OAOA"},"content":{"rendered":"<header class=\"entry-header\">\n<h5 class=\"entry-title\"><\/h5>\n<\/header>\n<div class=\"entry-content\">\n<p>A l\u2019escola hem comen\u00e7at a treballar les matem\u00e0tiques seguint les directrius del moviment OAOA que significa \u00abotros algoritmos para las operaciones aritm\u00e9ticas\u00bb.<\/p>\n<p>El moviment OAOA engloba tots els aspectes que tenen a veure amb aquesta disciplina; numeraci\u00f3, c\u00e0lcul, mesura, geometria, estad\u00edstica, atzar i probabilitat, resoluci\u00f3 de problemes,\u2026<\/p>\n<p><b>La metodologia es basa en\u00a0<\/b>:<\/p>\n<p>\u2013 L\u2019aprenentatge passa per tres fases:\u00a0<b>vivencial\u00a0 i manipulativa, representaci\u00f3 gr\u00e0fica i finalment la representaci\u00f3 simb\u00f2lica.<\/b><\/p>\n<p>\u2013 Es parteix de la\u00a0<b>manipulaci\u00f3<\/b>\u00a0per tal de comprendre el concepte de quantitat, la relaci\u00f3 entre els nombres\u2026 amb les regletes de M\u00aa Ant\u00f2nia Canals, calculadora, panell num\u00e8ric, rectes num\u00e8riques, jocs matem\u00e0tics, etc.<\/p>\n<p>\u2013 Es plantegen\u00a0<b>situacions properes\u00a0<\/b>a l\u2019alumnat, contextos reals\u2026<\/p>\n<p>\u2013 Se\u2019ls convida a<b>\u00a0pensar\u00a0<\/b>oferint-los\u00a0<b>reptes<\/b>\u00a0que els porten a\u00a0 reflexionar,\u00a0<b>buscar estrat\u00e8gies<\/b>,\u00a0 argumentar les seves respostes i a compartir-les.<\/p>\n<p>\u2013<b>\u00a0L\u2019alumne\/a \u00e9s el protagonista del seu propi progr\u00e9s<\/b>, n\u2019\u00e9s conscient i s\u2019hi implica m\u00e9s.<\/p>\n<p>\u2013 Utilitza\u00a0<b>l\u2019error com a font d\u2019aprenentatge,<\/b>\u00a0per tal de refor\u00e7ar el pensament cr\u00edtic i millorar l\u2019autoestima.<\/p>\n<p>\u2013 Potencia l<b>\u2019autonomia personal i treball cooperatiu<\/b>.<\/p>\n<\/div>\n","protected":false},"excerpt":{"rendered":"<p>A l\u2019escola hem comen\u00e7at a treballar les matem\u00e0tiques seguint les directrius del moviment OAOA que significa \u00abotros algoritmos para las operaciones aritm\u00e9ticas\u00bb.<br \/>\nEl moviment OAOA engloba tots els aspectes que tenen a veure amb aquesta disciplina; numeraci\u00f3, c\u00e0lcul, mesura, geometria, estad\u00edstica, atzar i probabilitat, resoluci\u00f3 de&hellip;  <a href=\"https:\/\/agora.xtec.cat\/esclolaangladamartorell\/projecte_educatiu\/com-ho-fem\/matematiques-oaoa\/\" title=\"Read Matem\u00e0tiques OAOA\">Llegeix m\u00e9s\u00bb<\/a><\/p>\n","protected":false},"author":1,"featured_media":0,"parent":844,"menu_order":3,"comment_status":"closed","ping_status":"closed","template":"page-templates\/side-menu.php","meta":{"_bbp_topic_count":0,"_bbp_reply_count":0,"_bbp_total_topic_count":0,"_bbp_total_reply_count":0,"_bbp_voice_count":0,"_bbp_anonymous_reply_count":0,"_bbp_topic_count_hidden":0,"_bbp_reply_count_hidden":0,"_bbp_forum_subforum_count":0,"footnotes":""},"class_list":["post-2905","page","type-page","status-publish","hentry"],"post_mailing_queue_ids":[],"_links":{"self":[{"href":"https:\/\/agora.xtec.cat\/esclolaangladamartorell\/wp-json\/wp\/v2\/pages\/2905","targetHints":{"allow":["GET"]}}],"collection":[{"href":"https:\/\/agora.xtec.cat\/esclolaangladamartorell\/wp-json\/wp\/v2\/pages"}],"about":[{"href":"https:\/\/agora.xtec.cat\/esclolaangladamartorell\/wp-json\/wp\/v2\/types\/page"}],"author":[{"embeddable":true,"href":"https:\/\/agora.xtec.cat\/esclolaangladamartorell\/wp-json\/wp\/v2\/users\/1"}],"replies":[{"embeddable":true,"href":"https:\/\/agora.xtec.cat\/esclolaangladamartorell\/wp-json\/wp\/v2\/comments?post=2905"}],"version-history":[{"count":3,"href":"https:\/\/agora.xtec.cat\/esclolaangladamartorell\/wp-json\/wp\/v2\/pages\/2905\/revisions"}],"predecessor-version":[{"id":2908,"href":"https:\/\/agora.xtec.cat\/esclolaangladamartorell\/wp-json\/wp\/v2\/pages\/2905\/revisions\/2908"}],"up":[{"embeddable":true,"href":"https:\/\/agora.xtec.cat\/esclolaangladamartorell\/wp-json\/wp\/v2\/pages\/844"}],"wp:attachment":[{"href":"https:\/\/agora.xtec.cat\/esclolaangladamartorell\/wp-json\/wp\/v2\/media?parent=2905"}],"curies":[{"name":"wp","href":"https:\/\/api.w.org\/{rel}","templated":true}]}}