{"id":2898,"date":"2020-04-24T09:52:38","date_gmt":"2020-04-24T07:52:38","guid":{"rendered":"http:\/\/agora.xtec.cat\/escllumsdelnord\/?page_id=2898"},"modified":"2020-05-08T06:35:37","modified_gmt":"2020-05-08T06:35:37","slug":"plats-3r-trimestre-des-de-casa","status":"publish","type":"page","link":"https:\/\/agora.xtec.cat\/escllumsdelnord\/serveis\/menjador-escolar\/plats-3r-trimestre-des-de-casa\/","title":{"rendered":"plats 3r trimestre des de casa"},"content":{"rendered":"<blockquote>\n<h2>Aquest trimestre cuinarem des de casa \u2665<\/h2>\n<div><\/div>\n<div><\/div>\n<div>Bon dia a tot@ts!!!<\/div>\n<div><\/div>\n<div>\u00a0S\u00b4acosta el cap de setmana i les\u00a0<b>monitores i cuina de la vostra escola<\/b>, us volem enviar unes quantes receptes fetes per elles,\u00a0 des de la cuina central us enviem les fitxes t\u00e8cniques de cada plat.<\/div>\n<div>\u00a0S\u00f3n\u00a0<b>receptes<\/b>\u00a0de m\u00e9s o menys dificultat, estan pensades perqu\u00e8 les pugueu fer en fam\u00edlia i per a compartir a taula tots junts. Les podeu fer quan vulgueu, durant aquest trimestre o a l\u00b4estiu, i quan tornem a veure\u00b4ns podem comentar-les o tamb\u00e9 si us b\u00e9 de gust podeu enviar-nos fotos i les posarem en els canals de comunicaci\u00f3 de l\u00b4escola. (per enviar les fotos via whatsap T. 629886239\u00a0 nom cognom escola i curs)<\/div>\n<div>\u00a0Des del menjador us animem a fer-les,\u00a0 i us recordem l\u00b4import\u00e0ncia de l\u00b4alimentaci\u00f3 sana\u00a0 i variada, el consum de fruita i verdures. Tamb\u00e9 els productes de proximitat i temporada, per\u00f2\u00a0 sobretot que gaudiu dels \u00e0pats com un moment de fam\u00edlia i d\u00b4uni\u00f3.<\/div>\n<div><\/div>\n<div>\u00a0<b>Teresa, Charo, Cristina, Xell, Laia i Rosmery<\/b><\/div>\n<div><\/div>\n<div>Esperem que us agradin i un petonet per tot@s !!!!!!!<\/div>\n<\/blockquote>\n<div><\/div>\n<blockquote>\n<h6><\/h6>\n<h2><strong> <a href=\"https:\/\/drive.google.com\/open?id=1siRkW7z26GSQbWxNrOMtwYIrDXxWIh9t\">receptes _CUINEM DES DE CASA_8 5 2020<\/a><\/strong><\/h2>\n<h6><\/h6>\n<h6><\/h6>\n<h6><\/h6>\n<\/blockquote>\n<p>&nbsp;<\/p>\n<blockquote>\n<h6><\/h6>\n<h6><strong>Ja tenim algunes fotos de la Rosa de poma de Sant Jordi, sou un s\u00faper cuiners!!!!!<\/strong><\/h6>\n<\/blockquote>\n<figure id=\"attachment_2907\" aria-describedby=\"caption-attachment-2907\" style=\"width: 300px\" class=\"wp-caption aligncenter\"><a href=\"https:\/\/agora.xtec.cat\/escllumsdelnord\/wp-content\/uploads\/usu1797\/2020\/04\/isona-i-martina-_poma-1.jpeg\"><img loading=\"lazy\" decoding=\"async\" class=\"wp-image-2907 size-medium\" src=\"https:\/\/agora.xtec.cat\/escllumsdelnord\/wp-content\/uploads\/usu1797\/2020\/04\/isona-i-martina-_poma-1-300x138.jpeg\" alt=\"\" width=\"300\" height=\"138\" srcset=\"https:\/\/agora.xtec.cat\/escllumsdelnord\/wp-content\/uploads\/usu1797\/2020\/04\/isona-i-martina-_poma-1-300x138.jpeg 300w, https:\/\/agora.xtec.cat\/escllumsdelnord\/wp-content\/uploads\/usu1797\/2020\/04\/isona-i-martina-_poma-1-768x354.jpeg 768w, https:\/\/agora.xtec.cat\/escllumsdelnord\/wp-content\/uploads\/usu1797\/2020\/04\/isona-i-martina-_poma-1-1024x472.jpeg 1024w, https:\/\/agora.xtec.cat\/escllumsdelnord\/wp-content\/uploads\/usu1797\/2020\/04\/isona-i-martina-_poma-1.jpeg 1600w\" sizes=\"auto, (max-width: 300px) 100vw, 300px\" \/><\/a><figcaption id=\"caption-attachment-2907\" class=\"wp-caption-text\">Roses del Guillem,, Roger i Juliet_Sant Jordi 2020<\/figcaption><\/figure>\n<figure id=\"attachment_2904\" aria-describedby=\"caption-attachment-2904\" style=\"width: 225px\" class=\"wp-caption aligncenter\"><a href=\"https:\/\/agora.xtec.cat\/escllumsdelnord\/wp-content\/uploads\/usu1797\/2020\/04\/na\u00fcja-_poma-copia.jpg\"><img loading=\"lazy\" decoding=\"async\" class=\"wp-image-2904 size-medium\" src=\"https:\/\/agora.xtec.cat\/escllumsdelnord\/wp-content\/uploads\/usu1797\/2020\/04\/na\u00fcja-_poma-copia-225x300.jpg\" alt=\"\" width=\"225\" height=\"300\" srcset=\"https:\/\/agora.xtec.cat\/escllumsdelnord\/wp-content\/uploads\/usu1797\/2020\/04\/na\u00fcja-_poma-copia-225x300.jpg 225w, https:\/\/agora.xtec.cat\/escllumsdelnord\/wp-content\/uploads\/usu1797\/2020\/04\/na\u00fcja-_poma-copia-768x1024.jpg 768w, https:\/\/agora.xtec.cat\/escllumsdelnord\/wp-content\/uploads\/usu1797\/2020\/04\/na\u00fcja-_poma-copia.jpg 1944w\" sizes=\"auto, (max-width: 225px) 100vw, 225px\" \/><\/a><figcaption id=\"caption-attachment-2904\" class=\"wp-caption-text\">Roses de la Na\u00fcja _Sant Jordi 2020<\/figcaption><\/figure>\n<figure id=\"attachment_2903\" aria-describedby=\"caption-attachment-2903\" style=\"width: 300px\" class=\"wp-caption aligncenter\"><a href=\"https:\/\/agora.xtec.cat\/escllumsdelnord\/wp-content\/uploads\/usu1797\/2020\/04\/Aniol-Gassi\u00f3-Torrent_poma-copia.jpeg\"><img loading=\"lazy\" decoding=\"async\" class=\"wp-image-2903 size-medium\" src=\"https:\/\/agora.xtec.cat\/escllumsdelnord\/wp-content\/uploads\/usu1797\/2020\/04\/Aniol-Gassi\u00f3-Torrent_poma-copia-300x225.jpeg\" alt=\"\" width=\"300\" height=\"225\" srcset=\"https:\/\/agora.xtec.cat\/escllumsdelnord\/wp-content\/uploads\/usu1797\/2020\/04\/Aniol-Gassi\u00f3-Torrent_poma-copia-300x225.jpeg 300w, https:\/\/agora.xtec.cat\/escllumsdelnord\/wp-content\/uploads\/usu1797\/2020\/04\/Aniol-Gassi\u00f3-Torrent_poma-copia-768x576.jpeg 768w, https:\/\/agora.xtec.cat\/escllumsdelnord\/wp-content\/uploads\/usu1797\/2020\/04\/Aniol-Gassi\u00f3-Torrent_poma-copia-1024x768.jpeg 1024w, https:\/\/agora.xtec.cat\/escllumsdelnord\/wp-content\/uploads\/usu1797\/2020\/04\/Aniol-Gassi\u00f3-Torrent_poma-copia-200x150.jpeg 200w, https:\/\/agora.xtec.cat\/escllumsdelnord\/wp-content\/uploads\/usu1797\/2020\/04\/Aniol-Gassi\u00f3-Torrent_poma-copia.jpeg 1600w\" sizes=\"auto, (max-width: 300px) 100vw, 300px\" \/><\/a><figcaption id=\"caption-attachment-2903\" class=\"wp-caption-text\">Roses de l\u00b4Aniol _Sant Jordi 2020<\/figcaption><\/figure>\n<h5><\/h5>\n","protected":false},"excerpt":{"rendered":"<p>Aquest trimestre cuinarem des de casa \u2665 Bon dia a tot@ts!!! \u00a0S\u00b4acosta el cap de setmana i les\u00a0monitores i cuina de la vostra escola, us volem enviar unes quantes receptes fetes per elles,\u00a0 des de la cuina central us enviem les fitxes t\u00e8cniques de cada plat. \u00a0S\u00f3n\u00a0receptes\u00a0de m\u00e9s o menys dificultat, estan pensades perqu\u00e8 les [&hellip;]<\/p>\n","protected":false},"author":1,"featured_media":0,"parent":73,"menu_order":4,"comment_status":"closed","ping_status":"closed","template":"","meta":{"_bbp_topic_count":0,"_bbp_reply_count":0,"_bbp_total_topic_count":0,"_bbp_total_reply_count":0,"_bbp_voice_count":0,"_bbp_anonymous_reply_count":0,"_bbp_topic_count_hidden":0,"_bbp_reply_count_hidden":0,"_bbp_forum_subforum_count":0,"site-sidebar-layout":"default","site-content-layout":"","ast-site-content-layout":"","site-content-style":"default","site-sidebar-style":"default","ast-global-header-display":"","ast-banner-title-visibility":"","ast-main-header-display":"","ast-hfb-above-header-display":"","ast-hfb-below-header-display":"","ast-hfb-mobile-header-display":"","site-post-title":"","ast-breadcrumbs-content":"","ast-featured-img":"","footer-sml-layout":"","theme-transparent-header-meta":"","adv-header-id-meta":"","stick-header-meta":"","header-above-stick-meta":"","header-main-stick-meta":"","header-below-stick-meta":"","astra-migrate-meta-layouts":"default","ast-page-background-enabled":"default","ast-page-background-meta":{"desktop":{"background-color":"var(--ast-global-color-4)","background-image":"","background-repeat":"repeat","background-position":"center center","background-size":"auto","background-attachment":"scroll","background-type":"","background-media":"","overlay-type":"","overlay-color":"","overlay-opacity":"","overlay-gradient":""},"tablet":{"background-color":"","background-image":"","background-repeat":"repeat","background-position":"center center","background-size":"auto","background-attachment":"scroll","background-type":"","background-media":"","overlay-type":"","overlay-color":"","overlay-opacity":"","overlay-gradient":""},"mobile":{"background-color":"","background-image":"","background-repeat":"repeat","background-position":"center center","background-size":"auto","background-attachment":"scroll","background-type":"","background-media":"","overlay-type":"","overlay-color":"","overlay-opacity":"","overlay-gradient":""}},"ast-content-background-meta":{"desktop":{"background-color":"var(--ast-global-color-5)","background-image":"","background-repeat":"repeat","background-position":"center center","background-size":"auto","background-attachment":"scroll","background-type":"","background-media":"","overlay-type":"","overlay-color":"","overlay-opacity":"","overlay-gradient":""},"tablet":{"background-color":"var(--ast-global-color-5)","background-image":"","background-repeat":"repeat","background-position":"center center","background-size":"auto","background-attachment":"scroll","background-type":"","background-media":"","overlay-type":"","overlay-color":"","overlay-opacity":"","overlay-gradient":""},"mobile":{"background-color":"var(--ast-global-color-5)","background-image":"","background-repeat":"repeat","background-position":"center center","background-size":"auto","background-attachment":"scroll","background-type":"","background-media":"","overlay-type":"","overlay-color":"","overlay-opacity":"","overlay-gradient":""}},"footnotes":""},"class_list":["post-2898","page","type-page","status-publish","hentry"],"post_mailing_queue_ids":[],"_links":{"self":[{"href":"https:\/\/agora.xtec.cat\/escllumsdelnord\/wp-json\/wp\/v2\/pages\/2898","targetHints":{"allow":["GET"]}}],"collection":[{"href":"https:\/\/agora.xtec.cat\/escllumsdelnord\/wp-json\/wp\/v2\/pages"}],"about":[{"href":"https:\/\/agora.xtec.cat\/escllumsdelnord\/wp-json\/wp\/v2\/types\/page"}],"author":[{"embeddable":true,"href":"https:\/\/agora.xtec.cat\/escllumsdelnord\/wp-json\/wp\/v2\/users\/1"}],"replies":[{"embeddable":true,"href":"https:\/\/agora.xtec.cat\/escllumsdelnord\/wp-json\/wp\/v2\/comments?post=2898"}],"version-history":[{"count":3,"href":"https:\/\/agora.xtec.cat\/escllumsdelnord\/wp-json\/wp\/v2\/pages\/2898\/revisions"}],"predecessor-version":[{"id":3274,"href":"https:\/\/agora.xtec.cat\/escllumsdelnord\/wp-json\/wp\/v2\/pages\/2898\/revisions\/3274"}],"up":[{"embeddable":true,"href":"https:\/\/agora.xtec.cat\/escllumsdelnord\/wp-json\/wp\/v2\/pages\/73"}],"wp:attachment":[{"href":"https:\/\/agora.xtec.cat\/escllumsdelnord\/wp-json\/wp\/v2\/media?parent=2898"}],"curies":[{"name":"wp","href":"https:\/\/api.w.org\/{rel}","templated":true}]}}