{"id":2235,"date":"2020-03-28T23:38:01","date_gmt":"2020-03-28T22:38:01","guid":{"rendered":"http:\/\/agora.xtec.cat\/escllumsdelnord\/?page_id=2235"},"modified":"2024-02-26T12:30:36","modified_gmt":"2024-02-26T11:30:36","slug":"activitats-esportives","status":"publish","type":"page","link":"https:\/\/agora.xtec.cat\/escllumsdelnord\/la-nostra-escola\/activitats-esportives\/","title":{"rendered":"Activitats esportives"},"content":{"rendered":"<h4>PROGRAMA D&#8217;ESPORT BLANC A LES ESCOLES I SETMANA BLANCA<\/h4>\n<p><a href=\"https:\/\/agora.xtec.cat\/escllumsdelnord\/wp-content\/uploads\/usu1797\/2020\/04\/ebe.png\"><img loading=\"lazy\" decoding=\"async\" class=\"aligncenter size-full wp-image-2695\" src=\"https:\/\/agora.xtec.cat\/escllumsdelnord\/wp-content\/uploads\/usu1797\/2020\/04\/ebe.png\" sizes=\"auto, (max-width: 1704px) 100vw, 1704px\" srcset=\"https:\/\/agora.xtec.cat\/escllumsdelnord\/wp-content\/uploads\/usu1797\/2020\/04\/ebe.png 1704w, https:\/\/agora.xtec.cat\/escllumsdelnord\/wp-content\/uploads\/usu1797\/2020\/04\/ebe-300x77.png 300w, https:\/\/agora.xtec.cat\/escllumsdelnord\/wp-content\/uploads\/usu1797\/2020\/04\/ebe-768x198.png 768w, https:\/\/agora.xtec.cat\/escllumsdelnord\/wp-content\/uploads\/usu1797\/2020\/04\/ebe-1024x264.png 1024w\" alt=\"\" width=\"1704\" height=\"439\" \/><\/a><\/p>\n<p>El programa Esport Blanc Escolar (<a href=\"http:\/\/xtec.gencat.cat\/ca\/curriculum\/primaria\/competencies-basiques-ambits\/ambit-educacio-fisica\/esportblancescolar\/\" target=\"_blank\" rel=\"noopener\">EBE<\/a>) \u00e9s una iniciativa per promocionar i popularitzar els esports d\u2019hivern a Catalunya. El programa va destinat a la promoci\u00f3 de l\u2019esqu\u00ed alp\u00ed i el surf de neu a l\u2019estaci\u00f3 d\u2019esqu\u00ed de La Molina, i l\u2019esqu\u00ed de fons a l\u2019estaci\u00f3 de Guils Fontanera a l\u2019alumnat de cicle mitj\u00e0 (3r i 4t de prim\u00e0ria).<\/p>\n<p><a href=\"https:\/\/www.pirineustv.cat\/2022\/01\/18\/uns-270-alumnes-cerdans-participen-al-programa-esport-blanc-escolar\/\" target=\"_blank\" rel=\"noopener\"><img loading=\"lazy\" decoding=\"async\" class=\"aligncenter size-full wp-image-5864\" src=\"https:\/\/agora.xtec.cat\/escllumsdelnord\/wp-content\/uploads\/usu1797\/2022\/01\/esqui-1.png\" alt=\"\" width=\"383\" height=\"180\" srcset=\"https:\/\/agora.xtec.cat\/escllumsdelnord\/wp-content\/uploads\/usu1797\/2022\/01\/esqui-1.png 383w, https:\/\/agora.xtec.cat\/escllumsdelnord\/wp-content\/uploads\/usu1797\/2022\/01\/esqui-1-300x141.png 300w\" sizes=\"auto, (max-width: 383px) 100vw, 383px\" \/><\/a><\/p>\n<p>Educaci\u00f3 infantil, cicle inicial i cicle superior, participen amb la Setmana Blanca amb les modalitats d&#8217;esqu\u00ed alp\u00ed o surf de neu.<\/p>\n<p><iframe loading=\"lazy\" src=\"https:\/\/www.youtube.com\/embed\/rTnV6N9TpeQ?feature=oembed\" width=\"500\" height=\"281\" frameborder=\"0\" data-mce-fragment=\"1\"><\/iframe><\/p>\n<p>&nbsp;<\/p>\n<h4>NATACI\u00d3<\/h4>\n<p><a href=\"https:\/\/agora.xtec.cat\/escllumsdelnord\/wp-content\/uploads\/usu1797\/2020\/04\/Piscina.png\"><img loading=\"lazy\" decoding=\"async\" class=\"aligncenter wp-image-2699\" src=\"https:\/\/agora.xtec.cat\/escllumsdelnord\/wp-content\/uploads\/usu1797\/2020\/04\/Piscina.png\" sizes=\"auto, (max-width: 671px) 100vw, 671px\" srcset=\"https:\/\/agora.xtec.cat\/escllumsdelnord\/wp-content\/uploads\/usu1797\/2020\/04\/Piscina.png 430w, https:\/\/agora.xtec.cat\/escllumsdelnord\/wp-content\/uploads\/usu1797\/2020\/04\/Piscina-300x119.png 300w\" alt=\"\" width=\"671\" height=\"265\" \/><\/a><\/p>\n<p><strong>Nedar \u00e9s un dels esports m\u00e9s complets que existeixen.<\/strong> A m\u00e9s del gran nombre de m\u00fasculs que hi interv\u00e9, el medi aqu\u00e0tic \u00e9s ideal per mantenir sa el sistema cardiovascular, pr\u00e0cticament a qualsevol edat. El nostre alumnat d&#8217;I3 fins a 2n de prim\u00e0ria fan 10 sessions de nataci\u00f3 al poliesportiu de Puigcerd\u00e0. L&#8217;alumnat de 2n gaudeix, sempre que sigui atorgada, d&#8217;una subvenci\u00f3 de la Diputaci\u00f3 de Girona (Programa &#8220;Neda a l&#8217;escola&#8221;) que redueix l&#8217;aportaci\u00f3 que fan les fam\u00edlies per dur a terme aquesta activitat.<\/p>\n<h3>PATINATGE<\/h3>\n<p><a href=\"https:\/\/agora.xtec.cat\/escllumsdelnord\/wp-content\/uploads\/usu1797\/2020\/04\/pati.png\"><img loading=\"lazy\" decoding=\"async\" class=\"aligncenter wp-image-2741\" src=\"https:\/\/agora.xtec.cat\/escllumsdelnord\/wp-content\/uploads\/usu1797\/2020\/04\/pati.png\" sizes=\"auto, (max-width: 992px) 100vw, 992px\" srcset=\"https:\/\/agora.xtec.cat\/escllumsdelnord\/wp-content\/uploads\/usu1797\/2020\/04\/pati.png 590w, https:\/\/agora.xtec.cat\/escllumsdelnord\/wp-content\/uploads\/usu1797\/2020\/04\/pati-300x64.png 300w\" alt=\"\" width=\"992\" height=\"210\" \/><\/a><\/p>\n<p>Quan es patina, funciona gaireb\u00e9 tots els grups musculars del cos.\u00a0 Patinar implica una sincronitzaci\u00f3 de les cames i un treball de la musculatura abdominal i de les cames. Com qualsevol entrenament, el patinatge \u00e9s ideal per a la salut cardiovascular.<\/p>\n<p>Els infants a part de divertir-se, duen a terme una activitat f\u00edsica completa al mateix temps que coneixen un dels esports emblem\u00e0tics del poble.<\/p>\n<h3>ITINERARIS DE MUNTANYA<a href=\"https:\/\/agora.xtec.cat\/escllumsdelnord\/wp-content\/uploads\/usu1797\/2020\/04\/Sortides-entorn.png\"><br \/>\n<img loading=\"lazy\" decoding=\"async\" class=\"aligncenter wp-image-2745\" src=\"https:\/\/agora.xtec.cat\/escllumsdelnord\/wp-content\/uploads\/usu1797\/2020\/04\/Sortides-entorn.png\" sizes=\"auto, (max-width: 878px) 100vw, 878px\" srcset=\"https:\/\/agora.xtec.cat\/escllumsdelnord\/wp-content\/uploads\/usu1797\/2020\/04\/Sortides-entorn.png 595w, https:\/\/agora.xtec.cat\/escllumsdelnord\/wp-content\/uploads\/usu1797\/2020\/04\/Sortides-entorn-300x90.png 300w\" alt=\"\" width=\"878\" height=\"264\" \/><\/a><\/h3>\n<p>L\u2019alumnat de CS\u00a0participa en <strong>6 sortides<\/strong> (3 per curs) per apropar-se al m\u00f3n de la muntanya: senderisme, curses d\u2019orientaci\u00f3&#8230;<\/p>\n<p>\u00c9s una manera d\u2019apropar alguna de les disciplines de l\u2019esport de muntanya a uns infants que ho tenen molt a prop. Pretenem que els nens i les nenes coneguin el seu entorn, se l\u2019estimin m\u00e9s, en gaudeixin i se\u2019l sentin m\u00e9s proper.<\/p>\n<p>Durant aquests \u00faltims cursos s\u2019ha anat pel bosc de la ribera des de La Molina fins a Alp, a fer una cursa d\u2019orientaci\u00f3 a Guils Fontanera, ascensi\u00f3 al Pic de l\u2019\u00c0liga des de la Vall de N\u00faria\u2026<\/p>\n<p>Tamb\u00e9 es fa una introducci\u00f3 a l\u2019\u00fas de mapes, br\u00faixola, Apps de meteorologia, material i alimentaci\u00f3 per preparar una ruta\u2026<\/p>\n<p>&nbsp;<\/p>\n<h3>PROGRAMA ESPORT ADAPTAT<\/h3>\n<p><a href=\"https:\/\/agora.xtec.cat\/escllumsdelnord\/wp-content\/uploads\/usu1797\/2022\/07\/logo-web.jpg\"><img loading=\"lazy\" decoding=\"async\" class=\"alignnone wp-image-6570 size-full\" src=\"https:\/\/agora.xtec.cat\/escllumsdelnord\/wp-content\/uploads\/usu1797\/2022\/07\/logo-web.jpg\" alt=\"\" width=\"224\" height=\"67\" \/><\/a><\/p>\n<p><span style=\"font-weight: 400;\">La <\/span><span style=\"font-weight: 400;\">Diputaci\u00f3 de <\/span><span style=\"font-weight: 400;\">Girona ha <\/span><span style=\"font-weight: 400;\">engegat <\/span><span style=\"font-weight: 400;\">una iniciativa per <\/span><span style=\"font-weight: 400;\">potenciar <\/span><span style=\"font-weight: 400;\">l<\/span><span style=\"font-weight: 400;\">&#8216;<\/span><span style=\"font-weight: 400;\">esport <\/span><span style=\"font-weight: 400;\">adaptat<\/span><span style=\"font-weight: 400;\">, <\/span> <span style=\"font-weight: 400;\">una <\/span><span style=\"font-weight: 400;\">de <\/span><span style=\"font-weight: 400;\">les <\/span><span style=\"font-weight: 400;\">accions <\/span><span style=\"font-weight: 400;\">que <\/span><span style=\"font-weight: 400;\">es <\/span><span style=\"font-weight: 400;\">porta <\/span><span style=\"font-weight: 400;\">a terme <\/span><span style=\"font-weight: 400;\">\u00e9s <\/span><span style=\"font-weight: 400;\">el <\/span><span style=\"font-weight: 400;\">programa <\/span><span style=\"font-weight: 400;\">\u00ab<\/span><span style=\"font-weight: 400;\">Esport <\/span><span style=\"font-weight: 400;\">adaptat <\/span><span style=\"font-weight: 400;\">a <\/span><span style=\"font-weight: 400;\">l<\/span><span style=\"font-weight: 400;\">&#8216;<\/span><span style=\"font-weight: 400;\">escola<\/span><span style=\"font-weight: 400;\">\u00bb<\/span><span style=\"font-weight: 400;\">, <\/span><span style=\"font-weight: 400;\">mitjan\u00e7ant <\/span><span style=\"font-weight: 400;\">el <\/span><span style=\"font-weight: 400;\">qual <\/span><span style=\"font-weight: 400;\">es <\/span><span style=\"font-weight: 400;\">pret\u00e9n <\/span><span style=\"font-weight: 400;\">que <\/span><span style=\"font-weight: 400;\">l<\/span><span style=\"font-weight: 400;\">&#8216;<\/span><span style=\"font-weight: 400;\">alum<\/span><span style=\"font-weight: 400;\">n<\/span><span style=\"font-weight: 400;\">at <\/span><span style=\"font-weight: 400;\">s\u00e0piga <\/span><span style=\"font-weight: 400;\">que <\/span><span style=\"font-weight: 400;\">l<\/span><span style=\"font-weight: 400;\">&#8216;<\/span><span style=\"font-weight: 400;\">esport <\/span><span style=\"font-weight: 400;\">pot <\/span><span style=\"font-weight: 400;\">ser <\/span><span style=\"font-weight: 400;\">inclusiu <\/span><span style=\"font-weight: 400;\">per <\/span><span style=\"font-weight: 400;\">a <\/span><span style=\"font-weight: 400;\">tothom<\/span><span style=\"font-weight: 400;\">, <\/span><span style=\"font-weight: 400;\">sigui <\/span><span style=\"font-weight: 400;\">quina sigui <\/span><span style=\"font-weight: 400;\">la <\/span><span style=\"font-weight: 400;\">diversitat <\/span><span style=\"font-weight: 400;\">funcional <\/span><span style=\"font-weight: 400;\">de <\/span><span style=\"font-weight: 400;\">la <\/span><span style=\"font-weight: 400;\">persona<\/span><span style=\"font-weight: 400;\">.\u00a0<\/span><\/p>\n<p><span style=\"font-weight: 400;\">Amb <\/span><span style=\"font-weight: 400;\">la <\/span><span style=\"font-weight: 400;\">finalitat <\/span><span style=\"font-weight: 400;\">de <\/span><span style=\"font-weight: 400;\">crear <\/span><span style=\"font-weight: 400;\">consci\u00e8ncia <\/span><span style=\"font-weight: 400;\">i fomentar <\/span><span style=\"font-weight: 400;\">la <\/span><span style=\"font-weight: 400;\">sensibilitzaci\u00f3 <\/span><span style=\"font-weight: 400;\">cap a <\/span><span style=\"font-weight: 400;\">l<\/span><span style=\"font-weight: 400;\">&#8216;<\/span><span style=\"font-weight: 400;\">esport <\/span><span style=\"font-weight: 400;\">adaptat<\/span><span style=\"font-weight: 400;\">, <\/span><span style=\"font-weight: 400;\">es <\/span><span style=\"font-weight: 400;\">treballa <\/span><span style=\"font-weight: 400;\">conjuntament amb <\/span><span style=\"font-weight: 400;\">la <\/span><span style=\"font-weight: 400;\">Federaci\u00f3 <\/span><span style=\"font-weight: 400;\">Catalana <\/span><span style=\"font-weight: 400;\">d<\/span><span style=\"font-weight: 400;\">&#8216;<\/span><span style=\"font-weight: 400;\">Esports <\/span><span style=\"font-weight: 400;\">de <\/span><span style=\"font-weight: 400;\">Persones <\/span><span style=\"font-weight: 400;\">amb <\/span><span style=\"font-weight: 400;\">Discapacitat <\/span><span style=\"font-weight: 400;\">F\u00edsica <\/span><span style=\"font-weight: 400;\">(<\/span><span style=\"font-weight: 400;\">FCEDF<\/span><span style=\"font-weight: 400;\">) <\/span><span style=\"font-weight: 400;\">i <\/span><span style=\"font-weight: 400;\">la <\/span><span style=\"font-weight: 400;\">Federaci\u00f3 <\/span><span style=\"font-weight: 400;\">Esportiva <\/span><span style=\"font-weight: 400;\">Catalana <\/span><span style=\"font-weight: 400;\">de <\/span><span style=\"font-weight: 400;\">Paral\u00edtics <\/span><span style=\"font-weight: 400;\">Cerebrals <\/span><span style=\"font-weight: 400;\">(FECPC<\/span><span style=\"font-weight: 400;\">)<\/span><span style=\"font-weight: 400;\">.\u00a0<\/span><\/p>\n<p><span style=\"font-weight: 400;\">Els <\/span><span style=\"font-weight: 400;\">objectius <\/span><span style=\"font-weight: 400;\">del <\/span><span style=\"font-weight: 400;\">programa <\/span><span style=\"font-weight: 400;\">\u00ab<\/span><span style=\"font-weight: 400;\">Esport <\/span><span style=\"font-weight: 400;\">adaptat <\/span><span style=\"font-weight: 400;\">a <\/span><span style=\"font-weight: 400;\">l<\/span><span style=\"font-weight: 400;\">&#8216;<\/span><span style=\"font-weight: 400;\">escola<\/span><span style=\"font-weight: 400;\">\u00bb <\/span><span style=\"font-weight: 400;\">s\u00f3<\/span><span style=\"font-weight: 400;\">n<\/span><span style=\"font-weight: 400;\">:\u00a0<\/span><\/p>\n<p><span style=\"font-weight: 400;\">&#8211; <\/span><span style=\"font-weight: 400;\">Donar <\/span><span style=\"font-weight: 400;\">a <\/span><span style=\"font-weight: 400;\">con\u00e8ixer <\/span><span style=\"font-weight: 400;\">diferents <\/span><span style=\"font-weight: 400;\">modalitats <\/span><span style=\"font-weight: 400;\">esportives <\/span><span style=\"font-weight: 400;\">adaptades<\/span><span style=\"font-weight: 400;\">, <\/span><span style=\"font-weight: 400;\">diferents <\/span><span style=\"font-weight: 400;\">materials <\/span><span style=\"font-weight: 400;\">espec\u00edfics <\/span><span style=\"font-weight: 400;\">i difer\u00e8ncies <\/span><span style=\"font-weight: 400;\">r<\/span><span style=\"font-weight: 400;\">eglament\u00e0rie<\/span><span style=\"font-weight: 400;\">s <\/span><span style=\"font-weight: 400;\">o <\/span><span style=\"font-weight: 400;\">organitzativ<\/span><span style=\"font-weight: 400;\">es <\/span><span style=\"font-weight: 400;\">respecte <\/span><span style=\"font-weight: 400;\">a <\/span><span style=\"font-weight: 400;\">les <\/span><span style=\"font-weight: 400;\">modalitats <\/span><span style=\"font-weight: 400;\">esportives <\/span><span style=\"font-weight: 400;\">convencionals <\/span><span style=\"font-weight: 400;\">dels <\/span><span style=\"font-weight: 400;\">mateixos <\/span><span style=\"font-weight: 400;\">esports<\/span><span style=\"font-weight: 400;\">. <\/span><span style=\"font-weight: 400;\">&#8211; <\/span><span style=\"font-weight: 400;\">Practicar <\/span><span style=\"font-weight: 400;\">diverses <\/span><span style=\"font-weight: 400;\">modalitats <\/span><span style=\"font-weight: 400;\">esportives<\/span><span style=\"font-weight: 400;\">, <\/span><span style=\"font-weight: 400;\">en <\/span><span style=\"font-weight: 400;\">situaci\u00f3 <\/span><span style=\"font-weight: 400;\">real <\/span><span style=\"font-weight: 400;\">de <\/span><span style=\"font-weight: 400;\">joc<\/span><span style=\"font-weight: 400;\">, <\/span><span style=\"font-weight: 400;\">amb <\/span><span style=\"font-weight: 400;\">el <\/span><span style=\"font-weight: 400;\">material <\/span><span style=\"font-weight: 400;\">esportiu <\/span><span style=\"font-weight: 400;\">espec\u00edfic<\/span><span style=\"font-weight: 400;\">. <\/span><span style=\"font-weight: 400;\">&#8211; <\/span><span style=\"font-weight: 400;\">Sensibilitzar <\/span><span style=\"font-weight: 400;\">sobre <\/span><span style=\"font-weight: 400;\">la <\/span><span style=\"font-weight: 400;\">normalitat <\/span><span style=\"font-weight: 400;\">i <\/span><span style=\"font-weight: 400;\">la <\/span><span style=\"font-weight: 400;\">viabilitat <\/span><span style=\"font-weight: 400;\">de l<\/span><span style=\"font-weight: 400;\">&#8216;<\/span><span style=\"font-weight: 400;\">esport <\/span><span style=\"font-weight: 400;\">adaptat<\/span><span style=\"font-weight: 400;\">, <\/span><span style=\"font-weight: 400;\">i <\/span><span style=\"font-weight: 400;\">remarcar <\/span><span style=\"font-weight: 400;\">les <\/span><span style=\"font-weight: 400;\">dificultats <\/span><span style=\"font-weight: 400;\">i <\/span><span style=\"font-weight: 400;\">la <\/span><span style=\"font-weight: 400;\">capacitat <\/span><span style=\"font-weight: 400;\">de <\/span><span style=\"font-weight: 400;\">superaci\u00f3 <\/span><span style=\"font-weight: 400;\">dels <\/span><span style=\"font-weight: 400;\">esportistes <\/span><span style=\"font-weight: 400;\">amb <\/span><span style=\"font-weight: 400;\">diversitat<\/span><span style=\"font-weight: 400;\">.\u00a0<\/span><\/p>\n<p><span style=\"font-weight: 400;\">Aquest programa <\/span><span style=\"font-weight: 400;\">s<\/span><span style=\"font-weight: 400;\">&#8216;<\/span><span style=\"font-weight: 400;\">adre\u00e7a <\/span><span style=\"font-weight: 400;\">a <\/span><span style=\"font-weight: 400;\">alumnes <\/span><span style=\"font-weight: 400;\">del c<\/span><b>icle <\/b><b>superior <\/b><b>de prim\u00e0ria <\/b><span style=\"font-weight: 400;\">de <\/span><span style=\"font-weight: 400;\">les <\/span><span style=\"font-weight: 400;\">escoles <\/span><span style=\"font-weight: 400;\">de <\/span><span style=\"font-weight: 400;\">les <\/span><span style=\"font-weight: 400;\">comarques <\/span><span style=\"font-weight: 400;\">de <\/span><span style=\"font-weight: 400;\">Girona <\/span><span style=\"font-weight: 400;\">amb <\/span><span style=\"font-weight: 400;\">la <\/span><span style=\"font-weight: 400;\">finalitat <\/span><span style=\"font-weight: 400;\">de <\/span><span style=\"font-weight: 400;\">donar-<\/span><span style=\"font-weight: 400;\">los <\/span><span style=\"font-weight: 400;\">a <\/span><span style=\"font-weight: 400;\">con\u00e8ixer l<\/span><span style=\"font-weight: 400;\">&#8216;<\/span><span style=\"font-weight: 400;\">esport <\/span><span style=\"font-weight: 400;\">adaptat <\/span><span style=\"font-weight: 400;\">per <\/span><span style=\"font-weight: 400;\">sensibilitzar-los<\/span><span style=\"font-weight: 400;\">\u00a0<\/span><span style=\"font-weight: 400;\">de <\/span><span style=\"font-weight: 400;\">la <\/span><span style=\"font-weight: 400;\">seva <\/span><span style=\"font-weight: 400;\">normalitat <\/span><span style=\"font-weight: 400;\">i <\/span><span style=\"font-weight: 400;\">viabilitat<\/span><span style=\"font-weight: 400;\">, <\/span><span style=\"font-weight: 400;\">aix\u00ed <\/span><span style=\"font-weight: 400;\">com <\/span><span style=\"font-weight: 400;\">d<\/span><span style=\"font-weight: 400;\">&#8216;<\/span><span style=\"font-weight: 400;\">informar <\/span><span style=\"font-weight: 400;\">de <\/span><span style=\"font-weight: 400;\">les <\/span><span style=\"font-weight: 400;\">possibilitats <\/span><span style=\"font-weight: 400;\">de practicar<\/span><span style=\"font-weight: 400;\">&#8211;<\/span><span style=\"font-weight: 400;\">lo <\/span><span style=\"font-weight: 400;\">a <\/span><span style=\"font-weight: 400;\">aquelles <\/span><span style=\"font-weight: 400;\">persones <\/span><span style=\"font-weight: 400;\">que <\/span><span style=\"font-weight: 400;\">presenten discapacitat.\u00a0<\/span><\/p>\n<p>&nbsp;<\/p>\n<p>&nbsp;<\/p>\n","protected":false},"excerpt":{"rendered":"<p>PROGRAMA D&#8217;ESPORT BLANC A LES ESCOLES I SETMANA BLANCA El programa Esport Blanc Escolar (EBE) \u00e9s una iniciativa per promocionar i popularitzar els esports d\u2019hivern a Catalunya. El programa va destinat a la promoci\u00f3 de l\u2019esqu\u00ed alp\u00ed i el surf de neu a l\u2019estaci\u00f3 d\u2019esqu\u00ed de La Molina, i l\u2019esqu\u00ed de fons a l\u2019estaci\u00f3 de [&hellip;]<\/p>\n","protected":false},"author":7,"featured_media":0,"parent":2223,"menu_order":30,"comment_status":"closed","ping_status":"closed","template":"","meta":{"_bbp_topic_count":0,"_bbp_reply_count":0,"_bbp_total_topic_count":0,"_bbp_total_reply_count":0,"_bbp_voice_count":0,"_bbp_anonymous_reply_count":0,"_bbp_topic_count_hidden":0,"_bbp_reply_count_hidden":0,"_bbp_forum_subforum_count":0,"site-sidebar-layout":"default","site-content-layout":"","ast-site-content-layout":"","site-content-style":"default","site-sidebar-style":"default","ast-global-header-display":"","ast-banner-title-visibility":"","ast-main-header-display":"","ast-hfb-above-header-display":"","ast-hfb-below-header-display":"","ast-hfb-mobile-header-display":"","site-post-title":"","ast-breadcrumbs-content":"","ast-featured-img":"","footer-sml-layout":"","theme-transparent-header-meta":"","adv-header-id-meta":"","stick-header-meta":"","header-above-stick-meta":"","header-main-stick-meta":"","header-below-stick-meta":"","astra-migrate-meta-layouts":"default","ast-page-background-enabled":"default","ast-page-background-meta":{"desktop":{"background-color":"var(--ast-global-color-4)","background-image":"","background-repeat":"repeat","background-position":"center center","background-size":"auto","background-attachment":"scroll","background-type":"","background-media":"","overlay-type":"","overlay-color":"","overlay-opacity":"","overlay-gradient":""},"tablet":{"background-color":"","background-image":"","background-repeat":"repeat","background-position":"center center","background-size":"auto","background-attachment":"scroll","background-type":"","background-media":"","overlay-type":"","overlay-color":"","overlay-opacity":"","overlay-gradient":""},"mobile":{"background-color":"","background-image":"","background-repeat":"repeat","background-position":"center center","background-size":"auto","background-attachment":"scroll","background-type":"","background-media":"","overlay-type":"","overlay-color":"","overlay-opacity":"","overlay-gradient":""}},"ast-content-background-meta":{"desktop":{"background-color":"var(--ast-global-color-5)","background-image":"","background-repeat":"repeat","background-position":"center center","background-size":"auto","background-attachment":"scroll","background-type":"","background-media":"","overlay-type":"","overlay-color":"","overlay-opacity":"","overlay-gradient":""},"tablet":{"background-color":"var(--ast-global-color-5)","background-image":"","background-repeat":"repeat","background-position":"center center","background-size":"auto","background-attachment":"scroll","background-type":"","background-media":"","overlay-type":"","overlay-color":"","overlay-opacity":"","overlay-gradient":""},"mobile":{"background-color":"var(--ast-global-color-5)","background-image":"","background-repeat":"repeat","background-position":"center center","background-size":"auto","background-attachment":"scroll","background-type":"","background-media":"","overlay-type":"","overlay-color":"","overlay-opacity":"","overlay-gradient":""}},"footnotes":""},"class_list":["post-2235","page","type-page","status-publish","hentry"],"post_mailing_queue_ids":[],"_links":{"self":[{"href":"https:\/\/agora.xtec.cat\/escllumsdelnord\/wp-json\/wp\/v2\/pages\/2235","targetHints":{"allow":["GET"]}}],"collection":[{"href":"https:\/\/agora.xtec.cat\/escllumsdelnord\/wp-json\/wp\/v2\/pages"}],"about":[{"href":"https:\/\/agora.xtec.cat\/escllumsdelnord\/wp-json\/wp\/v2\/types\/page"}],"author":[{"embeddable":true,"href":"https:\/\/agora.xtec.cat\/escllumsdelnord\/wp-json\/wp\/v2\/users\/7"}],"replies":[{"embeddable":true,"href":"https:\/\/agora.xtec.cat\/escllumsdelnord\/wp-json\/wp\/v2\/comments?post=2235"}],"version-history":[{"count":7,"href":"https:\/\/agora.xtec.cat\/escllumsdelnord\/wp-json\/wp\/v2\/pages\/2235\/revisions"}],"predecessor-version":[{"id":8142,"href":"https:\/\/agora.xtec.cat\/escllumsdelnord\/wp-json\/wp\/v2\/pages\/2235\/revisions\/8142"}],"up":[{"embeddable":true,"href":"https:\/\/agora.xtec.cat\/escllumsdelnord\/wp-json\/wp\/v2\/pages\/2223"}],"wp:attachment":[{"href":"https:\/\/agora.xtec.cat\/escllumsdelnord\/wp-json\/wp\/v2\/media?parent=2235"}],"curies":[{"name":"wp","href":"https:\/\/api.w.org\/{rel}","templated":true}]}}