{"id":11976,"date":"2017-05-11T16:11:30","date_gmt":"2017-05-11T16:11:30","guid":{"rendered":"http:\/\/www.escolalesfontsgelida.cat\/?page_id=11976"},"modified":"2026-04-28T14:53:30","modified_gmt":"2026-04-28T12:53:30","slug":"documents","status":"publish","type":"page","link":"https:\/\/agora.xtec.cat\/esclesfontsgelida\/documents\/","title":{"rendered":"Documents"},"content":{"rendered":"<table style=\"border-collapse: collapse; width: 100%; height: 299px;\">\n<tbody>\n<tr style=\"height: 23px;\">\n<td style=\"width: 50%; text-align: center; height: 23px;\"><strong>ESCOLA<\/strong><\/td>\n<td style=\"width: 50%; text-align: center; height: 23px;\"><strong>FAM\u00cdLIES<\/strong><\/td>\n<\/tr>\n<tr style=\"height: 23px;\">\n<td style=\"width: 50%; text-align: center; height: 23px;\"><a href=\"https:\/\/agora.xtec.cat\/esclesfontsgelida\/wp-content\/uploads\/usu2467\/2017\/05\/PEC-Escola-Les-Fonts-Maig-2020.pdf\" target=\"_blank\" rel=\"noopener\">Projecte Educatiu de Centre<\/a><\/td>\n<td style=\"width: 50%; text-align: center; height: 23px;\"><a href=\"https:\/\/agora.xtec.cat\/esclesfontsgelida\/wp-content\/uploads\/usu2467\/2025\/12\/Calendari-escolar-curs-25-26-1-1.pdf\" target=\"_blank\" rel=\"noopener\">Calendari escolar Curs 2025-2026<\/a><\/td>\n<\/tr>\n<tr style=\"height: 23px;\">\n<td style=\"width: 50%; text-align: center; height: 23px;\"><a href=\"https:\/\/agora.xtec.cat\/esclesfontsgelida\/wp-content\/uploads\/usu2467\/2025\/12\/PLA-DATENCIO-A-LA-DIVERSISTAT-ESCOLA-LES-FONTS.docx.pdf\" target=\"_blank\" rel=\"noopener\">Pla d&#8217;atenci\u00f3 a la diversitat<\/a><\/td>\n<td style=\"width: 50%; text-align: center; height: 23px;\"><a href=\"https:\/\/agora.xtec.cat\/esclesfontsgelida\/wp-content\/uploads\/usu2467\/2026\/04\/951100_ESCOLA-LES-FONTS-DE-GELIDA_1198_202605.pdf\" target=\"_blank\" rel=\"noopener\">Men\u00fa menjador maig 2026<\/a><\/td>\n<\/tr>\n<tr style=\"height: 23px;\">\n<td style=\"width: 50%; text-align: center; height: 23px;\"><a href=\"https:\/\/agora.xtec.cat\/esclesfontsgelida\/wp-content\/uploads\/usu2467\/2025\/12\/PLA-DACOLLIDA-PROFESSIONALS.pdf\" target=\"_blank\" rel=\"noopener\">Pla d&#8217;acollida (professionals)<\/a><\/td>\n<td style=\"width: 50%; text-align: center; height: 23px;\"><a href=\"https:\/\/agora.xtec.cat\/esclesfontsgelida\/wp-content\/uploads\/usu2467\/2025\/12\/25-26-GRAELLA-SORTIDES-i-act-complementaries.docx.pdf\" target=\"_blank\" rel=\"noopener\">Graella sortides curs 2025-2026<\/a><\/td>\n<\/tr>\n<tr style=\"height: 23px;\">\n<td style=\"width: 50%; text-align: center; height: 23px;\"><a href=\"https:\/\/agora.xtec.cat\/esclesfontsgelida\/wp-content\/uploads\/usu2467\/2025\/12\/PLA-DE-COMUNICACIO.pdf\" target=\"_blank\" rel=\"noopener\">Pla de comunicaci\u00f3<\/a><\/td>\n<td style=\"width: 50%; text-align: center; height: 23px;\"><a href=\"https:\/\/agora.xtec.cat\/esclesfontsgelida\/wp-content\/uploads\/usu2467\/2025\/12\/Organigrama-mestres-25-26.docx.pdf\" target=\"_blank\" rel=\"noopener\">Organigrama 25-26<\/a><\/td>\n<\/tr>\n<tr style=\"height: 23px;\">\n<td style=\"width: 50%; text-align: center; height: 23px;\"><a href=\"https:\/\/agora.xtec.cat\/esclesfontsgelida\/wp-content\/uploads\/usu2467\/2025\/12\/Plantilla-EDC-Escola-Les-Fonts.pdf\" target=\"_blank\" rel=\"noopener\">Estrat\u00e8gia digital de centre<\/a><\/td>\n<td style=\"width: 50%; text-align: center; height: 23px;\"><a href=\"https:\/\/agora.xtec.cat\/esclesfontsgelida\/wp-content\/uploads\/usu2467\/2025\/12\/Dossier-dhabits-Familia-Escola.pdf\" target=\"_blank\" rel=\"noopener\">Dossier d&#8217;h\u00e0bits Fam\u00edlia-Escola<\/a><\/td>\n<\/tr>\n<tr style=\"height: 23px;\">\n<td style=\"width: 50%; text-align: center; height: 23px;\"><a href=\"https:\/\/agora.xtec.cat\/esclesfontsgelida\/wp-content\/uploads\/usu2467\/2025\/12\/NOFC-ESCOLA-LES-FONTS-actualitzat-juliol-2025.pdf\" target=\"_blank\" rel=\"noopener\">NOFC<\/a><\/td>\n<td style=\"width: 50%; text-align: center; height: 23px;\"><a href=\"https:\/\/agora.xtec.cat\/esclesfontsgelida\/wp-content\/uploads\/usu2467\/2017\/05\/autoritzacio-marxar-acompanyat-sol-acollida.pdf\" target=\"_blank\" rel=\"noopener\">Autoritzaci\u00f3 per marxar sol\/a, quedar-se a l&#8217;acollida, i marxar acompanyat\/da de germ\u00e0\/ana<\/a><\/td>\n<\/tr>\n<tr style=\"height: 23px;\">\n<td style=\"width: 50%; text-align: center; height: 23px;\"><a href=\"https:\/\/agora.xtec.cat\/esclesfontsgelida\/wp-content\/uploads\/usu2467\/2025\/10\/malalties.pdf\" target=\"_blank\" rel=\"noopener\">Criteris de no assist\u00e8ncia de l&#8217;alumnat a l&#8217;escola per malaltia transmissible<\/a><\/td>\n<td style=\"width: 50%; text-align: center; height: 23px;\"><a href=\"https:\/\/agora.xtec.cat\/esclesfontsgelida\/wp-content\/uploads\/usu2467\/2017\/05\/AUTORITZACIONS-RECOLLIDA.pdf\" target=\"_blank\" rel=\"noopener\">Autoritzaci\u00f3 recollida<\/a><\/td>\n<\/tr>\n<tr style=\"height: 23px;\">\n<td style=\"width: 50%; text-align: center; height: 23px;\"><a href=\"https:\/\/agora.xtec.cat\/esclesfontsgelida\/wp-content\/uploads\/usu2467\/2017\/05\/Carta-compromis-educatiu.pdf\" target=\"_blank\" rel=\"noopener\">Carta de comprom\u00eds educactiu<\/a><\/td>\n<td style=\"width: 50%; text-align: center; height: 23px;\"><a href=\"https:\/\/agora.xtec.cat\/esclesfontsgelida\/wp-content\/uploads\/usu2467\/2017\/05\/Aut-dret-imatge.pdf\" target=\"_blank\" rel=\"noopener\">Autoritzaci\u00f3 dret d&#8217;imatge<\/a><\/td>\n<\/tr>\n<tr style=\"height: 23px;\">\n<td style=\"width: 50%; text-align: center; height: 23px;\"><a href=\"https:\/\/agora.xtec.cat\/esclesfontsgelida\/wp-content\/uploads\/usu2467\/2025\/12\/PLA-DE-FUNCIONAMENT-DEL-MENJADOR-ESCOLAR.pdf\" target=\"_blank\" rel=\"noopener\">Pla de funcionament del menjador<\/a><\/td>\n<td style=\"width: 50%; text-align: center; height: 23px;\"><a href=\"https:\/\/agora.xtec.cat\/esclesfontsgelida\/wp-content\/uploads\/usu2467\/2017\/05\/Declaracio-responsable-families-infantil.pdf\" target=\"_blank\" rel=\"noopener\">Declaraci\u00f3 responsable fam\u00edlies (infantil)<\/a><\/td>\n<\/tr>\n<tr style=\"height: 23px;\">\n<td style=\"width: 50%; text-align: center; height: 23px;\"><a href=\"https:\/\/agora.xtec.cat\/esclesfontsgelida\/wp-content\/uploads\/usu2467\/2025\/12\/Pla_Funcionament_Transport_Escolar_Les-Fonts.docx.pdf\" target=\"_blank\" rel=\"noopener\">Pla de funcionament del transport escolar<\/a><\/td>\n<td style=\"width: 50%; text-align: center; height: 23px;\"><a href=\"https:\/\/agora.xtec.cat\/esclesfontsgelida\/wp-content\/uploads\/usu2467\/2017\/05\/Declaracio-responsable-families-primaria.pdf\" target=\"_blank\" rel=\"noopener\">Declaraci\u00f3 responsable fam\u00edlies (prim\u00e0ria)<\/a><\/td>\n<\/tr>\n<tr style=\"height: 23px;\">\n<td style=\"width: 50%; text-align: center; height: 23px;\"><a href=\"https:\/\/agora.xtec.cat\/esclesfontsgelida\/wp-content\/uploads\/usu2467\/2017\/05\/Projecte-LIC-2018-2019-1.pdf\" target=\"_blank\" rel=\"noopener\">Projecte Ling\u00fc\u00edstic<\/a><\/td>\n<td style=\"width: 50%; text-align: center; height: 23px;\"><a href=\"https:\/\/agora.xtec.cat\/esclesfontsgelida\/wp-content\/uploads\/usu2467\/2017\/05\/mail-i-telefons-families.pdf\" target=\"_blank\" rel=\"noopener\">Formulari dades<\/a><\/td>\n<\/tr>\n<tr style=\"height: 23px;\">\n<td style=\"width: 50%; text-align: center; height: 23px;\"><a href=\"https:\/\/agora.xtec.cat\/esclesfontsgelida\/wp-content\/uploads\/usu2467\/2021\/11\/PROJECTE-CONVIVENCIA-novembre-2021.pdf\" target=\"_blank\" rel=\"noopener\">Projecte de conviv\u00e8ncia<\/a><\/td>\n<td style=\"width: 50%; text-align: center; height: 23px;\"><a href=\"https:\/\/agora.xtec.cat\/esclesfontsgelida\/wp-content\/uploads\/usu2467\/2017\/05\/OBSERVACIONS-MEDIQUES.pdf\" target=\"_blank\" rel=\"noopener\">Observacions m\u00e8diques<\/a><\/td>\n<\/tr>\n<\/tbody>\n<\/table>\n","protected":false},"excerpt":{"rendered":"<p>ESCOLA FAM\u00cdLIES Projecte Educatiu de Centre Calendari escolar Curs 2025-2026 Pla d&#8217;atenci\u00f3 a la diversitat Men\u00fa menjador maig 2026 Pla d&#8217;acollida (professionals) Graella sortides curs 2025-2026 Pla de comunicaci\u00f3 Organigrama 25-26 Estrat\u00e8gia digital de centre Dossier d&#8217;h\u00e0bits Fam\u00edlia-Escola NOFC Autoritzaci\u00f3 per marxar sol\/a, quedar-se a l&#8217;acollida, i marxar acompanyat\/da de germ\u00e0\/ana Criteris de no assist\u00e8ncia [&hellip;]<\/p>\n","protected":false},"author":1,"featured_media":0,"parent":0,"menu_order":22,"comment_status":"closed","ping_status":"closed","template":"","meta":{"site-sidebar-layout":"default","site-content-layout":"","ast-site-content-layout":"default","site-content-style":"default","site-sidebar-style":"default","ast-global-header-display":"","ast-banner-title-visibility":"","ast-main-header-display":"","ast-hfb-above-header-display":"","ast-hfb-below-header-display":"","ast-hfb-mobile-header-display":"","site-post-title":"","ast-breadcrumbs-content":"","ast-featured-img":"","footer-sml-layout":"","theme-transparent-header-meta":"","adv-header-id-meta":"","stick-header-meta":"","header-above-stick-meta":"","header-main-stick-meta":"","header-below-stick-meta":"","astra-migrate-meta-layouts":"set","ast-page-background-enabled":"default","ast-page-background-meta":{"desktop":{"background-color":"var(--ast-global-color-4)","background-image":"","background-repeat":"repeat","background-position":"center center","background-size":"auto","background-attachment":"scroll","background-type":"","background-media":"","overlay-type":"","overlay-color":"","overlay-opacity":"","overlay-gradient":""},"tablet":{"background-color":"","background-image":"","background-repeat":"repeat","background-position":"center center","background-size":"auto","background-attachment":"scroll","background-type":"","background-media":"","overlay-type":"","overlay-color":"","overlay-opacity":"","overlay-gradient":""},"mobile":{"background-color":"","background-image":"","background-repeat":"repeat","background-position":"center center","background-size":"auto","background-attachment":"scroll","background-type":"","background-media":"","overlay-type":"","overlay-color":"","overlay-opacity":"","overlay-gradient":""}},"ast-content-background-meta":{"desktop":{"background-color":"var(--ast-global-color-5)","background-image":"","background-repeat":"repeat","background-position":"center center","background-size":"auto","background-attachment":"scroll","background-type":"","background-media":"","overlay-type":"","overlay-color":"","overlay-opacity":"","overlay-gradient":""},"tablet":{"background-color":"var(--ast-global-color-5)","background-image":"","background-repeat":"repeat","background-position":"center center","background-size":"auto","background-attachment":"scroll","background-type":"","background-media":"","overlay-type":"","overlay-color":"","overlay-opacity":"","overlay-gradient":""},"mobile":{"background-color":"var(--ast-global-color-5)","background-image":"","background-repeat":"repeat","background-position":"center center","background-size":"auto","background-attachment":"scroll","background-type":"","background-media":"","overlay-type":"","overlay-color":"","overlay-opacity":"","overlay-gradient":""}},"footnotes":""},"class_list":["post-11976","page","type-page","status-publish","hentry"],"post_mailing_queue_ids":[],"_links":{"self":[{"href":"https:\/\/agora.xtec.cat\/esclesfontsgelida\/wp-json\/wp\/v2\/pages\/11976","targetHints":{"allow":["GET"]}}],"collection":[{"href":"https:\/\/agora.xtec.cat\/esclesfontsgelida\/wp-json\/wp\/v2\/pages"}],"about":[{"href":"https:\/\/agora.xtec.cat\/esclesfontsgelida\/wp-json\/wp\/v2\/types\/page"}],"author":[{"embeddable":true,"href":"https:\/\/agora.xtec.cat\/esclesfontsgelida\/wp-json\/wp\/v2\/users\/1"}],"replies":[{"embeddable":true,"href":"https:\/\/agora.xtec.cat\/esclesfontsgelida\/wp-json\/wp\/v2\/comments?post=11976"}],"version-history":[{"count":6,"href":"https:\/\/agora.xtec.cat\/esclesfontsgelida\/wp-json\/wp\/v2\/pages\/11976\/revisions"}],"predecessor-version":[{"id":196056,"href":"https:\/\/agora.xtec.cat\/esclesfontsgelida\/wp-json\/wp\/v2\/pages\/11976\/revisions\/196056"}],"wp:attachment":[{"href":"https:\/\/agora.xtec.cat\/esclesfontsgelida\/wp-json\/wp\/v2\/media?parent=11976"}],"curies":[{"name":"wp","href":"https:\/\/api.w.org\/{rel}","templated":true}]}}