{"id":797,"date":"2019-03-31T17:33:52","date_gmt":"2019-03-31T15:33:52","guid":{"rendered":"https:\/\/agora.xtec.cat\/esclescomesrodonya\/?page_id=797"},"modified":"2019-11-11T15:51:26","modified_gmt":"2019-11-11T14:51:26","slug":"projecte-linguistic","status":"publish","type":"page","link":"https:\/\/agora.xtec.cat\/esclescomesrodonya\/documents-de-centre\/projecte-linguistic\/","title":{"rendered":"Projecte ling\u00fc\u00edstic"},"content":{"rendered":"<p>El projecte ling\u00fc\u00edstic es concreta a partir de la realitat socioling\u00fc\u00edstica de l\u2019entorn i d\u2019acord amb el r\u00e8gim ling\u00fc\u00edstic del sistema educatiu establert a les lleis. El projecte ling\u00fc\u00edstic d\u00f3na criteri amb relaci\u00f3 al tractament i l\u2019\u00fas de les lleng\u00fces en el centre i recull els aspectes que determinen les lleis sobre la utilitzaci\u00f3 normal de catal\u00e0 com a llengua vehicular i d\u2019aprenentatge.<\/p>\n<p>Aquest Projecte Ling\u00fc\u00edstic forma part del Projecte Educatiu i t\u00e9 present tant el marc legal com la diagnosi de la realitat del centre. Defineix grans temes: el paper de la llengua vehicular, el tractament de les lleng\u00fces curriculars i els aspectes d\u2019organitzaci\u00f3 i de gesti\u00f3 que tinguin repercussions ling\u00fc\u00edstiques.\u00a0 Els principis expressats en el PLC es desenvolupen en la resta de documents de gesti\u00f3 del centre i es concreten en la programaci\u00f3 general de cada curs.<\/p>\n<p><a href=\"https:\/\/drive.google.com\/file\/d\/1WJKH3Rf4eaBeZ8I9kLlwWmWRRDVQXTWx\/view\">PROJECTE LING\u00dc\u00cdSTIC<\/a><\/p>\n","protected":false},"excerpt":{"rendered":"<p>El projecte ling\u00fc\u00edstic es concreta a partir de la realitat socioling\u00fc\u00edstica de l\u2019entorn i d\u2019acord amb el r\u00e8gim ling\u00fc\u00edstic del sistema educatiu establert a les lleis. El projecte ling\u00fc\u00edstic d\u00f3na criteri amb relaci\u00f3 al tractament i l\u2019\u00fas de les lleng\u00fces en el centre i recull&hellip;  <a href=\"https:\/\/agora.xtec.cat\/esclescomesrodonya\/documents-de-centre\/projecte-linguistic\/\" title=\"Read Projecte ling\u00fc\u00edstic\">Llegeix m\u00e9s\u00bb<\/a><\/p>\n","protected":false},"author":1,"featured_media":0,"parent":781,"menu_order":60,"comment_status":"closed","ping_status":"closed","template":"page-templates\/side-menu.php","meta":{"_bbp_topic_count":0,"_bbp_reply_count":0,"_bbp_total_topic_count":0,"_bbp_total_reply_count":0,"_bbp_voice_count":0,"_bbp_anonymous_reply_count":0,"_bbp_topic_count_hidden":0,"_bbp_reply_count_hidden":0,"_bbp_forum_subforum_count":0,"footnotes":""},"class_list":["post-797","page","type-page","status-publish","hentry"],"post_mailing_queue_ids":[],"_links":{"self":[{"href":"https:\/\/agora.xtec.cat\/esclescomesrodonya\/wp-json\/wp\/v2\/pages\/797","targetHints":{"allow":["GET"]}}],"collection":[{"href":"https:\/\/agora.xtec.cat\/esclescomesrodonya\/wp-json\/wp\/v2\/pages"}],"about":[{"href":"https:\/\/agora.xtec.cat\/esclescomesrodonya\/wp-json\/wp\/v2\/types\/page"}],"author":[{"embeddable":true,"href":"https:\/\/agora.xtec.cat\/esclescomesrodonya\/wp-json\/wp\/v2\/users\/1"}],"replies":[{"embeddable":true,"href":"https:\/\/agora.xtec.cat\/esclescomesrodonya\/wp-json\/wp\/v2\/comments?post=797"}],"version-history":[{"count":3,"href":"https:\/\/agora.xtec.cat\/esclescomesrodonya\/wp-json\/wp\/v2\/pages\/797\/revisions"}],"predecessor-version":[{"id":9150,"href":"https:\/\/agora.xtec.cat\/esclescomesrodonya\/wp-json\/wp\/v2\/pages\/797\/revisions\/9150"}],"up":[{"embeddable":true,"href":"https:\/\/agora.xtec.cat\/esclescomesrodonya\/wp-json\/wp\/v2\/pages\/781"}],"wp:attachment":[{"href":"https:\/\/agora.xtec.cat\/esclescomesrodonya\/wp-json\/wp\/v2\/media?parent=797"}],"curies":[{"name":"wp","href":"https:\/\/api.w.org\/{rel}","templated":true}]}}