{"id":64,"date":"2014-09-18T12:39:08","date_gmt":"2014-09-18T11:39:08","guid":{"rendered":"http:\/\/agora.xtec.cat\/esclescomesrodonya\/?page_id=64"},"modified":"2019-12-18T13:41:10","modified_gmt":"2019-12-18T12:41:10","slug":"projecte-educatiu-2","status":"publish","type":"page","link":"https:\/\/agora.xtec.cat\/esclescomesrodonya\/documents-de-centre\/projecte-educatiu-2\/","title":{"rendered":"Projecte Educatiu de Centre"},"content":{"rendered":"<p>El Projecte Educatiu de Centre pret\u00e9n ser una proposta integral, d\u2019\u00e0mbit pedag\u00f2gic, de govern institucional, administratiu, hum\u00e0 i de serveis, que permeti dirigir amb coher\u00e8ncia tot el proc\u00e9s d\u2019intervenci\u00f3 educativa i que serveixi de punt de refer\u00e8ncia constant en les actuacions de tots els membres que formen part de la comunitat escolar, ja que es pret\u00e9n que tots els espais siguin educatius. Si el voleu llegir podeu clicar l&#8217;enlla\u00e7:<\/p>\n<p><a href=\"https:\/\/drive.google.com\/file\/d\/1e8j3TrnMP8k8C_qSRxu87qPckPc--POP\/view?usp=sharing\">PEC<\/a><\/p>\n<p>&nbsp;<\/p>\n","protected":false},"excerpt":{"rendered":"<p>El Projecte Educatiu de Centre pret\u00e9n ser una proposta integral, d\u2019\u00e0mbit pedag\u00f2gic, de govern institucional, administratiu, hum\u00e0 i de serveis, que permeti dirigir amb coher\u00e8ncia tot el proc\u00e9s d\u2019intervenci\u00f3 educativa i que serveixi de punt de refer\u00e8ncia constant en les actuacions de tots els membres&hellip;  <a href=\"https:\/\/agora.xtec.cat\/esclescomesrodonya\/documents-de-centre\/projecte-educatiu-2\/\" title=\"Read Projecte Educatiu de Centre\">Llegeix m\u00e9s\u00bb<\/a><\/p>\n","protected":false},"author":1,"featured_media":0,"parent":781,"menu_order":0,"comment_status":"closed","ping_status":"closed","template":"page-templates\/side-menu.php","meta":{"_bbp_topic_count":0,"_bbp_reply_count":0,"_bbp_total_topic_count":0,"_bbp_total_reply_count":0,"_bbp_voice_count":0,"_bbp_anonymous_reply_count":0,"_bbp_topic_count_hidden":0,"_bbp_reply_count_hidden":0,"_bbp_forum_subforum_count":0,"footnotes":""},"class_list":["post-64","page","type-page","status-publish","hentry"],"post_mailing_queue_ids":[],"_links":{"self":[{"href":"https:\/\/agora.xtec.cat\/esclescomesrodonya\/wp-json\/wp\/v2\/pages\/64","targetHints":{"allow":["GET"]}}],"collection":[{"href":"https:\/\/agora.xtec.cat\/esclescomesrodonya\/wp-json\/wp\/v2\/pages"}],"about":[{"href":"https:\/\/agora.xtec.cat\/esclescomesrodonya\/wp-json\/wp\/v2\/types\/page"}],"author":[{"embeddable":true,"href":"https:\/\/agora.xtec.cat\/esclescomesrodonya\/wp-json\/wp\/v2\/users\/1"}],"replies":[{"embeddable":true,"href":"https:\/\/agora.xtec.cat\/esclescomesrodonya\/wp-json\/wp\/v2\/comments?post=64"}],"version-history":[{"count":3,"href":"https:\/\/agora.xtec.cat\/esclescomesrodonya\/wp-json\/wp\/v2\/pages\/64\/revisions"}],"predecessor-version":[{"id":9317,"href":"https:\/\/agora.xtec.cat\/esclescomesrodonya\/wp-json\/wp\/v2\/pages\/64\/revisions\/9317"}],"up":[{"embeddable":true,"href":"https:\/\/agora.xtec.cat\/esclescomesrodonya\/wp-json\/wp\/v2\/pages\/781"}],"wp:attachment":[{"href":"https:\/\/agora.xtec.cat\/esclescomesrodonya\/wp-json\/wp\/v2\/media?parent=64"}],"curies":[{"name":"wp","href":"https:\/\/api.w.org\/{rel}","templated":true}]}}