{"id":11297,"date":"2023-02-15T13:32:59","date_gmt":"2023-02-15T12:32:59","guid":{"rendered":"https:\/\/agora.xtec.cat\/esclescomesrodonya\/?page_id=11297"},"modified":"2023-03-24T15:54:40","modified_gmt":"2023-03-24T14:54:40","slug":"cancons-i-videos-que-treballem-a-lescola","status":"publish","type":"page","link":"https:\/\/agora.xtec.cat\/esclescomesrodonya\/cancons-i-videos-que-treballem-a-lescola\/","title":{"rendered":"CAN\u00c7ONS I V\u00cdDEOS QUE TREBALLEM A L&#8217;ESCOLA"},"content":{"rendered":"<p>En aquesta p\u00e0gina podeu trobar els enlla\u00e7os dels v\u00eddeos de les can\u00e7ons que es treballen a les diferents \u00e0rees i a l&#8217;escola:<\/p>\n<p><strong>EDUCACI\u00d3 INFANTIL<\/strong><\/p>\n<table style=\"border-collapse: collapse; width: 100%;\">\n<tbody>\n<tr>\n<td style=\"width: 33.3333%;\"><a href=\"https:\/\/docs.google.com\/document\/d\/1MHHsny4cGYbQgN80Ra8G88G32ryMhQNqhTfgtE8OJBk\/edit?usp=sharing\"><img loading=\"lazy\" decoding=\"async\" class=\"aligncenter wp-image-11361 size-full\" src=\"https:\/\/agora.xtec.cat\/esclescomesrodonya\/wp-content\/uploads\/usu1986\/2023\/03\/1.png\" alt=\"\" width=\"2000\" height=\"1250\" srcset=\"https:\/\/agora.xtec.cat\/esclescomesrodonya\/wp-content\/uploads\/usu1986\/2023\/03\/1.png 2000w, https:\/\/agora.xtec.cat\/esclescomesrodonya\/wp-content\/uploads\/usu1986\/2023\/03\/1-300x188.png 300w, https:\/\/agora.xtec.cat\/esclescomesrodonya\/wp-content\/uploads\/usu1986\/2023\/03\/1-1024x640.png 1024w, https:\/\/agora.xtec.cat\/esclescomesrodonya\/wp-content\/uploads\/usu1986\/2023\/03\/1-150x94.png 150w, https:\/\/agora.xtec.cat\/esclescomesrodonya\/wp-content\/uploads\/usu1986\/2023\/03\/1-768x480.png 768w, https:\/\/agora.xtec.cat\/esclescomesrodonya\/wp-content\/uploads\/usu1986\/2023\/03\/1-1536x960.png 1536w\" sizes=\"auto, (max-width: 2000px) 100vw, 2000px\" \/><\/a><\/td>\n<td style=\"width: 33.3333%;\"><a href=\"https:\/\/docs.google.com\/document\/d\/1aTtiVUghPsvim_Hf9qrdDS8mizfRUqg6F7uc6unueT8\/edit?usp=sharing\"><img loading=\"lazy\" decoding=\"async\" class=\"aligncenter size-full wp-image-11362\" src=\"https:\/\/agora.xtec.cat\/esclescomesrodonya\/wp-content\/uploads\/usu1986\/2023\/03\/2.png\" alt=\"\" width=\"2000\" height=\"1250\" srcset=\"https:\/\/agora.xtec.cat\/esclescomesrodonya\/wp-content\/uploads\/usu1986\/2023\/03\/2.png 2000w, https:\/\/agora.xtec.cat\/esclescomesrodonya\/wp-content\/uploads\/usu1986\/2023\/03\/2-300x188.png 300w, https:\/\/agora.xtec.cat\/esclescomesrodonya\/wp-content\/uploads\/usu1986\/2023\/03\/2-1024x640.png 1024w, https:\/\/agora.xtec.cat\/esclescomesrodonya\/wp-content\/uploads\/usu1986\/2023\/03\/2-150x94.png 150w, https:\/\/agora.xtec.cat\/esclescomesrodonya\/wp-content\/uploads\/usu1986\/2023\/03\/2-768x480.png 768w, https:\/\/agora.xtec.cat\/esclescomesrodonya\/wp-content\/uploads\/usu1986\/2023\/03\/2-1536x960.png 1536w\" sizes=\"auto, (max-width: 2000px) 100vw, 2000px\" \/><\/a><\/td>\n<td style=\"width: 33.3333%;\"><a href=\"https:\/\/docs.google.com\/document\/d\/1h4G9gpp9omcEhWAvjfHzRpupCnx3_DAU\/edit?usp=sharing&amp;ouid=103381824887904158968&amp;rtpof=true&amp;sd=true\"><img loading=\"lazy\" decoding=\"async\" class=\"aligncenter size-full wp-image-11364\" src=\"https:\/\/agora.xtec.cat\/esclescomesrodonya\/wp-content\/uploads\/usu1986\/2023\/03\/4.png\" alt=\"\" width=\"2000\" height=\"1250\" srcset=\"https:\/\/agora.xtec.cat\/esclescomesrodonya\/wp-content\/uploads\/usu1986\/2023\/03\/4.png 2000w, https:\/\/agora.xtec.cat\/esclescomesrodonya\/wp-content\/uploads\/usu1986\/2023\/03\/4-300x188.png 300w, https:\/\/agora.xtec.cat\/esclescomesrodonya\/wp-content\/uploads\/usu1986\/2023\/03\/4-1024x640.png 1024w, https:\/\/agora.xtec.cat\/esclescomesrodonya\/wp-content\/uploads\/usu1986\/2023\/03\/4-150x94.png 150w, https:\/\/agora.xtec.cat\/esclescomesrodonya\/wp-content\/uploads\/usu1986\/2023\/03\/4-768x480.png 768w, https:\/\/agora.xtec.cat\/esclescomesrodonya\/wp-content\/uploads\/usu1986\/2023\/03\/4-1536x960.png 1536w\" sizes=\"auto, (max-width: 2000px) 100vw, 2000px\" \/><\/a><\/td>\n<\/tr>\n<tr>\n<td style=\"width: 33.3333%; text-align: center;\"><a href=\"https:\/\/docs.google.com\/document\/d\/1MHHsny4cGYbQgN80Ra8G88G32ryMhQNqhTfgtE8OJBk\/edit?usp=sharing\"><strong>LLAR D&#8217;INFANTS<\/strong><\/a><\/td>\n<td style=\"width: 33.3333%; text-align: center;\"><a href=\"https:\/\/docs.google.com\/document\/d\/1aTtiVUghPsvim_Hf9qrdDS8mizfRUqg6F7uc6unueT8\/edit?usp=sharing\"><strong>M\u00daSICA A EDUCACI\u00d3 INFANTIL\u00a0<\/strong><\/a><\/td>\n<td style=\"width: 33.3333%; text-align: center;\"><a href=\"https:\/\/docs.google.com\/document\/d\/1h4G9gpp9omcEhWAvjfHzRpupCnx3_DAU\/edit?usp=sharing&amp;ouid=103381824887904158968&amp;rtpof=true&amp;sd=true\"><strong>ANGL\u00c8S A EDUCACI\u00d3 INFANTIL\u00a0<\/strong><\/a><\/td>\n<\/tr>\n<\/tbody>\n<\/table>\n<p><strong>EDUCACI\u00d3 PRIM\u00c0RIA<\/strong><\/p>\n<table style=\"border-collapse: collapse; width: 100%;\">\n<tbody>\n<tr>\n<td style=\"width: 42.8809%;\"><a href=\"https:\/\/docs.google.com\/document\/d\/17Q0UkVgUUykRiYJ8bY_Omgy78bopojL2Rm8OCbvksjs\/edit?usp=sharing\"><img loading=\"lazy\" decoding=\"async\" class=\"aligncenter wp-image-11365\" src=\"https:\/\/agora.xtec.cat\/esclescomesrodonya\/wp-content\/uploads\/usu1986\/2023\/03\/5.png\" alt=\"\" width=\"400\" height=\"250\" srcset=\"https:\/\/agora.xtec.cat\/esclescomesrodonya\/wp-content\/uploads\/usu1986\/2023\/03\/5.png 2000w, https:\/\/agora.xtec.cat\/esclescomesrodonya\/wp-content\/uploads\/usu1986\/2023\/03\/5-300x188.png 300w, https:\/\/agora.xtec.cat\/esclescomesrodonya\/wp-content\/uploads\/usu1986\/2023\/03\/5-1024x640.png 1024w, https:\/\/agora.xtec.cat\/esclescomesrodonya\/wp-content\/uploads\/usu1986\/2023\/03\/5-150x94.png 150w, https:\/\/agora.xtec.cat\/esclescomesrodonya\/wp-content\/uploads\/usu1986\/2023\/03\/5-768x480.png 768w, https:\/\/agora.xtec.cat\/esclescomesrodonya\/wp-content\/uploads\/usu1986\/2023\/03\/5-1536x960.png 1536w\" sizes=\"auto, (max-width: 400px) 100vw, 400px\" \/><\/a><\/td>\n<td style=\"width: 57.1191%;\"><a href=\"https:\/\/docs.google.com\/document\/d\/1QuaFK0SKo5MTQRHFDX0S1LEpIr9hKd07qPWvam258O0\/edit?usp=share_link\"><img loading=\"lazy\" decoding=\"async\" class=\"aligncenter wp-image-11363\" src=\"https:\/\/agora.xtec.cat\/esclescomesrodonya\/wp-content\/uploads\/usu1986\/2023\/03\/3.png\" alt=\"\" width=\"400\" height=\"250\" srcset=\"https:\/\/agora.xtec.cat\/esclescomesrodonya\/wp-content\/uploads\/usu1986\/2023\/03\/3.png 2000w, https:\/\/agora.xtec.cat\/esclescomesrodonya\/wp-content\/uploads\/usu1986\/2023\/03\/3-300x188.png 300w, https:\/\/agora.xtec.cat\/esclescomesrodonya\/wp-content\/uploads\/usu1986\/2023\/03\/3-1024x640.png 1024w, https:\/\/agora.xtec.cat\/esclescomesrodonya\/wp-content\/uploads\/usu1986\/2023\/03\/3-150x94.png 150w, https:\/\/agora.xtec.cat\/esclescomesrodonya\/wp-content\/uploads\/usu1986\/2023\/03\/3-768x480.png 768w, https:\/\/agora.xtec.cat\/esclescomesrodonya\/wp-content\/uploads\/usu1986\/2023\/03\/3-1536x960.png 1536w\" sizes=\"auto, (max-width: 400px) 100vw, 400px\" \/><\/a><\/td>\n<\/tr>\n<tr>\n<td style=\"width: 42.8809%; text-align: center;\"><a href=\"https:\/\/docs.google.com\/document\/d\/17Q0UkVgUUykRiYJ8bY_Omgy78bopojL2Rm8OCbvksjs\/edit?usp=sharing\"><strong>ANGL\u00c8S A CICLE INICIAL<\/strong><\/a><\/td>\n<td style=\"width: 57.1191%; text-align: center;\"><a href=\"https:\/\/docs.google.com\/document\/d\/1QuaFK0SKo5MTQRHFDX0S1LEpIr9hKd07qPWvam258O0\/edit?usp=share_link\"><strong>M\u00daSICA A EDUCACI\u00d3 PRIM\u00c0RIA<\/strong><\/a><\/td>\n<\/tr>\n<\/tbody>\n<\/table>\n<p>&nbsp;<\/p>\n<p><strong>ENTRADES I SORTIDES ESCOLA<\/strong><\/p>\n<p>Durant la jornada escolar sonen m\u00fasiques a les hores d&#8217;entrada i sortida. Cada classe o cicle escull les can\u00e7ons d&#8217;un tema escollit. Aquest any es treballen els <strong>MUSICALS<\/strong>.<\/p>\n<ul>\n<li>setembre: Mar i cel<\/li>\n<li>octubre: La m\u00e0quina del temps<\/li>\n<li>novembre: Coco<\/li>\n<li>desembre: El petit pr\u00edncep<\/li>\n<li>gener: Mamma Mia<\/li>\n<li>febrer: Annie<\/li>\n<li>mar\u00e7: El rei lle\u00f3<\/li>\n<li>abril: Cop de rock<\/li>\n<li>maig: Grease<\/li>\n<li>juny: Nit de Sant Joan<\/li>\n<\/ul>\n<p>&nbsp;<\/p>\n","protected":false},"excerpt":{"rendered":"<p>En aquesta p\u00e0gina podeu trobar els enlla\u00e7os dels v\u00eddeos de les can\u00e7ons que es treballen a les diferents \u00e0rees i a l&#8217;escola:<br \/>\nEDUCACI\u00d3 INFANTIL<\/p>\n<p><a href=\"https:\/\/docs.google.com\/document\/d\/1MHHsny4cGYbQgN80Ra8G88G32ryMhQNqhTfgtE8OJBk\/edit?usp=sharing\"><\/a><br \/>\n<a href=\"https:\/\/docs.google.com\/document\/d\/1aTtiVUghPsvim_Hf9qrdDS8mizfRUqg6F7uc6unueT8\/edit?usp=sharing\"><\/a><br \/>\n<a href=\"https:\/\/docs.google.com\/document\/d\/1h4G9gpp9omcEhWAvjfHzRpupCnx3_DAU\/edit?usp=sharing&amp;ouid=103381824887904158968&amp;rtpof=true&amp;sd=true\"><\/a><\/p>\n<p><a href=\"https:\/\/docs.google.com\/document\/d\/1MHHsny4cGYbQgN80Ra8G88G32ryMhQNqhTfgtE8OJBk\/edit?usp=sharing\">LLAR D&#8217;INFANTS<\/a><br \/>\n<a href=\"https:\/\/docs.google.com\/document\/d\/1aTtiVUghPsvim_Hf9qrdDS8mizfRUqg6F7uc6unueT8\/edit?usp=sharing\">M\u00daSICA A EDUCACI\u00d3 INFANTIL\u00a0<\/a><br \/>\n<a href=\"https:\/\/docs.google.com\/document\/d\/1h4G9gpp9omcEhWAvjfHzRpupCnx3_DAU\/edit?usp=sharing&amp;ouid=103381824887904158968&amp;rtpof=true&amp;sd=true\">ANGL\u00c8S A EDUCACI\u00d3 INFANTIL\u00a0<\/a><\/p>\n<p>EDUCACI\u00d3 PRIM\u00c0RIA<\/p>\n<p><a href=\"https:\/\/docs.google.com\/document\/d\/17Q0UkVgUUykRiYJ8bY_Omgy78bopojL2Rm8OCbvksjs\/edit?usp=sharing\"><\/a><br \/>\n<a href=\"https:\/\/docs.google.com\/document\/d\/1QuaFK0SKo5MTQRHFDX0S1LEpIr9hKd07qPWvam258O0\/edit?usp=share_link\"><\/a><\/p>\n<p><a href=\"https:\/\/docs.google.com\/document\/d\/17Q0UkVgUUykRiYJ8bY_Omgy78bopojL2Rm8OCbvksjs\/edit?usp=sharing\">ANGL\u00c8S A CICLE INICIAL<\/a><br \/>\n<a href=\"https:\/\/docs.google.com\/document\/d\/1QuaFK0SKo5MTQRHFDX0S1LEpIr9hKd07qPWvam258O0\/edit?usp=share_link\">M\u00daSICA A&hellip;  <a href=\"https:\/\/agora.xtec.cat\/esclescomesrodonya\/cancons-i-videos-que-treballem-a-lescola\/\" title=\"Read CAN\u00c7ONS I V\u00cdDEOS QUE TREBALLEM A L&#8217;ESCOLA\">Llegeix m\u00e9s\u00bb<\/a><\/p>\n","protected":false},"author":1,"featured_media":0,"parent":0,"menu_order":0,"comment_status":"closed","ping_status":"closed","template":"","meta":{"_bbp_topic_count":0,"_bbp_reply_count":0,"_bbp_total_topic_count":0,"_bbp_total_reply_count":0,"_bbp_voice_count":0,"_bbp_anonymous_reply_count":0,"_bbp_topic_count_hidden":0,"_bbp_reply_count_hidden":0,"_bbp_forum_subforum_count":0,"footnotes":""},"class_list":["post-11297","page","type-page","status-publish","hentry"],"post_mailing_queue_ids":[],"_links":{"self":[{"href":"https:\/\/agora.xtec.cat\/esclescomesrodonya\/wp-json\/wp\/v2\/pages\/11297","targetHints":{"allow":["GET"]}}],"collection":[{"href":"https:\/\/agora.xtec.cat\/esclescomesrodonya\/wp-json\/wp\/v2\/pages"}],"about":[{"href":"https:\/\/agora.xtec.cat\/esclescomesrodonya\/wp-json\/wp\/v2\/types\/page"}],"author":[{"embeddable":true,"href":"https:\/\/agora.xtec.cat\/esclescomesrodonya\/wp-json\/wp\/v2\/users\/1"}],"replies":[{"embeddable":true,"href":"https:\/\/agora.xtec.cat\/esclescomesrodonya\/wp-json\/wp\/v2\/comments?post=11297"}],"version-history":[{"count":3,"href":"https:\/\/agora.xtec.cat\/esclescomesrodonya\/wp-json\/wp\/v2\/pages\/11297\/revisions"}],"predecessor-version":[{"id":11302,"href":"https:\/\/agora.xtec.cat\/esclescomesrodonya\/wp-json\/wp\/v2\/pages\/11297\/revisions\/11302"}],"wp:attachment":[{"href":"https:\/\/agora.xtec.cat\/esclescomesrodonya\/wp-json\/wp\/v2\/media?parent=11297"}],"curies":[{"name":"wp","href":"https:\/\/api.w.org\/{rel}","templated":true}]}}