{"id":26,"date":"2014-09-18T12:24:32","date_gmt":"2014-09-18T11:24:32","guid":{"rendered":"http:\/\/agora.xtec.cat\/esclesciencies\/?page_id=26"},"modified":"2016-06-05T15:37:22","modified_gmt":"2016-06-05T14:37:22","slug":"historia","status":"publish","type":"page","link":"https:\/\/agora.xtec.cat\/esclesciencies\/lescola\/historia\/","title":{"rendered":"Hist\u00f2ria"},"content":{"rendered":"<p>L\u2019escola Les Ci\u00e8ncies \u00e9s un centre educatiu d&#8217;una l\u00ednia i de titularitat p\u00fablica. Es va crear el curs 2009-2010 per la necessitat d\u2019escolaritzaci\u00f3 de la zona 5 de Badalona. En aquells moments l&#8217;escola s&#8217;anomenava Bufal\u00e0 II i estava ubicada al carrer Mol\u00ed de la Torre 96 en uns m\u00f2duls situats al costat de l&#8217;Escola Bufal\u00e0.<br \/>\nL&#8217;escola es va iniciar amb dos grups de P3 i un de P4.<br \/>\nL&#8217;escola ofereix servei de menjador amb cuina pr\u00f2pia. L&#8217;AMPA gestiona les activitats extraescolars, la socialitzaci\u00f3 de llibres i altres serveis adre\u00e7ats a la comunitat escolar.<\/p>\n","protected":false},"excerpt":{"rendered":"<p>L\u2019escola Les Ci\u00e8ncies \u00e9s un centre educatiu d&#8217;una l\u00ednia i de titularitat p\u00fablica. Es va crear el curs 2009-2010 per la necessitat d\u2019escolaritzaci\u00f3 de la zona 5 de Badalona. En aquells moments l&#8217;escola s&#8217;anomenava Bufal\u00e0 II i estava ubicada al carrer Mol\u00ed de la Torre&hellip;  <a href=\"https:\/\/agora.xtec.cat\/esclesciencies\/lescola\/historia\/\" title=\"Read Hist\u00f2ria\">Llegeix m\u00e9s\u00bb<\/a><\/p>\n","protected":false},"author":1,"featured_media":0,"parent":22,"menu_order":20,"comment_status":"closed","ping_status":"closed","template":"page-templates\/side-menu.php","meta":{"_bbp_topic_count":0,"_bbp_reply_count":0,"_bbp_total_topic_count":0,"_bbp_total_reply_count":0,"_bbp_voice_count":0,"_bbp_anonymous_reply_count":0,"_bbp_topic_count_hidden":0,"_bbp_reply_count_hidden":0,"_bbp_forum_subforum_count":0,"footnotes":""},"class_list":["post-26","page","type-page","status-publish","hentry"],"post_mailing_queue_ids":[],"_links":{"self":[{"href":"https:\/\/agora.xtec.cat\/esclesciencies\/wp-json\/wp\/v2\/pages\/26","targetHints":{"allow":["GET"]}}],"collection":[{"href":"https:\/\/agora.xtec.cat\/esclesciencies\/wp-json\/wp\/v2\/pages"}],"about":[{"href":"https:\/\/agora.xtec.cat\/esclesciencies\/wp-json\/wp\/v2\/types\/page"}],"author":[{"embeddable":true,"href":"https:\/\/agora.xtec.cat\/esclesciencies\/wp-json\/wp\/v2\/users\/1"}],"replies":[{"embeddable":true,"href":"https:\/\/agora.xtec.cat\/esclesciencies\/wp-json\/wp\/v2\/comments?post=26"}],"version-history":[{"count":3,"href":"https:\/\/agora.xtec.cat\/esclesciencies\/wp-json\/wp\/v2\/pages\/26\/revisions"}],"predecessor-version":[{"id":440,"href":"https:\/\/agora.xtec.cat\/esclesciencies\/wp-json\/wp\/v2\/pages\/26\/revisions\/440"}],"up":[{"embeddable":true,"href":"https:\/\/agora.xtec.cat\/esclesciencies\/wp-json\/wp\/v2\/pages\/22"}],"wp:attachment":[{"href":"https:\/\/agora.xtec.cat\/esclesciencies\/wp-json\/wp\/v2\/media?parent=26"}],"curies":[{"name":"wp","href":"https:\/\/api.w.org\/{rel}","templated":true}]}}