{"id":84,"date":"2014-09-18T14:11:31","date_gmt":"2014-09-18T13:11:31","guid":{"rendered":"http:\/\/agora.xtec.cat\/esclesarrels-mollerussa\/?page_id=84"},"modified":"2025-11-06T16:27:39","modified_gmt":"2025-11-06T15:27:39","slug":"activitats-extraescolars","status":"publish","type":"page","link":"https:\/\/agora.xtec.cat\/esclesarrels-mollerussa\/serveis\/activitats-extraescolars\/","title":{"rendered":"Activitats extraescolars"},"content":{"rendered":"<p><strong>EXTRAESCOLARS GESTIONADES PER L&#8217;AFA<\/strong><\/p>\n<p>Algunes activitats extraescolars les gestiona l\u2019AFA. Totes les inscripcions es realitzen a la l&#8217;app<strong>\u00a0de QU\u00c0LIA<\/strong>. \u00a0(Sempre que \u00e9s pugui complir un m\u00ednim de r\u00e0tio infant\/monitoratge).<\/p>\n<p><u><a href=\"https:\/\/lleurequalia.cat\/ca\/c\/extraescolars-les-arrels-71\">https:\/\/lleurequalia.cat\/ca\/c\/extraescolars-les-arrels-71<\/a>.<\/u><\/p>\n<ul>\n<li>Servei d\u2019Acollida Matinal, de 7:45 a 9h.<\/li>\n<li>Extraescolars: Crea Art, Balls moderns, Infomeca.<\/li>\n<\/ul>\n<p>El correu de l\u2019AFA \u00e9s: : <a href=\"mailto:ampaescolalesarrels@gmail.com\">ampaescolalesarrels@gmail.com<\/a><\/p>\n<p><strong>Per poder fer \u00fas del servei d\u2019acollides i extraescolars, <\/strong><strong>cal ser membre de l\u2019AFA.<\/strong><\/p>\n<p>&nbsp;<\/p>\n<p><strong>EXTRAESCOLARS GESTIONADES PER L&#8217;ESCOLA<\/strong><\/p>\n<p>L&#8217;escola ofereix un seguit d&#8217;extraescolars amb l&#8217;objectiu de donar m\u00e9s qualitat educativa a la franja del migdia, tant per alumnat que dina a casa com per l&#8217;usuari del menjador escolar.<\/p>\n<p>Tamb\u00e9 organitza extraescolars esportives per fomentar els valors de l&#8217;esport com a base de la inclusi\u00f3 i una educaci\u00f3 de m\u00e9s qualitat.<\/p>\n<p>S\u00f3n 13 activitats extraescolars que s&#8217;ofereixen a tot l&#8217;alumnat de l&#8217;escola de manera gratu\u00efta.<\/p>\n<p>D&#8217;aquesta manera tenim:<\/p>\n<ul>\n<li>Cant coral: 2 activitats setmanals. Per l&#8217;alumnat de i5, 1r i 2n curs. Impartit per una mestra de m\u00fasica.<\/li>\n<li>Teatre: 2 activitats per l&#8217;alumnat de 2n, 3r i 4t curs de cicle mitj\u00e0.<\/li>\n<li>Periodisme digital: 2 activitats per l&#8217;alumnat de cicle superior.<\/li>\n<li>Rep\u00e0s a cicle inicial: 2 activitats setmanals. Impartit per una mestra.<\/li>\n<li>Rep\u00e0s a cicle mitj\u00e0: 2 activitats setmanals. Impartit per una mestra.<\/li>\n<li>Rep\u00e0s a cicle superior: 2 activitats setmanals. Impartit per una mestra.<\/li>\n<li>Multiesports: 1 activitat el segon i tercer trimestre. Impartit per entrenadors del Consell Esportiu del Pla d&#8217;Urgell.<\/li>\n<li>B\u00e0squet: 2 activitats setmanals impartides per entrenadors\/es del Club B\u00e0squet Mollerussa a les instal\u00b7lacions de l&#8217;escola.<\/li>\n<\/ul>\n<p>Amb aquesta oferta educativa extraescolar es pret\u00e9n millorar els aprenentatges acad\u00e8mics en uns casos i desenvolupar compet\u00e8ncies comunicatives i ling\u00fc\u00edstiques en altres.<\/p>\n<p><em>Aquestes activitats extraescolars s\u00f3n possibles com a fruit del Pla Educatiu d&#8217;Entorn de l&#8217;Ajuntament de Mollerussa i el Departament d&#8217;Educaci\u00f3 aix\u00ed com del programa educatiu europeu PMOE PROA+ d&#8217;ajut als centres educatius.<\/em><\/p>\n<p><strong>MIRADA 360<\/strong><\/p>\n<p>L&#8217;equip docent de l&#8217;escola t\u00e9 una mirada integradora de totes aquelles activitats educatives que es duen a terme al centre.<\/p>\n<p>D&#8217;aquesta manera s&#8217;estableixen coordinacions entre els docents i formadors que assisteixen les activitats extraescolars i l&#8217;equip docent del centre per tal de personalitzar al m\u00e0xim els aprenentatges de tot l&#8217;alumnat.<\/p>\n<p>Entenem que l&#8217;escola \u00e9s el cor de l&#8217;educaci\u00f3 dels vostres fills i filles i vetllem perqu\u00e8 els fruits educatius de la nostra tasca siguin el m\u00e9s favorables possibles en cadascun dels infants de Les Arrels.<\/p>\n<p><a href=\"https:\/\/agora.xtec.cat\/esclesarrels-mollerussa\/wp-content\/uploads\/usu1994\/2024\/03\/Mapa-extraescolars-Les-Arrels-23-24.png\"><img loading=\"lazy\" decoding=\"async\" class=\"alignnone wp-image-10961 size-large\" src=\"https:\/\/agora.xtec.cat\/esclesarrels-mollerussa\/wp-content\/uploads\/usu1994\/2024\/03\/Mapa-extraescolars-Les-Arrels-23-24-1024x576.png\" alt=\"\" width=\"1024\" height=\"576\" srcset=\"https:\/\/agora.xtec.cat\/esclesarrels-mollerussa\/wp-content\/uploads\/usu1994\/2024\/03\/Mapa-extraescolars-Les-Arrels-23-24-1024x576.png 1024w, https:\/\/agora.xtec.cat\/esclesarrels-mollerussa\/wp-content\/uploads\/usu1994\/2024\/03\/Mapa-extraescolars-Les-Arrels-23-24-300x169.png 300w, https:\/\/agora.xtec.cat\/esclesarrels-mollerussa\/wp-content\/uploads\/usu1994\/2024\/03\/Mapa-extraescolars-Les-Arrels-23-24-768x432.png 768w, https:\/\/agora.xtec.cat\/esclesarrels-mollerussa\/wp-content\/uploads\/usu1994\/2024\/03\/Mapa-extraescolars-Les-Arrels-23-24-1536x864.png 1536w, https:\/\/agora.xtec.cat\/esclesarrels-mollerussa\/wp-content\/uploads\/usu1994\/2024\/03\/Mapa-extraescolars-Les-Arrels-23-24.png 1920w\" sizes=\"auto, (max-width: 1024px) 100vw, 1024px\" \/><\/a><\/p>\n","protected":false},"excerpt":{"rendered":"<p>EXTRAESCOLARS GESTIONADES PER L&#8217;AFA<br \/>\nAlgunes activitats extraescolars les gestiona l\u2019AFA. Totes les inscripcions es realitzen a la l&#8217;app\u00a0de QU\u00c0LIA. \u00a0(Sempre que \u00e9s pugui complir un m\u00ednim de r\u00e0tio infant\/monitoratge).<br \/>\n<a href=\"https:\/\/lleurequalia.cat\/ca\/c\/extraescolars-les-arrels-71\">https:\/\/lleurequalia.cat\/ca\/c\/extraescolars-les-arrels-71<\/a>.<\/p>\n<ul>\n<li>Servei d\u2019Acollida Matinal, de 7:45 a 9h.<\/li>\n<li>Extraescolars: Crea Art, Balls moderns, Infomeca.<\/li>\n<\/ul>\n<p>El correu de l\u2019AFA \u00e9s: :&hellip;  <a href=\"https:\/\/agora.xtec.cat\/esclesarrels-mollerussa\/serveis\/activitats-extraescolars\/\" title=\"Read Activitats extraescolars\">Llegeix m\u00e9s\u00bb<\/a><\/p>\n","protected":false},"author":1,"featured_media":0,"parent":66,"menu_order":60,"comment_status":"closed","ping_status":"closed","template":"page-templates\/side-menu.php","meta":{"_bbp_topic_count":0,"_bbp_reply_count":0,"_bbp_total_topic_count":0,"_bbp_total_reply_count":0,"_bbp_voice_count":0,"_bbp_anonymous_reply_count":0,"_bbp_topic_count_hidden":0,"_bbp_reply_count_hidden":0,"_bbp_forum_subforum_count":0,"footnotes":""},"class_list":["post-84","page","type-page","status-publish","hentry"],"post_mailing_queue_ids":[],"_links":{"self":[{"href":"https:\/\/agora.xtec.cat\/esclesarrels-mollerussa\/wp-json\/wp\/v2\/pages\/84","targetHints":{"allow":["GET"]}}],"collection":[{"href":"https:\/\/agora.xtec.cat\/esclesarrels-mollerussa\/wp-json\/wp\/v2\/pages"}],"about":[{"href":"https:\/\/agora.xtec.cat\/esclesarrels-mollerussa\/wp-json\/wp\/v2\/types\/page"}],"author":[{"embeddable":true,"href":"https:\/\/agora.xtec.cat\/esclesarrels-mollerussa\/wp-json\/wp\/v2\/users\/1"}],"replies":[{"embeddable":true,"href":"https:\/\/agora.xtec.cat\/esclesarrels-mollerussa\/wp-json\/wp\/v2\/comments?post=84"}],"version-history":[{"count":6,"href":"https:\/\/agora.xtec.cat\/esclesarrels-mollerussa\/wp-json\/wp\/v2\/pages\/84\/revisions"}],"predecessor-version":[{"id":12037,"href":"https:\/\/agora.xtec.cat\/esclesarrels-mollerussa\/wp-json\/wp\/v2\/pages\/84\/revisions\/12037"}],"up":[{"embeddable":true,"href":"https:\/\/agora.xtec.cat\/esclesarrels-mollerussa\/wp-json\/wp\/v2\/pages\/66"}],"wp:attachment":[{"href":"https:\/\/agora.xtec.cat\/esclesarrels-mollerussa\/wp-json\/wp\/v2\/media?parent=84"}],"curies":[{"name":"wp","href":"https:\/\/api.w.org\/{rel}","templated":true}]}}