{"id":30,"date":"2014-09-18T12:30:23","date_gmt":"2014-09-18T11:30:23","guid":{"rendered":"http:\/\/agora.xtec.cat\/esclesarrels-mollerussa\/?page_id=30"},"modified":"2023-02-20T10:17:23","modified_gmt":"2023-02-20T09:17:23","slug":"instal%c2%b7lacions","status":"publish","type":"page","link":"https:\/\/agora.xtec.cat\/esclesarrels-mollerussa\/instal%c2%b7lacions\/","title":{"rendered":"Instal\u00b7lacions"},"content":{"rendered":"<p>L&#8217;escola compta amb dos edificis ben diferenciats.<\/p>\n<p>La construcci\u00f3 que \u00e9s fa\u00e7ana amb l&#8217;avinguda Tarradellas \u00e9s la que acull totes les aules del centre. Disposem d&#8217;aules ordin\u00e0ries i diferents aules d&#8217;experimentaci\u00f3, de descoberta i d&#8217;aprenentatge com \u00e9s el laboratori, la biblioteca, l&#8217;aula d&#8217;inform\u00e0tica, l&#8217;aula de Tu a tu, les dues aules d&#8217;art, l&#8217;aula polivalent d&#8217;Educaci\u00f3 Infantil, l&#8217;espai de les tauletes de llum i el curs 2018-2019 vam posar en marxa el bosc m\u00e0gic tamb\u00e9 conegut com l&#8217;Arrela&#8217;t al bosc.<\/p>\n<p>L&#8217;edificaci\u00f3 llindant al Carrer de Girona \u00e9s l&#8217;espai que acull el menjador, la cuina i tamb\u00e9 lloc essencial per realitzar les acollides de mat\u00ed i tarda. La Junta de l&#8217;AMPA tamb\u00e9 hi t\u00e9 l&#8217;oficina.<\/p>\n<p>Des de l&#8217;exterior es pot contemplar l&#8217;espai\u00f3s pati que tenim. Educaci\u00f3 Infantil, \u00e9s a dir, I3, I4 i I5 diposa dels seu propi espai de joc mentre que els alumnes de Prim\u00e0ria tenen diferents zones on compartir jocs i practicar diferents esports.<\/p>\n<p>Estem a l&#8217;espera del pavell\u00f3 poliesportiu que se&#8217;ns ha prom\u00e8s que es construir\u00e0 ben aviat. Aix\u00ed ho esperem!<\/p>\n","protected":false},"excerpt":{"rendered":"<p>L&#8217;escola compta amb dos edificis ben diferenciats.<br \/>\nLa construcci\u00f3 que \u00e9s fa\u00e7ana amb l&#8217;avinguda Tarradellas \u00e9s la que acull totes les aules del centre. Disposem d&#8217;aules ordin\u00e0ries i diferents aules d&#8217;experimentaci\u00f3, de descoberta i d&#8217;aprenentatge com \u00e9s el laboratori, la biblioteca, l&#8217;aula d&#8217;inform\u00e0tica, l&#8217;aula de Tu&hellip;  <a href=\"https:\/\/agora.xtec.cat\/esclesarrels-mollerussa\/instal%c2%b7lacions\/\" title=\"Read Instal\u00b7lacions\">Llegeix m\u00e9s\u00bb<\/a><\/p>\n","protected":false},"author":1,"featured_media":0,"parent":0,"menu_order":40,"comment_status":"closed","ping_status":"closed","template":"page-templates\/side-menu.php","meta":{"_bbp_topic_count":0,"_bbp_reply_count":0,"_bbp_total_topic_count":0,"_bbp_total_reply_count":0,"_bbp_voice_count":0,"_bbp_anonymous_reply_count":0,"_bbp_topic_count_hidden":0,"_bbp_reply_count_hidden":0,"_bbp_forum_subforum_count":0,"footnotes":""},"class_list":["post-30","page","type-page","status-publish","hentry"],"post_mailing_queue_ids":[],"_links":{"self":[{"href":"https:\/\/agora.xtec.cat\/esclesarrels-mollerussa\/wp-json\/wp\/v2\/pages\/30","targetHints":{"allow":["GET"]}}],"collection":[{"href":"https:\/\/agora.xtec.cat\/esclesarrels-mollerussa\/wp-json\/wp\/v2\/pages"}],"about":[{"href":"https:\/\/agora.xtec.cat\/esclesarrels-mollerussa\/wp-json\/wp\/v2\/types\/page"}],"author":[{"embeddable":true,"href":"https:\/\/agora.xtec.cat\/esclesarrels-mollerussa\/wp-json\/wp\/v2\/users\/1"}],"replies":[{"embeddable":true,"href":"https:\/\/agora.xtec.cat\/esclesarrels-mollerussa\/wp-json\/wp\/v2\/comments?post=30"}],"version-history":[{"count":3,"href":"https:\/\/agora.xtec.cat\/esclesarrels-mollerussa\/wp-json\/wp\/v2\/pages\/30\/revisions"}],"predecessor-version":[{"id":9608,"href":"https:\/\/agora.xtec.cat\/esclesarrels-mollerussa\/wp-json\/wp\/v2\/pages\/30\/revisions\/9608"}],"wp:attachment":[{"href":"https:\/\/agora.xtec.cat\/esclesarrels-mollerussa\/wp-json\/wp\/v2\/media?parent=30"}],"curies":[{"name":"wp","href":"https:\/\/api.w.org\/{rel}","templated":true}]}}