{"id":6054,"date":"2020-02-07T16:10:03","date_gmt":"2020-02-07T15:10:03","guid":{"rendered":"http:\/\/agora.xtec.cat\/escjoanxxiiilleida\/?page_id=6054"},"modified":"2022-10-26T16:21:58","modified_gmt":"2022-10-26T14:21:58","slug":"tertulies-dialogiques-literaries","status":"publish","type":"page","link":"https:\/\/agora.xtec.cat\/escjoanxxiiilleida\/comunitats-daprenentatge\/tertulies-dialogiques-literaries\/","title":{"rendered":"Tert\u00falies dial\u00f2giques liter\u00e0ries"},"content":{"rendered":"<h4><strong>TERT\u00daLIES DIAL\u00d2GIQUES LITER\u00c0RIES<\/strong><\/h4>\n<p><strong>Actuaci\u00f3 d\u2019\u00e8xit dins el marc de Comunitat d\u2019Aprenentatge<\/strong><\/p>\n<p><strong><span class=\"s11\">QU\u00c8 S\u00d3N LES TERT\u00daLIES LITER\u00c0RIES DIAL\u00d2GIQUES?<br \/>\n<\/span><\/strong><\/p>\n<p class=\"s12\"><span class=\"s11\">Les\u00a0<strong>tert\u00falies liter\u00e0ries dial\u00f2giques<\/strong> consisteixen en el fet que un grup de persones es reuneix peri\u00f2dicament al voltant d\u2019un llibre de la literatura cl\u00e0ssica universal per a reflexionar i dialogar a partir d\u2019ell.\u00a0<\/span><\/p>\n<p>\u00c9s un projecte educatiu considerat un model per acabar amb les desigualtats socials i l&#8217;exclusi\u00f3 social<sup id=\"cite_ref-2\" class=\"reference\"><a href=\"https:\/\/ca.wikipedia.org\/wiki\/Tert%C3%BAlies_Liter%C3%A0ries_Dial%C3%B2giques#cite_note-2\">[2]<\/a><\/sup>\u00a0que promou la\u00a0<a title=\"Lectura\" href=\"https:\/\/ca.wikipedia.org\/wiki\/Lectura\">lectura<\/a>\u00a0i la cultura a partir de les interaccions i la compartici\u00f3 de diferents interpretacions sobre un mateix text literari. Les TLD estan basades en dos principis: el primer consisteix en el fet que els llibres que es llegiran han de ser una obra cl\u00e0ssica de la literatura, ja que els temes que poden sorgir en el debat es poden relacionar amb temes actuals potenciant una reflexi\u00f3 cr\u00edtica<sup id=\"cite_ref-3\" class=\"reference\"><a href=\"https:\/\/ca.wikipedia.org\/wiki\/Tert%C3%BAlies_Liter%C3%A0ries_Dial%C3%B2giques#cite_note-3\">[3]<\/a><\/sup>\u00a0i el segon, que les persones que participen han de ser principiants en la lectura i amb cap titulaci\u00f3 acad\u00e8mica.<sup id=\"cite_ref-:11_4-0\" class=\"reference\"><a href=\"https:\/\/ca.wikipedia.org\/wiki\/Tert%C3%BAlies_Liter%C3%A0ries_Dial%C3%B2giques#cite_note-:11-4\">[4]<\/a><\/sup>\u00a0En aquestes tert\u00falies no es q\u00fcestiona la capacitat d&#8217;aprendre, de llegir o d&#8217;opinar de cap integrant del grup, ja que no es requereix coneixements literaris, \u00e9s a dir, \u00e9s un espai on la gent pot desenvolupar el seu potencial sense distinci\u00f3 d&#8217;edat, g\u00e8nere, cultura o capacitat de cultura cl\u00e0ssica universal.<\/p>\n<p><img loading=\"lazy\" decoding=\"async\" class=\"aligncenter size-full wp-image-11836\" src=\"https:\/\/agora.xtec.cat\/escjoanxxiiilleida\/wp-content\/uploads\/usu359\/2022\/10\/Tertulies-literaries-dialogiques.png\" alt=\"\" width=\"1587\" height=\"2245\" srcset=\"https:\/\/agora.xtec.cat\/escjoanxxiiilleida\/wp-content\/uploads\/usu359\/2022\/10\/Tertulies-literaries-dialogiques.png 1587w, https:\/\/agora.xtec.cat\/escjoanxxiiilleida\/wp-content\/uploads\/usu359\/2022\/10\/Tertulies-literaries-dialogiques-212x300.png 212w, https:\/\/agora.xtec.cat\/escjoanxxiiilleida\/wp-content\/uploads\/usu359\/2022\/10\/Tertulies-literaries-dialogiques-724x1024.png 724w, https:\/\/agora.xtec.cat\/escjoanxxiiilleida\/wp-content\/uploads\/usu359\/2022\/10\/Tertulies-literaries-dialogiques-768x1086.png 768w, https:\/\/agora.xtec.cat\/escjoanxxiiilleida\/wp-content\/uploads\/usu359\/2022\/10\/Tertulies-literaries-dialogiques-1086x1536.png 1086w, https:\/\/agora.xtec.cat\/escjoanxxiiilleida\/wp-content\/uploads\/usu359\/2022\/10\/Tertulies-literaries-dialogiques-1448x2048.png 1448w\" sizes=\"auto, (max-width: 1587px) 100vw, 1587px\" \/><\/p>\n<p>&nbsp;<\/p>\n","protected":false},"excerpt":{"rendered":"<p>TERT\u00daLIES DIAL\u00d2GIQUES LITER\u00c0RIES<br \/>\nActuaci\u00f3 d\u2019\u00e8xit dins el marc de Comunitat d\u2019Aprenentatge<br \/>\nQU\u00c8 S\u00d3N LES TERT\u00daLIES LITER\u00c0RIES DIAL\u00d2GIQUES?<\/p>\n<p>Les\u00a0tert\u00falies liter\u00e0ries dial\u00f2giques consisteixen en el fet que un grup de persones es reuneix peri\u00f2dicament al voltant d\u2019un llibre de la literatura cl\u00e0ssica universal per a reflexionar i dialogar a partir&hellip;  <a href=\"https:\/\/agora.xtec.cat\/escjoanxxiiilleida\/comunitats-daprenentatge\/tertulies-dialogiques-literaries\/\" title=\"Read Tert\u00falies dial\u00f2giques liter\u00e0ries\">Llegeix m\u00e9s\u00bb<\/a><\/p>\n","protected":false},"author":17,"featured_media":0,"parent":280,"menu_order":0,"comment_status":"closed","ping_status":"closed","template":"","meta":{"_bbp_topic_count":0,"_bbp_reply_count":0,"_bbp_total_topic_count":0,"_bbp_total_reply_count":0,"_bbp_voice_count":0,"_bbp_anonymous_reply_count":0,"_bbp_topic_count_hidden":0,"_bbp_reply_count_hidden":0,"_bbp_forum_subforum_count":0,"footnotes":""},"class_list":["post-6054","page","type-page","status-publish","hentry"],"post_mailing_queue_ids":[],"_links":{"self":[{"href":"https:\/\/agora.xtec.cat\/escjoanxxiiilleida\/wp-json\/wp\/v2\/pages\/6054","targetHints":{"allow":["GET"]}}],"collection":[{"href":"https:\/\/agora.xtec.cat\/escjoanxxiiilleida\/wp-json\/wp\/v2\/pages"}],"about":[{"href":"https:\/\/agora.xtec.cat\/escjoanxxiiilleida\/wp-json\/wp\/v2\/types\/page"}],"author":[{"embeddable":true,"href":"https:\/\/agora.xtec.cat\/escjoanxxiiilleida\/wp-json\/wp\/v2\/users\/17"}],"replies":[{"embeddable":true,"href":"https:\/\/agora.xtec.cat\/escjoanxxiiilleida\/wp-json\/wp\/v2\/comments?post=6054"}],"version-history":[{"count":3,"href":"https:\/\/agora.xtec.cat\/escjoanxxiiilleida\/wp-json\/wp\/v2\/pages\/6054\/revisions"}],"predecessor-version":[{"id":11837,"href":"https:\/\/agora.xtec.cat\/escjoanxxiiilleida\/wp-json\/wp\/v2\/pages\/6054\/revisions\/11837"}],"up":[{"embeddable":true,"href":"https:\/\/agora.xtec.cat\/escjoanxxiiilleida\/wp-json\/wp\/v2\/pages\/280"}],"wp:attachment":[{"href":"https:\/\/agora.xtec.cat\/escjoanxxiiilleida\/wp-json\/wp\/v2\/media?parent=6054"}],"curies":[{"name":"wp","href":"https:\/\/api.w.org\/{rel}","templated":true}]}}

Tertúlies dialògiques literàries

<h4><strong>TERTÚLIES DIALÒGIQUES LITERÀRIES</strong></h4>
<p><strong>Actuació d’èxit dins el marc de Comunitat d’Aprenentatge</strong></p>
<p><strong><span class="s11">QUÈ SÓN LES TERTÚLIES LITERÀRIES DIALÒGIQUES?<br />
</span></strong></p>
<p class="s12"><span class="s11">Les <strong>tertúlies literàries dialògiques</strong> consisteixen en el fet que un grup de persones es reuneix periòdicament al voltant d’un llibre de la literatura clàssica universal per a reflexionar i dialogar a partir d’ell. </span></p>
<p>És un projecte educatiu considerat un model per acabar amb les desigualtats socials i l&#8217;exclusió social<sup id="cite_ref-2" class="reference"><a href="https://ca.wikipedia.org/wiki/Tert%C3%BAlies_Liter%C3%A0ries_Dial%C3%B2giques#cite_note-2">[2]</a></sup> que promou la <a title="Lectura" href="https://ca.wikipedia.org/wiki/Lectura">lectura</a> i la cultura a partir de les interaccions i la compartició de diferents interpretacions sobre un mateix text literari. Les TLD estan basades en dos principis: el primer consisteix en el fet que els llibres que es llegiran han de ser una obra clàssica de la literatura, ja que els temes que poden sorgir en el debat es poden relacionar amb temes actuals potenciant una reflexió crítica<sup id="cite_ref-3" class="reference"><a href="https://ca.wikipedia.org/wiki/Tert%C3%BAlies_Liter%C3%A0ries_Dial%C3%B2giques#cite_note-3">[3]</a></sup> i el segon, que les persones que participen han de ser principiants en la lectura i amb cap titulació acadèmica.<sup id="cite_ref-:11_4-0" class="reference"><a href="https://ca.wikipedia.org/wiki/Tert%C3%BAlies_Liter%C3%A0ries_Dial%C3%B2giques#cite_note-:11-4">[4]</a></sup> En aquestes tertúlies no es qüestiona la capacitat d&#8217;aprendre, de llegir o d&#8217;opinar de cap integrant del grup, ja que no es requereix coneixements literaris, és a dir, és un espai on la gent pot desenvolupar el seu potencial sense distinció d&#8217;edat, gènere, cultura o capacitat de cultura clàssica universal.</p>
<p><img loading="lazy" decoding="async" class="aligncenter size-full wp-image-11836" src="https://agora.xtec.cat/escjoanxxiiilleida/wp-content/uploads/usu359/2022/10/Tertulies-literaries-dialogiques.png" alt="" width="1587" height="2245" srcset="https://agora.xtec.cat/escjoanxxiiilleida/wp-content/uploads/usu359/2022/10/Tertulies-literaries-dialogiques.png 1587w, https://agora.xtec.cat/escjoanxxiiilleida/wp-content/uploads/usu359/2022/10/Tertulies-literaries-dialogiques-212x300.png 212w, https://agora.xtec.cat/escjoanxxiiilleida/wp-content/uploads/usu359/2022/10/Tertulies-literaries-dialogiques-724x1024.png 724w, https://agora.xtec.cat/escjoanxxiiilleida/wp-content/uploads/usu359/2022/10/Tertulies-literaries-dialogiques-768x1086.png 768w, https://agora.xtec.cat/escjoanxxiiilleida/wp-content/uploads/usu359/2022/10/Tertulies-literaries-dialogiques-1086x1536.png 1086w, https://agora.xtec.cat/escjoanxxiiilleida/wp-content/uploads/usu359/2022/10/Tertulies-literaries-dialogiques-1448x2048.png 1448w" sizes="auto, (max-width: 1587px) 100vw, 1587px" /></p>
<p>&nbsp;</p>

<p>TERTÚLIES DIALÒGIQUES LITERÀRIES<br />
Actuació d’èxit dins el marc de Comunitat d’Aprenentatge<br />
QUÈ SÓN LES TERTÚLIES LITERÀRIES DIALÒGIQUES?</p>
<p>Les tertúlies literàries dialògiques consisteixen en el fet que un grup de persones es reuneix periòdicament al voltant d’un llibre de la literatura clàssica universal per a reflexionar i dialogar a partir&hellip;  <a href="https://agora.xtec.cat/escjoanxxiiilleida/comunitats-daprenentatge/tertulies-dialogiques-literaries/" title="Read Tertúlies dialògiques literàries">Llegeix més»</a></p>
